{"id":9,"date":"2013-03-20T03:23:21","date_gmt":"2013-03-20T03:23:21","guid":{"rendered":"http:\/\/ultimato.com.br\/sites\/vida-crista-fora-caixa\/?page_id=9"},"modified":"2013-03-20T10:53:53","modified_gmt":"2013-03-20T13:53:53","slug":"por-que-fora-da-caixa","status":"publish","type":"page","link":"https:\/\/ultimato.com.br\/sites\/vida-crista-fora-caixa\/por-que-fora-da-caixa\/","title":{"rendered":"Por que \u201cfora da caixa\u201d?"},"content":{"rendered":"<blockquote><p><span style=\"color: #000000;\">Lembro-me de quando me mudei pela primeira vez. Usei caixas de todos os tipos e tamanhos, pois queria proteger minhas coisas, das quais tanto gosto.<\/span><\/p>\n<p><span style=\"color: #000000;\">Essas caixas t\u00eam uma boa semelhan\u00e7a com o cristianismo \u2013 uma caixa bonita na qual, a todo momento, pessoas, costumes, tradi\u00e7\u00f5es e regras for\u00e7am minha vida crist\u00e3 a entrar. Algumas vezes encontramos um modelo mais confort\u00e1vel que outro e, outras vezes, entramos em uma caixa mais bonita e bem acabada.<\/span><\/p>\n<p><span style=\"color: #000000;\">Assim como n\u00e3o faria sentido meus livros, meu aparelho de som e todas as minhas coisas ficarem dentro das caixas, descobri tamb\u00e9m que a vida crist\u00e3 fora da caixa \u00e9 mais completa, porque o sal s\u00f3 salga fora do saleiro.<\/span><\/p>\n<p><span style=\"color: #000000;\">Estar fora da caixa \u00e9 arriscado. Enfrentamos mais dificuldade do que se protegidos dentro dela. Mesmo assim, vale a pena buscar uma vida crist\u00e3 completa, mais significativa.<\/span><\/p><\/blockquote>\n<p>&#8211; Apresenta\u00e7\u00e3o<\/p>\n","protected":false},"excerpt":{"rendered":"<p>Lembro-me de quando me mudei pela primeira vez. Usei caixas de todos os tipos e tamanhos, pois queria proteger minhas coisas, das quais tanto gosto. Essas caixas t\u00eam uma boa semelhan\u00e7a com o cristianismo \u2013 uma caixa bonita na qual, a todo momento, pessoas, costumes, tradi\u00e7\u00f5es e regras for\u00e7am minha vida crist\u00e3 a entrar. Algumas [&hellip;]<\/p>\n","protected":false},"author":24,"featured_media":0,"parent":0,"menu_order":3,"comment_status":"open","ping_status":"open","template":"","meta":{"footnotes":""},"class_list":["post-9","page","type-page","status-publish","hentry"],"_links":{"self":[{"href":"https:\/\/ultimato.com.br\/sites\/vida-crista-fora-caixa\/wp-json\/wp\/v2\/pages\/9","targetHints":{"allow":["GET"]}}],"collection":[{"href":"https:\/\/ultimato.com.br\/sites\/vida-crista-fora-caixa\/wp-json\/wp\/v2\/pages"}],"about":[{"href":"https:\/\/ultimato.com.br\/sites\/vida-crista-fora-caixa\/wp-json\/wp\/v2\/types\/page"}],"author":[{"embeddable":true,"href":"https:\/\/ultimato.com.br\/sites\/vida-crista-fora-caixa\/wp-json\/wp\/v2\/users\/24"}],"replies":[{"embeddable":true,"href":"https:\/\/ultimato.com.br\/sites\/vida-crista-fora-caixa\/wp-json\/wp\/v2\/comments?post=9"}],"version-history":[{"count":5,"href":"https:\/\/ultimato.com.br\/sites\/vida-crista-fora-caixa\/wp-json\/wp\/v2\/pages\/9\/revisions"}],"predecessor-version":[{"id":58,"href":"https:\/\/ultimato.com.br\/sites\/vida-crista-fora-caixa\/wp-json\/wp\/v2\/pages\/9\/revisions\/58"}],"wp:attachment":[{"href":"https:\/\/ultimato.com.br\/sites\/vida-crista-fora-caixa\/wp-json\/wp\/v2\/media?parent=9"}],"curies":[{"name":"wp","href":"https:\/\/api.w.org\/{rel}","templated":true}]}}