{"id":5,"date":"2015-09-21T04:32:11","date_gmt":"2015-09-21T04:32:11","guid":{"rendered":"http:\/\/ultimato.com.br\/sites\/um-ano-com-jesus\/?page_id=5"},"modified":"2015-10-07T18:18:38","modified_gmt":"2015-10-07T18:18:38","slug":"o-livro","status":"publish","type":"page","link":"https:\/\/ultimato.com.br\/sites\/um-ano-com-jesus\/","title":{"rendered":"O Livro"},"content":{"rendered":"<blockquote><p>As habilidades de Peterson na escrita, na reflex\u00e3o devocional e como pastor d\u00e3o ao leitor um ano na companhia divina. Nenhuma voz \u00e9 mais s\u00e1bia nem t\u00e3o profundamente convincente. Acompanhe-o, sabendo que a maior habilidade de Peterson \u00e9, primeiro, seguir a Cristo.<\/p><\/blockquote>\n<p>\u2013 <em>Walter Wangerin Jr.<\/em><\/p>\n<blockquote><p>Eugene Peterson d\u00e1 uma voz nova e aut\u00eantica \u00e0s Escrituras.<\/p><\/blockquote>\n<p>\u2013<em> Richard Foster<\/em><\/p>\n<p>Em<strong> Um Ano com Jesus<\/strong>, do conhecido pastor e escritor Eugene Peterson, autor da B\u00edblia A MENSAGEM, somos guiados a cada dia pelas hist\u00f3rias e palavras de Jesus nos evangelhos, em uma sequ\u00eancia de leitura, reflex\u00e3o e ora\u00e7\u00e3o ao longo dos 365 dias do ano.<br \/>\nAs leituras e medita\u00e7\u00f5es di\u00e1rias aqui reunidas s\u00e3o como ora\u00e7\u00f5es, um di\u00e1logo, uma verdadeira conversa com Jesus. E, para Eugene Peterson, a ora\u00e7\u00e3o nunca \u00e9 \u201capenas\u201d ora\u00e7\u00e3o, mas envolve todas as dimens\u00f5es da vida \u2013 comer, beber, amar, trabalhar, andar, ler, cantar.<\/p>\n<p>Escute algumas devocionais:<\/p>\n<p><iframe loading=\"lazy\" width=\"100%\" height=\"450\" scrolling=\"no\" frameborder=\"no\" src=\"https:\/\/w.soundcloud.com\/player\/?url=https%3A\/\/api.soundcloud.com\/playlists\/152186542&amp;auto_play=false&amp;hide_related=false&amp;show_comments=true&amp;show_user=true&amp;show_reposts=false&amp;visual=true\"><\/iframe><\/p>\n","protected":false},"excerpt":{"rendered":"<p>As habilidades de Peterson na escrita, na reflex\u00e3o devocional e como pastor d\u00e3o ao leitor um ano na companhia divina. Nenhuma voz \u00e9 mais s\u00e1bia nem t\u00e3o profundamente convincente. Acompanhe-o, sabendo que a maior habilidade de Peterson \u00e9, primeiro, seguir a Cristo. \u2013 Walter Wangerin Jr. Eugene Peterson d\u00e1 uma voz nova e aut\u00eantica \u00e0s [&hellip;]<\/p>\n","protected":false},"author":24,"featured_media":0,"parent":0,"menu_order":0,"comment_status":"closed","ping_status":"closed","template":"","meta":{"footnotes":""},"class_list":["post-5","page","type-page","status-publish","hentry"],"_links":{"self":[{"href":"https:\/\/ultimato.com.br\/sites\/um-ano-com-jesus\/wp-json\/wp\/v2\/pages\/5","targetHints":{"allow":["GET"]}}],"collection":[{"href":"https:\/\/ultimato.com.br\/sites\/um-ano-com-jesus\/wp-json\/wp\/v2\/pages"}],"about":[{"href":"https:\/\/ultimato.com.br\/sites\/um-ano-com-jesus\/wp-json\/wp\/v2\/types\/page"}],"author":[{"embeddable":true,"href":"https:\/\/ultimato.com.br\/sites\/um-ano-com-jesus\/wp-json\/wp\/v2\/users\/24"}],"replies":[{"embeddable":true,"href":"https:\/\/ultimato.com.br\/sites\/um-ano-com-jesus\/wp-json\/wp\/v2\/comments?post=5"}],"version-history":[{"count":3,"href":"https:\/\/ultimato.com.br\/sites\/um-ano-com-jesus\/wp-json\/wp\/v2\/pages\/5\/revisions"}],"predecessor-version":[{"id":45,"href":"https:\/\/ultimato.com.br\/sites\/um-ano-com-jesus\/wp-json\/wp\/v2\/pages\/5\/revisions\/45"}],"wp:attachment":[{"href":"https:\/\/ultimato.com.br\/sites\/um-ano-com-jesus\/wp-json\/wp\/v2\/media?parent=5"}],"curies":[{"name":"wp","href":"https:\/\/api.w.org\/{rel}","templated":true}]}}