{"id":836,"date":"2007-10-27T21:50:11","date_gmt":"2007-10-27T23:50:11","guid":{"rendered":"http:\/\/escriturasagrada.com\/?page_id=57"},"modified":"2013-08-09T00:17:50","modified_gmt":"2013-08-09T02:17:50","slug":"curiosidades","status":"publish","type":"page","link":"https:\/\/ultimato.com.br\/sites\/timcarriker\/baudotimoteo\/curiosidades\/","title":{"rendered":"Curiosidades"},"content":{"rendered":"<p><strong>Clique no t\u00edtulo para ler o artigo&#8230;<\/strong><\/p>\n<ul>\n<li><a href=\"http:\/\/escriturasagrada.com\/?p=58\" target=\"_blank\">2 receitas de ora\u00e7\u00e3o&#8230;<\/a><\/li>\n<li><a href=\"http:\/\/escriturasagrada.com\/?p=59\" target=\"_blank\">7 &#8220;eu sou&#8221;s de Jesus&#8230;<\/a><\/li>\n<li><a href=\"http:\/\/escriturasagrada.com\/?p=60\" target=\"_blank\">7 profetas fizeram\u2026<\/a><\/li>\n<li><a href=\"http:\/\/escriturasagrada.com\/?p=61\" target=\"_blank\">7 coisas que Deus odeia&#8230;<\/a><\/li>\n<li><a href=\"http:\/\/escriturasagrada.com\/?p=62\" target=\"_blank\">8 &#8220;novidades&#8221; do Novo Testamento&#8230;<\/a><\/li>\n<li><a href=\"http:\/\/wp.me\/a1GtQx-15\" target=\"_blank\">10 nomes de Deus<\/a> e <a href=\"http:\/\/wp.me\/a1GtQx-1a\" target=\"_blank\">18 de Jesus<\/a>&#8230;<\/li>\n<li><a href=\"http:\/\/escriturasagrada.com\/\/?p=64\" rel=\"bookmark\">10 joias do Livro dos Prov\u00e9rbios&#8230;<\/a><\/li>\n<li><a href=\"http:\/\/escriturasagrada.com\/\/?p=64\" rel=\"bookmark\">10 ditados de Jesus&#8230;<\/a><\/li>\n<li><a href=\"http:\/\/escriturasagrada.com\/\/?p=81\" rel=\"bookmark\">10 casos de ressurrei\u00e7\u00e3o na B\u00edblia&#8230;<\/a><\/li>\n<li><a href=\"http:\/\/escriturasagrada.com\/\/?p=80\" rel=\"bookmark\">10 vis\u00f5es de Deus por 82 pessoas&#8230;<\/a><\/li>\n<li><a href=\"http:\/\/escriturasagrada.com\/\/?p=79\" rel=\"bookmark\">16 modelos de ora\u00e7\u00e3o&#8230;<\/a><\/li>\n<li><a href=\"http:\/\/escriturasagrada.com\/\/?p=78\" rel=\"bookmark\">16 ora\u00e7\u00f5es com os Salmos&#8230;<\/a><\/li>\n<li><a href=\"http:\/\/escriturasagrada.com\/\/?p=77\" rel=\"bookmark\">18 profecias no Evangelho de Mateus&#8230;<\/a><\/li>\n<li><a href=\"http:\/\/ultimato.com.br\/sites\/timcarriker\/2013\/08\/04\/22-razoes-para-ler-a-biblia-2\/\" target=\"_blank\">22 raz\u00f5es para ler a B\u00edblia&#8230;<\/a><\/li>\n<li><a href=\"http:\/\/escriturasagrada.com\/?p=63\" target=\"_blank\">24 salmos &#8220;messi\u00e2nicas&#8221;&#8230;<\/a><\/li>\n<li><a href=\"http:\/\/escriturasagrada.com\/\/?p=75\" rel=\"bookmark\">35 (todos) milagres do Novo Testamento&#8230;<\/a><\/li>\n<li><a href=\"http:\/\/escriturasagrada.com\/\/?p=74\" rel=\"bookmark\">40 (todas) as par\u00e1bolas do Novo Testamento&#8230;<\/a><\/li>\n<\/ul>\n","protected":false},"excerpt":{"rendered":"<p>Clique no t\u00edtulo para ler o artigo&#8230; 2 receitas de ora\u00e7\u00e3o&#8230; 7 &#8220;eu sou&#8221;s de Jesus&#8230; 7 profetas fizeram\u2026 7 coisas que Deus odeia&#8230; 8 &#8220;novidades&#8221; do Novo Testamento&#8230; 10 nomes de Deus e 18 de Jesus&#8230; 10 joias do Livro dos Prov\u00e9rbios&#8230; 10 ditados de Jesus&#8230; 10 casos de ressurrei\u00e7\u00e3o na B\u00edblia&#8230; 10 vis\u00f5es [&hellip;]<\/p>\n","protected":false},"author":25,"featured_media":0,"parent":951,"menu_order":3,"comment_status":"open","ping_status":"closed","template":"","meta":{"ngg_post_thumbnail":0,"footnotes":""},"class_list":["post-836","page","type-page","status-publish","hentry"],"_links":{"self":[{"href":"https:\/\/ultimato.com.br\/sites\/timcarriker\/wp-json\/wp\/v2\/pages\/836","targetHints":{"allow":["GET"]}}],"collection":[{"href":"https:\/\/ultimato.com.br\/sites\/timcarriker\/wp-json\/wp\/v2\/pages"}],"about":[{"href":"https:\/\/ultimato.com.br\/sites\/timcarriker\/wp-json\/wp\/v2\/types\/page"}],"author":[{"embeddable":true,"href":"https:\/\/ultimato.com.br\/sites\/timcarriker\/wp-json\/wp\/v2\/users\/25"}],"replies":[{"embeddable":true,"href":"https:\/\/ultimato.com.br\/sites\/timcarriker\/wp-json\/wp\/v2\/comments?post=836"}],"version-history":[{"count":8,"href":"https:\/\/ultimato.com.br\/sites\/timcarriker\/wp-json\/wp\/v2\/pages\/836\/revisions"}],"predecessor-version":[{"id":1633,"href":"https:\/\/ultimato.com.br\/sites\/timcarriker\/wp-json\/wp\/v2\/pages\/836\/revisions\/1633"}],"up":[{"embeddable":true,"href":"https:\/\/ultimato.com.br\/sites\/timcarriker\/wp-json\/wp\/v2\/pages\/951"}],"wp:attachment":[{"href":"https:\/\/ultimato.com.br\/sites\/timcarriker\/wp-json\/wp\/v2\/media?parent=836"}],"curies":[{"name":"wp","href":"https:\/\/api.w.org\/{rel}","templated":true}]}}