{"id":6,"date":"2013-08-07T18:32:46","date_gmt":"2013-08-07T21:32:46","guid":{"rendered":"http:\/\/ultimato.com.br\/sites\/testedafebrasil\/?page_id=6"},"modified":"2013-08-18T23:53:54","modified_gmt":"2013-08-19T02:53:54","slug":"quem-somos","status":"publish","type":"page","link":"https:\/\/ultimato.com.br\/sites\/testedafebrasil\/quem-somos\/","title":{"rendered":"Quem somos"},"content":{"rendered":"<p>O projeto Teste da F\u00e9 Brasil \u00e9 uma iniciativa da Associa\u00e7\u00e3o Kuyper Brasil, sediado em Belo Horizonte, juntamente com o Test of FAITH UK, um projeto internacional lan\u00e7ado a partir do <i>Faraday Institute for Science and Religion<\/i>, sediado no St Edmund\u2019s College, Cambridge University.<\/p>\n<p>Os membros do projeto s\u00e3o volunt\u00e1rios organizados em grupos locais e redes de conversa\u00e7\u00e3o espalhadas pelo Brasil.<\/p>\n<p>&nbsp;<\/p>\n","protected":false},"excerpt":{"rendered":"<p>O projeto Teste da F\u00e9 Brasil \u00e9 uma iniciativa da Associa\u00e7\u00e3o Kuyper Brasil, sediado em Belo Horizonte, juntamente com o Test of FAITH UK, um projeto internacional lan\u00e7ado a partir do Faraday Institute for Science and Religion, sediado no St Edmund\u2019s College, Cambridge University. Os membros do projeto s\u00e3o volunt\u00e1rios organizados em grupos locais e [&hellip;]<\/p>\n","protected":false},"author":24,"featured_media":0,"parent":0,"menu_order":1,"comment_status":"open","ping_status":"open","template":"","meta":{"footnotes":""},"class_list":["post-6","page","type-page","status-publish","hentry","count-0","even alt","author-andrebt","last"],"_links":{"self":[{"href":"https:\/\/ultimato.com.br\/sites\/testedafebrasil\/wp-json\/wp\/v2\/pages\/6","targetHints":{"allow":["GET"]}}],"collection":[{"href":"https:\/\/ultimato.com.br\/sites\/testedafebrasil\/wp-json\/wp\/v2\/pages"}],"about":[{"href":"https:\/\/ultimato.com.br\/sites\/testedafebrasil\/wp-json\/wp\/v2\/types\/page"}],"author":[{"embeddable":true,"href":"https:\/\/ultimato.com.br\/sites\/testedafebrasil\/wp-json\/wp\/v2\/users\/24"}],"replies":[{"embeddable":true,"href":"https:\/\/ultimato.com.br\/sites\/testedafebrasil\/wp-json\/wp\/v2\/comments?post=6"}],"version-history":[{"count":3,"href":"https:\/\/ultimato.com.br\/sites\/testedafebrasil\/wp-json\/wp\/v2\/pages\/6\/revisions"}],"predecessor-version":[{"id":147,"href":"https:\/\/ultimato.com.br\/sites\/testedafebrasil\/wp-json\/wp\/v2\/pages\/6\/revisions\/147"}],"wp:attachment":[{"href":"https:\/\/ultimato.com.br\/sites\/testedafebrasil\/wp-json\/wp\/v2\/media?parent=6"}],"curies":[{"name":"wp","href":"https:\/\/api.w.org\/{rel}","templated":true}]}}