{"id":149,"date":"2013-08-19T00:13:51","date_gmt":"2013-08-19T03:13:51","guid":{"rendered":"http:\/\/ultimato.com.br\/sites\/testedafebrasil\/?page_id=149"},"modified":"2014-03-21T12:03:56","modified_gmt":"2014-03-21T15:03:56","slug":"a-rede","status":"publish","type":"page","link":"https:\/\/ultimato.com.br\/sites\/testedafebrasil\/quem-somos\/a-rede\/","title":{"rendered":"A Rede"},"content":{"rendered":"<p>A nossa rede \u00e9 formada por crist\u00e3os envolvidos com Ci\u00eancia ou com o servi\u00e7o Crist\u00e3o que se preocupam com a comunica\u00e7\u00e3o entre a f\u00e9 e a Ci\u00eancia, e que empregam os recursos do Projeto Teste da F\u00e9 Brasil na promo\u00e7\u00e3o do di\u00e1logo e na educa\u00e7\u00e3o sobre as rela\u00e7\u00f5es apropriadas entre a religi\u00e3o e a ci\u00eancia. A rede \u00e9 aberta aos que quiserem participar!<\/p>\n<p>&nbsp;<\/p>\n<p>TESTE DA F\u00c9 BRASIL: testedafe.brasil@gmail.com<\/p>\n<p><a href=\"http:\/\/biologos.org\/blog\/author\/bancewicz-ruth\" target=\"_blank\">Ruth Bancewicz<\/a> (founder, Test of FAITH, Faraday Institute, Cambridge).<\/p>\n<p>Alexandre Soares (F\u00edsica; Doutorando UFMG, Belo Horizonte, MG) aaqsoares@hotmail.com<\/p>\n<p>Davi Chang Ribeiro Lin (Psicologia e Teologia; pastor e membro CPPC, Belo Horizonte, MG) davichangbh@yahoo.com.br<\/p>\n<p>Elildo Junior (Biologia; pesq. CENAP-ICMBIO, Atibaia, SP) elildojr@gmail.com<\/p>\n<p>Glenon Dutra (F\u00edsica; prof. UFRB, Amargosa, BA) glenon.bh@gmail.com<\/p>\n<p><a href=\"http:\/\/ultimato.com.br\/sites\/guilhermedecarvalho\/\" target=\"_blank\">Guilherme de Carvalho<\/a> (Teologia e Ci\u00eancias da Religi\u00e3o; L&#8217;Abri Fellowship Brasil, Bhte, MG) guilherme.religion@gmail.com<\/p>\n<p>Ilce Ferreira (Epidemiologia; pesq. FIOCRUZ, Rio de Janeiro, RJ) ilce23@hotmail.com<\/p>\n<p>Jonathas Camacho (Biblioteconomia; Bras\u00edlia, DF) jonathascamacho@gmail.com<\/p>\n<p>Jos\u00e9 Roberto Jr (F\u00edsica; Doutorando UFMG, Belo Horizonte, MG) fisicmat@gmail.com<\/p>\n<p>L\u00edvio Bruno (Eng El\u00e9trica; prof. CEFET, Belo Horizonte, MB) liviolivon@gmail.com<\/p>\n<p>Luiz Say\u00e3o (Teologia e Lingu\u00edstica; prof. STBS e FATEOBAT, S\u00e3o Paulo, SP) sayaoluiz@gmail.com<\/p>\n<p>Maelyson Rolim (F\u00edsica; Mestrando, UFPE, Recife, PE) maelyson@gmail.com<\/p>\n<p>Marcelo Cabral (Filosofia; grad. UNICAMP, Campinas, SP) marcelobc87@gmail.com<\/p>\n<p>Raphael Uch\u00f4a (PUC-SP) rbsuchoa@gmail.com<\/p>\n<p>Raquel Arouca (Biologia; A ROCHA BRASIL, Campinas, SP) raquelarouca@gmail.com<\/p>\n<p>Roberto Covolan (F\u00edsica e Neuroci\u00eancias; prof. e pesq. UNICAMP, Campinas, SP)<\/p>\n<p>&nbsp;<\/p>\n<p>&nbsp;<\/p>\n<p>&nbsp;<\/p>\n","protected":false},"excerpt":{"rendered":"<p>A nossa rede \u00e9 formada por crist\u00e3os envolvidos com Ci\u00eancia ou com o servi\u00e7o Crist\u00e3o que se preocupam com a comunica\u00e7\u00e3o entre a f\u00e9 e a Ci\u00eancia, e que empregam os recursos do Projeto Teste da F\u00e9 Brasil na promo\u00e7\u00e3o do di\u00e1logo e na educa\u00e7\u00e3o sobre as rela\u00e7\u00f5es apropriadas entre a religi\u00e3o e a ci\u00eancia. [&hellip;]<\/p>\n","protected":false},"author":23,"featured_media":0,"parent":6,"menu_order":0,"comment_status":"open","ping_status":"open","template":"","meta":{"footnotes":""},"class_list":["post-149","page","type-page","status-publish","hentry","count-0","even alt","author-guilhermevrc","last"],"_links":{"self":[{"href":"https:\/\/ultimato.com.br\/sites\/testedafebrasil\/wp-json\/wp\/v2\/pages\/149","targetHints":{"allow":["GET"]}}],"collection":[{"href":"https:\/\/ultimato.com.br\/sites\/testedafebrasil\/wp-json\/wp\/v2\/pages"}],"about":[{"href":"https:\/\/ultimato.com.br\/sites\/testedafebrasil\/wp-json\/wp\/v2\/types\/page"}],"author":[{"embeddable":true,"href":"https:\/\/ultimato.com.br\/sites\/testedafebrasil\/wp-json\/wp\/v2\/users\/23"}],"replies":[{"embeddable":true,"href":"https:\/\/ultimato.com.br\/sites\/testedafebrasil\/wp-json\/wp\/v2\/comments?post=149"}],"version-history":[{"count":18,"href":"https:\/\/ultimato.com.br\/sites\/testedafebrasil\/wp-json\/wp\/v2\/pages\/149\/revisions"}],"predecessor-version":[{"id":478,"href":"https:\/\/ultimato.com.br\/sites\/testedafebrasil\/wp-json\/wp\/v2\/pages\/149\/revisions\/478"}],"up":[{"embeddable":true,"href":"https:\/\/ultimato.com.br\/sites\/testedafebrasil\/wp-json\/wp\/v2\/pages\/6"}],"wp:attachment":[{"href":"https:\/\/ultimato.com.br\/sites\/testedafebrasil\/wp-json\/wp\/v2\/media?parent=149"}],"curies":[{"name":"wp","href":"https:\/\/api.w.org\/{rel}","templated":true}]}}