{"id":7,"date":"2012-10-22T08:03:53","date_gmt":"2012-10-22T11:03:53","guid":{"rendered":"http:\/\/ultimato.com.br\/sites\/teologia-pura-simples\/?page_id=7"},"modified":"2012-10-23T09:28:43","modified_gmt":"2012-10-23T12:28:43","slug":"o-autor","status":"publish","type":"page","link":"https:\/\/ultimato.com.br\/sites\/teologia-pura-simples\/o-autor\/","title":{"rendered":"O Autor"},"content":{"rendered":"<p><a href=\"http:\/\/ultimato.com.br\/sites\/teologia-pura-simples\/files\/2012\/10\/foto_hs_tps.jpg\"><img loading=\"lazy\" decoding=\"async\" class=\"alignright  wp-image-42\" title=\"foto_hs_tps\" src=\"http:\/\/ultimato.com.br\/sites\/teologia-pura-simples\/files\/2012\/10\/foto_hs_tps-276x300.jpg\" alt=\"\" width=\"186\" height=\"202\" srcset=\"https:\/\/ultimato.com.br\/sites\/teologia-pura-simples\/files\/2012\/10\/foto_hs_tps-276x300.jpg 276w, https:\/\/ultimato.com.br\/sites\/teologia-pura-simples\/files\/2012\/10\/foto_hs_tps.jpg 442w\" sizes=\"auto, (max-width: 186px) 100vw, 186px\" \/><\/a><\/p>\n<p><strong>Alister McGrath <\/strong>\u00e9 professor de teologia na Universidade de Oxford e doutor em biof\u00edsica molecular e teologia tamb\u00e9m por Oxford. \u00c9 autor de <em>O Del\u00edrio de Dawkins<\/em> e <a href=\"http:\/\/www.ultimato.com.br\/loja\/produtos\/como-lidar-com-a-duvida\" target=\"_blank\"><em>Como Lidar com a D\u00favida<\/em><\/a>, al\u00e9m de diversas obras na \u00e1rea de teologia. \u00c9 presidente do Centro Oxford para Apolog\u00e9tica Crist\u00e3.<\/p>\n<p>&nbsp;<\/p>\n","protected":false},"excerpt":{"rendered":"<p>Alister McGrath \u00e9 professor de teologia na Universidade de Oxford e doutor em biof\u00edsica molecular e teologia tamb\u00e9m por Oxford. \u00c9 autor de O Del\u00edrio de Dawkins e Como Lidar com a D\u00favida, al\u00e9m de diversas obras na \u00e1rea de teologia. \u00c9 presidente do Centro Oxford para Apolog\u00e9tica Crist\u00e3. &nbsp;<\/p>\n","protected":false},"author":24,"featured_media":0,"parent":0,"menu_order":2,"comment_status":"open","ping_status":"open","template":"","meta":{"footnotes":""},"class_list":["post-7","page","type-page","status-publish","hentry"],"_links":{"self":[{"href":"https:\/\/ultimato.com.br\/sites\/teologia-pura-simples\/wp-json\/wp\/v2\/pages\/7","targetHints":{"allow":["GET"]}}],"collection":[{"href":"https:\/\/ultimato.com.br\/sites\/teologia-pura-simples\/wp-json\/wp\/v2\/pages"}],"about":[{"href":"https:\/\/ultimato.com.br\/sites\/teologia-pura-simples\/wp-json\/wp\/v2\/types\/page"}],"author":[{"embeddable":true,"href":"https:\/\/ultimato.com.br\/sites\/teologia-pura-simples\/wp-json\/wp\/v2\/users\/24"}],"replies":[{"embeddable":true,"href":"https:\/\/ultimato.com.br\/sites\/teologia-pura-simples\/wp-json\/wp\/v2\/comments?post=7"}],"version-history":[{"count":5,"href":"https:\/\/ultimato.com.br\/sites\/teologia-pura-simples\/wp-json\/wp\/v2\/pages\/7\/revisions"}],"predecessor-version":[{"id":43,"href":"https:\/\/ultimato.com.br\/sites\/teologia-pura-simples\/wp-json\/wp\/v2\/pages\/7\/revisions\/43"}],"wp:attachment":[{"href":"https:\/\/ultimato.com.br\/sites\/teologia-pura-simples\/wp-json\/wp\/v2\/media?parent=7"}],"curies":[{"name":"wp","href":"https:\/\/api.w.org\/{rel}","templated":true}]}}