{"id":5,"date":"2012-10-22T08:02:53","date_gmt":"2012-10-22T11:02:53","guid":{"rendered":"http:\/\/ultimato.com.br\/sites\/teologia-pura-simples\/?page_id=5"},"modified":"2012-10-22T10:12:27","modified_gmt":"2012-10-22T13:12:27","slug":"o-livro","status":"publish","type":"page","link":"https:\/\/ultimato.com.br\/sites\/teologia-pura-simples\/","title":{"rendered":"O Livro"},"content":{"rendered":"<p><strong>Para que serve a teologia?<\/strong><\/p>\n<p>Alister McGrath responde a esta e outras quest\u00f5es em <em>Teologia Pura e Simples<\/em>.\u00a0 Para o autor, a reflex\u00e3o teol\u00f3gica alimenta a f\u00e9 crist\u00e3 e nos ajuda a responder \u00e0s perguntas dos nossos dias.<\/p>\n<p>Se nos acostumamos a ver a \u201cteologia\u201d como algo dif\u00edcil, para \u201cespecialistas\u201d, em <em>Teologia Pura e Simples<\/em> mostra que o papel da teologia n\u00e3o \u00e9 explicar tudo, mas apontar um modo diferente de olhar e perceber a realidade ao nosso redor.<\/p>\n<p>Num tempo em que o interesse, as discuss\u00f5es e at\u00e9 o deboche envolvendo \u201cDeus\u201d se tornaram comuns, nada mais apropriado do que treinar e equipar mentes crist\u00e3s em nossas igrejas, prontas para responder qual a raz\u00e3o da nossa f\u00e9.<\/p>\n<p><strong>O LIVRO EM 30 SEGUNDOS<\/strong><\/p>\n<p style=\"padding-left: 30px;\">&#8211; Apresenta\u00e7\u00e3o e defesa intelectual do lugar e do papel da teologia na vida crist\u00e3;<\/p>\n<p style=\"padding-left: 30px;\">&#8211; Respostas e fundamentos para as perguntas e acusa\u00e7\u00f5es dos ateus, da ci\u00eancia e da sociedade secularista;<\/p>\n<p style=\"padding-left: 30px;\">&#8211; Abordagem clara e intelectualmente confi\u00e1vel da teologia como ferramenta apolog\u00e9tica e de evangeliza\u00e7\u00e3o;<\/p>\n<p style=\"padding-left: 30px;\">&#8211; Informa\u00e7\u00e3o e forma\u00e7\u00e3o para os crentes, auxiliando e estimulando a reflex\u00e3o teol\u00f3gica, ao mesmo tempo em que treina e discipula a igreja;<\/p>\n<p style=\"padding-left: 30px;\">&#8211; Uma introdu\u00e7\u00e3o \u00e0 teologia, numa linguagem clara e brilhante, mostrando ao leitor como lidar com a sociedade secularista, com a ci\u00eancia e com o ambiente cultural ao nosso redor.<\/p>\n<p style=\"padding-left: 30px;\">&#8211; Vencedor do pr\u00eamio Christianity Today Book Award (2011).<\/p>\n","protected":false},"excerpt":{"rendered":"<p>Para que serve a teologia? Alister McGrath responde a esta e outras quest\u00f5es em Teologia Pura e Simples.\u00a0 Para o autor, a reflex\u00e3o teol\u00f3gica alimenta a f\u00e9 crist\u00e3 e nos ajuda a responder \u00e0s perguntas dos nossos dias. Se nos acostumamos a ver a \u201cteologia\u201d como algo dif\u00edcil, para \u201cespecialistas\u201d, em Teologia Pura e Simples [&hellip;]<\/p>\n","protected":false},"author":24,"featured_media":0,"parent":0,"menu_order":1,"comment_status":"open","ping_status":"open","template":"","meta":{"footnotes":""},"class_list":["post-5","page","type-page","status-publish","hentry"],"_links":{"self":[{"href":"https:\/\/ultimato.com.br\/sites\/teologia-pura-simples\/wp-json\/wp\/v2\/pages\/5","targetHints":{"allow":["GET"]}}],"collection":[{"href":"https:\/\/ultimato.com.br\/sites\/teologia-pura-simples\/wp-json\/wp\/v2\/pages"}],"about":[{"href":"https:\/\/ultimato.com.br\/sites\/teologia-pura-simples\/wp-json\/wp\/v2\/types\/page"}],"author":[{"embeddable":true,"href":"https:\/\/ultimato.com.br\/sites\/teologia-pura-simples\/wp-json\/wp\/v2\/users\/24"}],"replies":[{"embeddable":true,"href":"https:\/\/ultimato.com.br\/sites\/teologia-pura-simples\/wp-json\/wp\/v2\/comments?post=5"}],"version-history":[{"count":8,"href":"https:\/\/ultimato.com.br\/sites\/teologia-pura-simples\/wp-json\/wp\/v2\/pages\/5\/revisions"}],"predecessor-version":[{"id":51,"href":"https:\/\/ultimato.com.br\/sites\/teologia-pura-simples\/wp-json\/wp\/v2\/pages\/5\/revisions\/51"}],"wp:attachment":[{"href":"https:\/\/ultimato.com.br\/sites\/teologia-pura-simples\/wp-json\/wp\/v2\/media?parent=5"}],"curies":[{"name":"wp","href":"https:\/\/api.w.org\/{rel}","templated":true}]}}