{"id":6,"date":"2010-08-30T13:26:46","date_gmt":"2010-08-30T13:26:46","guid":{"rendered":"http:\/\/ultimato.com.br\/sites\/taismachado\/"},"modified":"2010-09-29T20:59:46","modified_gmt":"2010-09-29T20:59:46","slug":"agenda","status":"publish","type":"page","link":"https:\/\/ultimato.com.br\/sites\/taismachado\/agenda\/","title":{"rendered":"Agenda"},"content":{"rendered":"<h3>Setembro 2010<\/h3>\n<ul>\n<li>Curso: <em>Cinema e Espiritualidade<\/em><br \/>\n<strong>11, 18 e 25 de setembro<\/strong><br \/>\n<strong><\/strong><\/li>\n<\/ul>\n<h3>Outubro 2010<\/h3>\n<ul>\n<li>Curso: <em>A dor da Perda<\/em><br \/>\n<strong>16 de outubro<\/strong> (inscri\u00e7\u00f5es 11 &#8211; 8551.3778)<\/li>\n<li>Semana da Medita\u00e7\u00e3o Crist\u00e3<br \/>\n<strong>24 a 30 de outubro<\/strong><br \/>\n<a href=\"http:\/\/www.lapinha.com.br\/\" target=\"_blank\">www.lapinha.com.br<\/a><\/li>\n<\/ul>\n<h3>Novembro 2010<\/h3>\n<ul>\n<li>Curso: <em>Grandes Personagens da Hist\u00f3ria &#8211; Gandhi, Martir Luther King e Mandela<\/em><br \/>\n<strong>6, 20 e 27 de novembro<\/strong> (inscri\u00e7\u00f5es 11 &#8211; 8551.3778)<\/li>\n<\/ul>\n","protected":false},"excerpt":{"rendered":"<p>Setembro 2010 Curso: Cinema e Espiritualidade 11, 18 e 25 de setembro Outubro 2010 Curso: A dor da Perda 16 de outubro (inscri\u00e7\u00f5es 11 &#8211; 8551.3778) Semana da Medita\u00e7\u00e3o Crist\u00e3 24 a 30 de outubro www.lapinha.com.br Novembro 2010 Curso: Grandes Personagens da Hist\u00f3ria &#8211; Gandhi, Martir Luther King e Mandela 6, 20 e 27 de [&hellip;]<\/p>\n","protected":false},"author":7,"featured_media":0,"parent":0,"menu_order":0,"comment_status":"open","ping_status":"open","template":"","meta":{"ngg_post_thumbnail":0,"footnotes":""},"class_list":["post-6","page","type-page","status-publish","hentry","count-0","even alt","author-estagiodep","last"],"_links":{"self":[{"href":"https:\/\/ultimato.com.br\/sites\/taismachado\/wp-json\/wp\/v2\/pages\/6","targetHints":{"allow":["GET"]}}],"collection":[{"href":"https:\/\/ultimato.com.br\/sites\/taismachado\/wp-json\/wp\/v2\/pages"}],"about":[{"href":"https:\/\/ultimato.com.br\/sites\/taismachado\/wp-json\/wp\/v2\/types\/page"}],"author":[{"embeddable":true,"href":"https:\/\/ultimato.com.br\/sites\/taismachado\/wp-json\/wp\/v2\/users\/7"}],"replies":[{"embeddable":true,"href":"https:\/\/ultimato.com.br\/sites\/taismachado\/wp-json\/wp\/v2\/comments?post=6"}],"version-history":[{"count":9,"href":"https:\/\/ultimato.com.br\/sites\/taismachado\/wp-json\/wp\/v2\/pages\/6\/revisions"}],"predecessor-version":[{"id":155,"href":"https:\/\/ultimato.com.br\/sites\/taismachado\/wp-json\/wp\/v2\/pages\/6\/revisions\/155"}],"wp:attachment":[{"href":"https:\/\/ultimato.com.br\/sites\/taismachado\/wp-json\/wp\/v2\/media?parent=6"}],"curies":[{"name":"wp","href":"https:\/\/api.w.org\/{rel}","templated":true}]}}