{"id":8,"date":"2015-02-27T03:42:07","date_gmt":"2015-02-27T03:42:07","guid":{"rendered":"http:\/\/ultimato.com.br\/sites\/surpreendido-pela-alegria\/?page_id=8"},"modified":"2015-02-27T03:42:07","modified_gmt":"2015-02-27T03:42:07","slug":"o-autor","status":"publish","type":"page","link":"https:\/\/ultimato.com.br\/sites\/surpreendido-pela-alegria\/o-autor\/","title":{"rendered":"O autor"},"content":{"rendered":"<p><strong><a href=\"http:\/\/ultimato.com.br\/sites\/surpreendido-pela-alegria\/files\/2015\/02\/lewis.jpg\"><img loading=\"lazy\" decoding=\"async\" class=\"alignleft size-thumbnail wp-image-9\" src=\"http:\/\/ultimato.com.br\/sites\/surpreendido-pela-alegria\/files\/2015\/02\/lewis-150x150.jpg\" alt=\"lewis\" width=\"150\" height=\"150\" \/><\/a>C. S. Lewis<\/strong> (1898-1963) foi um dos gigantes intelectuais do s\u00e9culo vinte e, quem sabe, o mais influente escritor crist\u00e3o de sua \u00e9poca. Foi professor de literatura inglesa da Universidade de Oxford at\u00e9 1954, quando foi eleito, por unanimidade, para ocupar a cadeira de ingl\u00eas medieval e renascentista da Universidade de Cambridge, cargo que ocupou at\u00e9 se aposentar. Suas valiosas contribui\u00e7\u00f5es nos campos da cr\u00edtica liter\u00e1ria, literatura infantil, literatura fant\u00e1stica e teologia popular lhe tornaram aclamado e reconhecido no mundo inteiro. Escreveu mais de trinta livros, que continuam a atrair milhares de novos leitores todos os anos. Entre as suas obras mais conhecidas e apreciadas est\u00e3o a s\u00e9rie<em>As Cr\u00f4nicas de N\u00e1rnia<\/em>,Os Quatro Amores, <em>Cartas de Um Diabo a seu Aprendiz<\/em>,\u00a0<em>Cristianismo Puro e Simples e Um Ano com C. S. Lewis, publicado pela Editora Ultimato.<\/em><\/p>\n","protected":false},"excerpt":{"rendered":"<p>C. S. Lewis (1898-1963) foi um dos gigantes intelectuais do s\u00e9culo vinte e, quem sabe, o mais influente escritor crist\u00e3o de sua \u00e9poca. Foi professor de literatura inglesa da Universidade de Oxford at\u00e9 1954, quando foi eleito, por unanimidade, para ocupar a cadeira de ingl\u00eas medieval e renascentista da Universidade de Cambridge, cargo que ocupou [&hellip;]<\/p>\n","protected":false},"author":24,"featured_media":0,"parent":0,"menu_order":1,"comment_status":"closed","ping_status":"open","template":"","meta":{"footnotes":""},"class_list":["post-8","page","type-page","status-publish","hentry"],"_links":{"self":[{"href":"https:\/\/ultimato.com.br\/sites\/surpreendido-pela-alegria\/wp-json\/wp\/v2\/pages\/8","targetHints":{"allow":["GET"]}}],"collection":[{"href":"https:\/\/ultimato.com.br\/sites\/surpreendido-pela-alegria\/wp-json\/wp\/v2\/pages"}],"about":[{"href":"https:\/\/ultimato.com.br\/sites\/surpreendido-pela-alegria\/wp-json\/wp\/v2\/types\/page"}],"author":[{"embeddable":true,"href":"https:\/\/ultimato.com.br\/sites\/surpreendido-pela-alegria\/wp-json\/wp\/v2\/users\/24"}],"replies":[{"embeddable":true,"href":"https:\/\/ultimato.com.br\/sites\/surpreendido-pela-alegria\/wp-json\/wp\/v2\/comments?post=8"}],"version-history":[{"count":1,"href":"https:\/\/ultimato.com.br\/sites\/surpreendido-pela-alegria\/wp-json\/wp\/v2\/pages\/8\/revisions"}],"predecessor-version":[{"id":10,"href":"https:\/\/ultimato.com.br\/sites\/surpreendido-pela-alegria\/wp-json\/wp\/v2\/pages\/8\/revisions\/10"}],"wp:attachment":[{"href":"https:\/\/ultimato.com.br\/sites\/surpreendido-pela-alegria\/wp-json\/wp\/v2\/media?parent=8"}],"curies":[{"name":"wp","href":"https:\/\/api.w.org\/{rel}","templated":true}]}}