{"id":6,"date":"2015-02-27T03:40:09","date_gmt":"2015-02-27T03:40:09","guid":{"rendered":"http:\/\/ultimato.com.br\/sites\/surpreendido-pela-alegria\/?page_id=6"},"modified":"2015-02-27T03:42:31","modified_gmt":"2015-02-27T03:42:31","slug":"o-livro","status":"publish","type":"page","link":"https:\/\/ultimato.com.br\/sites\/surpreendido-pela-alegria\/","title":{"rendered":"O livro"},"content":{"rendered":"<blockquote><p>Se humor e sabedoria; estilo e erudi\u00e7\u00e3o, forem exig\u00eancias para adentrar os \u2018port\u00f5es dos c\u00e9us\u2019, C. S. Lewis estar\u00e1 entre os anjos.<\/p><\/blockquote>\n<p><em>\u2013 The New Yorker<\/em><\/p>\n<blockquote><p>\u00a0C. S. Lewis escreve com a for\u00e7a de transforma\u00e7\u00e3o t\u00edpica de um Plat\u00e3o, um Dante e um Bunyan.<\/p><\/blockquote>\n<p><em>\u2013 Christianity Today<\/em><\/p>\n<p>C. S. Lewis, autor das <em>Cr\u00f4nicas de N\u00e1rnia<\/em>, entre outros livros cl\u00e1ssicos, \u00e9 um dos pensadores e escritores mais influentes do s\u00e9culo 20. Em <strong>Surpreendido pela Alegria<\/strong>, ele descreve de maneira fascinante sua jornada espiritual, com o foco na sua crise de f\u00e9, que determinaria o car\u00e1ter de toda a sua vida e carreira.<\/p>\n<p>Um livro de mem\u00f3rias extremamente pessoal e arguto, no qual Lewis guia o leitor em dire\u00e7\u00e3o \u00e0 alegria e \u00e0 surpresa que aguardam todo aquele que busca uma vida al\u00e9m do esperado.<\/p>\n<p><strong>\u00a0<\/strong><strong>Surpreendido pela Alegria<\/strong> n\u00e3o \u00e9 uma autobiografia comum. N\u00e3o \u00e9 uma confiss\u00e3o. No entanto, \u00e9 certamente um dos mais belos e inteligentes relatos da caminhada de uma pessoa em dire\u00e7\u00e3o \u00e0 f\u00e9 crist\u00e3.<\/p>\n","protected":false},"excerpt":{"rendered":"<p>Se humor e sabedoria; estilo e erudi\u00e7\u00e3o, forem exig\u00eancias para adentrar os \u2018port\u00f5es dos c\u00e9us\u2019, C. S. Lewis estar\u00e1 entre os anjos. \u2013 The New Yorker \u00a0C. S. Lewis escreve com a for\u00e7a de transforma\u00e7\u00e3o t\u00edpica de um Plat\u00e3o, um Dante e um Bunyan. \u2013 Christianity Today C. S. Lewis, autor das Cr\u00f4nicas de N\u00e1rnia, [&hellip;]<\/p>\n","protected":false},"author":24,"featured_media":0,"parent":0,"menu_order":0,"comment_status":"closed","ping_status":"open","template":"","meta":{"footnotes":""},"class_list":["post-6","page","type-page","status-publish","hentry"],"_links":{"self":[{"href":"https:\/\/ultimato.com.br\/sites\/surpreendido-pela-alegria\/wp-json\/wp\/v2\/pages\/6","targetHints":{"allow":["GET"]}}],"collection":[{"href":"https:\/\/ultimato.com.br\/sites\/surpreendido-pela-alegria\/wp-json\/wp\/v2\/pages"}],"about":[{"href":"https:\/\/ultimato.com.br\/sites\/surpreendido-pela-alegria\/wp-json\/wp\/v2\/types\/page"}],"author":[{"embeddable":true,"href":"https:\/\/ultimato.com.br\/sites\/surpreendido-pela-alegria\/wp-json\/wp\/v2\/users\/24"}],"replies":[{"embeddable":true,"href":"https:\/\/ultimato.com.br\/sites\/surpreendido-pela-alegria\/wp-json\/wp\/v2\/comments?post=6"}],"version-history":[{"count":2,"href":"https:\/\/ultimato.com.br\/sites\/surpreendido-pela-alegria\/wp-json\/wp\/v2\/pages\/6\/revisions"}],"predecessor-version":[{"id":11,"href":"https:\/\/ultimato.com.br\/sites\/surpreendido-pela-alegria\/wp-json\/wp\/v2\/pages\/6\/revisions\/11"}],"wp:attachment":[{"href":"https:\/\/ultimato.com.br\/sites\/surpreendido-pela-alegria\/wp-json\/wp\/v2\/media?parent=6"}],"curies":[{"name":"wp","href":"https:\/\/api.w.org\/{rel}","templated":true}]}}