{"id":64,"date":"2010-04-06T11:05:51","date_gmt":"2010-04-06T14:05:51","guid":{"rendered":"http:\/\/ultimato.com.br\/blogs\/surpreendido-esperanca\/?page_id=64"},"modified":"2010-04-06T12:01:14","modified_gmt":"2010-04-06T15:01:14","slug":"especial-de-pascoa","status":"publish","type":"page","link":"https:\/\/ultimato.com.br\/sites\/surpreendido-esperanca\/especial-de-pascoa\/","title":{"rendered":"Especial de p\u00e1scoa"},"content":{"rendered":"<h4><span style=\"color: #008080;\">Dois serm\u00f5es de P\u00e1scoa<\/span><\/h4>\n<p>Se eu fosse um apostador, apostaria um bom dinheiro em duas mensagens que certamente ser\u00e3o ouvidas nesta P\u00e1scoa (e em todas as outras).<\/p>\n<p>O pregador da primeira mensagem \u00e9 o pastor Frank Evangelista. Ele acredita piamente na ressurrei\u00e7\u00e3o corp\u00f3rea de Jesus, no sepulcro vazio, em anjos e em tudo o que \u00e9 sobrenatural. Todos os anos, durante a P\u00e1scoa, ele denuncia os liberais perversos, principalmente o reverendo Linguassolta, por sua m\u00e1 vontade em reconhecer que a B\u00edblia \u00e9 verdadeira, que Deus realmente faz milagres, e que \u2014 como demonstram esses dois pontos \u2014 Jesus realmente ressuscitou. O pastor Evangelista costuma usar alguns truques para provar que testemunhas oculares podem contar hist\u00f3rias estranhas e ainda estar falando a verdade: observe-o aniquilar um narciso no p\u00falpito. Ele talvez cite um hino antigo que diz: \u201cTu me perguntas como eu sei que ele vive? Ele vive em meu cora\u00e7\u00e3o!\u201d. Sim, Jesus ressuscitou dentre os mortos e, portanto, est\u00e1 vivo, e n\u00f3s podemos conhec\u00ea-lo. <a href=\"http:\/\/ultimato.com.br\/blogs\/surpreendido-esperanca\/files\/2010\/04\/surpreendido_esperanca_pascoa.pdf\" target=\"_blank\">Continue lendo&#8230;<\/a><\/p>\n","protected":false},"excerpt":{"rendered":"<p>Dois serm\u00f5es de P\u00e1scoa Se eu fosse um apostador, apostaria um bom dinheiro em duas mensagens que certamente ser\u00e3o ouvidas nesta P\u00e1scoa (e em todas as outras). O pregador da primeira mensagem \u00e9 o pastor Frank Evangelista. Ele acredita piamente na ressurrei\u00e7\u00e3o corp\u00f3rea de Jesus, no sepulcro vazio, em anjos e em tudo o que [&hellip;]<\/p>\n","protected":false},"author":4,"featured_media":0,"parent":0,"menu_order":3,"comment_status":"open","ping_status":"open","template":"","meta":{"ngg_post_thumbnail":0,"footnotes":""},"class_list":["post-64","page","type-page","status-publish","hentry"],"_links":{"self":[{"href":"https:\/\/ultimato.com.br\/sites\/surpreendido-esperanca\/wp-json\/wp\/v2\/pages\/64","targetHints":{"allow":["GET"]}}],"collection":[{"href":"https:\/\/ultimato.com.br\/sites\/surpreendido-esperanca\/wp-json\/wp\/v2\/pages"}],"about":[{"href":"https:\/\/ultimato.com.br\/sites\/surpreendido-esperanca\/wp-json\/wp\/v2\/types\/page"}],"author":[{"embeddable":true,"href":"https:\/\/ultimato.com.br\/sites\/surpreendido-esperanca\/wp-json\/wp\/v2\/users\/4"}],"replies":[{"embeddable":true,"href":"https:\/\/ultimato.com.br\/sites\/surpreendido-esperanca\/wp-json\/wp\/v2\/comments?post=64"}],"version-history":[{"count":5,"href":"https:\/\/ultimato.com.br\/sites\/surpreendido-esperanca\/wp-json\/wp\/v2\/pages\/64\/revisions"}],"predecessor-version":[{"id":73,"href":"https:\/\/ultimato.com.br\/sites\/surpreendido-esperanca\/wp-json\/wp\/v2\/pages\/64\/revisions\/73"}],"wp:attachment":[{"href":"https:\/\/ultimato.com.br\/sites\/surpreendido-esperanca\/wp-json\/wp\/v2\/media?parent=64"}],"curies":[{"name":"wp","href":"https:\/\/api.w.org\/{rel}","templated":true}]}}