{"id":224,"date":"2018-01-31T12:48:49","date_gmt":"2018-01-31T14:48:49","guid":{"rendered":"http:\/\/ultimato.com.br\/sites\/serie-ultimato-50-anos\/?page_id=224"},"modified":"2018-03-22T08:53:42","modified_gmt":"2018-03-22T11:53:42","slug":"suplicas-de-um-necessitado","status":"publish","type":"page","link":"https:\/\/ultimato.com.br\/sites\/serie-ultimato-50-anos\/suplicas-de-um-necessitado\/","title":{"rendered":"S\u00faplicas de Um Necessitado"},"content":{"rendered":"<h4><b>S\u00faplicas de Um Necessitado<\/b><\/h4>\n<p><a href=\"http:\/\/www.ultimato.com.br\/loja\/produtos\/suplicas-de-um-necessitado\" target=\"_blank\" rel=\"noopener\"><img loading=\"lazy\" decoding=\"async\" class=\"alignleft wp-image-236 size-full\" src=\"http:\/\/ultimato.com.br\/sites\/serie-ultimato-50-anos\/files\/sun_p.jpg\" alt=\"\" width=\"215\" height=\"250\"><\/a><\/p>\n<p>&nbsp;<\/p>\n<p>A experi\u00eancia do povo de Deus e a nossa pr\u00f3pria experi\u00eancia nos mostram que o fracasso, a doen\u00e7a, o distanciamento de Deus e a morte est\u00e3o mais pr\u00f3ximos de n\u00f3s do que podemos imaginar.&nbsp;<\/p>\n<p>Para evitar ou suportar tais acontecimentos, para enfrentar os novos desafios, n\u00e3o h\u00e1 nada melhor do que o cultivo da depend\u00eancia total de Deus na vida di\u00e1ria.<\/p>\n<p><strong>S\u00faplicas de Um Necessitado<\/strong>&nbsp;ajuda o leitor a orar e a apresentar a Deus as suas necessidades, medos e desejos mais profundos.<\/p>\n<p>Ora, se n\u00e3o tenho alegria, paz, humildade, poder, tenho, em compensa\u00e7\u00e3o, o direito de pedir abertamente a Deus.&nbsp;Este livro&nbsp;foi escrito para encorajar esse tipo de ora\u00e7\u00e3o.<\/p>\n<p>&nbsp;<\/p>\n<p><strong>FICHA T\u00c9CNICA<br \/>\n<\/strong><strong>P\u00e1ginas:&nbsp;<\/strong>88<br \/>\n<strong>ISBN\u200b: <\/strong>978-85-7779-012-8<br \/>\n<strong>Formato:<\/strong> 14&#215;21 cm<br \/>\n<strong>Pre\u00e7o:<\/strong> R$ 26,30<br \/>\n<a title=\"Compre\" href=\"http:\/\/www.ultimato.com.br\/loja\/produtos\/suplicas-de-um-necessitado\" target=\"_blank\" rel=\"noopener\"><img loading=\"lazy\" decoding=\"async\" class=\"alignnone\" src=\"http:\/\/www.ultimato.com.br\/image\/banners\/2011\/quero_comprar.jpg\" alt=\"Quero comprar\" width=\"113\" height=\"25\" border=\"0\"><\/a><\/p>\n<h5>&nbsp;<\/h5>\n<h5><strong>Leia um trecho:<\/strong><\/h5>\n<p><iframe loading=\"lazy\" src=\"\/\/e.issuu.com\/embed.html#1270802\/57931390\" width=\"100%\" height=\"475\" frameborder=\"0\" allowfullscreen=\"allowfullscreen\">&amp;amp;amp;amp;amp;amp;lt;span data-mce-type=&#8221;bookmark&#8221; style=&#8221;display: inline-block; width: 0px; overflow: hidden; line-height: 0;&#8221; class=&#8221;mce_SELRES_start&#8221;&amp;amp;amp;amp;amp;amp;gt;\ufeff&amp;amp;amp;amp;amp;amp;lt;\/span&amp;amp;amp;amp;amp;amp;gt;<\/iframe><\/p>\n<p>&nbsp;<\/p>\n<h5><strong>Release:<\/strong><\/h5>\n<p>Aqui est\u00e1 o press-release do livro <strong>S\u00faplicas de Um Necessitado<\/strong> para voc\u00ea divulgar no seu site, blog, jornal ou outro meio de comunica\u00e7\u00e3o do seu acesso. Ajude-nos a espalhar este conte\u00fado!<\/p>\n<p>\u2013 Arquivo em&nbsp;<a href=\"http:\/\/ultimato.com.br\/sites\/serie-ultimato-50-anos\/files\/Release_50Anos_Suplicas.pdf\" target=\"_blank\" rel=\"noopener\">PDF<\/a>.<\/p>\n<p>&nbsp;<\/p>\n<h5><strong>Frases selecionadas:<\/strong><\/h5>\n\n\t\t<style type=\"text\/css\">\n\t\t\t#gallery-1 {\n\t\t\t\tmargin: auto;\n\t\t\t}\n\t\t\t#gallery-1 .gallery-item {\n\t\t\t\tfloat: left;\n\t\t\t\tmargin-top: 10px;\n\t\t\t\ttext-align: center;\n\t\t\t\twidth: 50%;\n\t\t\t}\n\t\t\t#gallery-1 img {\n\t\t\t\tborder: 2px solid #cfcfcf;\n\t\t\t}\n\t\t\t#gallery-1 .gallery-caption {\n\t\t\t\tmargin-left: 0;\n\t\t\t}\n\t\t\t\/* see gallery_shortcode() in wp-includes\/media.php *\/\n\t\t<\/style>\n\t\t<div id='gallery-1' class='gallery galleryid-224 gallery-columns-2 gallery-size-medium'><dl class='gallery-item'>\n\t\t\t<dt class='gallery-icon landscape'>\n\t\t\t\t<a href='https:\/\/ultimato.com.br\/sites\/serie-ultimato-50-anos\/files\/frase_sdun_01.jpg' class=\"lightview\" data-lightview-group=\"group-224\" data-lightview-options=\"skin: 'dark', controls: 'relative', padding: '10', shadow: { color: '#000000', opacity: 0.08, blur: 3 }\" class=\"thumbnail\"><img loading=\"lazy\" decoding=\"async\" width=\"300\" height=\"300\" src=\"https:\/\/ultimato.com.br\/sites\/serie-ultimato-50-anos\/files\/frase_sdun_01-300x300.jpg\" class=\"attachment-medium size-medium\" alt=\"\" srcset=\"https:\/\/ultimato.com.br\/sites\/serie-ultimato-50-anos\/files\/frase_sdun_01-300x300.jpg 300w, https:\/\/ultimato.com.br\/sites\/serie-ultimato-50-anos\/files\/frase_sdun_01-150x150.jpg 150w, https:\/\/ultimato.com.br\/sites\/serie-ultimato-50-anos\/files\/frase_sdun_01.jpg 700w\" sizes=\"auto, (max-width: 300px) 100vw, 300px\" \/><\/a>\n\t\t\t<\/dt><\/dl><dl class='gallery-item'>\n\t\t\t<dt class='gallery-icon landscape'>\n\t\t\t\t<a href='https:\/\/ultimato.com.br\/sites\/serie-ultimato-50-anos\/files\/frase_sdun_02.jpg' class=\"lightview\" data-lightview-group=\"group-224\" data-lightview-options=\"skin: 'dark', controls: 'relative', padding: '10', shadow: { color: '#000000', opacity: 0.08, blur: 3 }\" class=\"thumbnail\"><img loading=\"lazy\" decoding=\"async\" width=\"300\" height=\"300\" src=\"https:\/\/ultimato.com.br\/sites\/serie-ultimato-50-anos\/files\/frase_sdun_02-300x300.jpg\" class=\"attachment-medium size-medium\" alt=\"\" srcset=\"https:\/\/ultimato.com.br\/sites\/serie-ultimato-50-anos\/files\/frase_sdun_02-300x300.jpg 300w, https:\/\/ultimato.com.br\/sites\/serie-ultimato-50-anos\/files\/frase_sdun_02-150x150.jpg 150w, https:\/\/ultimato.com.br\/sites\/serie-ultimato-50-anos\/files\/frase_sdun_02.jpg 700w\" sizes=\"auto, (max-width: 300px) 100vw, 300px\" \/><\/a>\n\t\t\t<\/dt><\/dl><br style=\"clear: both\" \/><dl class='gallery-item'>\n\t\t\t<dt class='gallery-icon landscape'>\n\t\t\t\t<a href='https:\/\/ultimato.com.br\/sites\/serie-ultimato-50-anos\/files\/frase_sdun_03.jpg' class=\"lightview\" data-lightview-group=\"group-224\" data-lightview-options=\"skin: 'dark', controls: 'relative', padding: '10', shadow: { color: '#000000', opacity: 0.08, blur: 3 }\" class=\"thumbnail\"><img loading=\"lazy\" decoding=\"async\" width=\"300\" height=\"300\" src=\"https:\/\/ultimato.com.br\/sites\/serie-ultimato-50-anos\/files\/frase_sdun_03-300x300.jpg\" class=\"attachment-medium size-medium\" alt=\"\" srcset=\"https:\/\/ultimato.com.br\/sites\/serie-ultimato-50-anos\/files\/frase_sdun_03-300x300.jpg 300w, https:\/\/ultimato.com.br\/sites\/serie-ultimato-50-anos\/files\/frase_sdun_03-150x150.jpg 150w, https:\/\/ultimato.com.br\/sites\/serie-ultimato-50-anos\/files\/frase_sdun_03.jpg 700w\" sizes=\"auto, (max-width: 300px) 100vw, 300px\" \/><\/a>\n\t\t\t<\/dt><\/dl><dl class='gallery-item'>\n\t\t\t<dt class='gallery-icon landscape'>\n\t\t\t\t<a href='https:\/\/ultimato.com.br\/sites\/serie-ultimato-50-anos\/files\/frase_sdun_04.jpg' class=\"lightview\" data-lightview-group=\"group-224\" data-lightview-options=\"skin: 'dark', controls: 'relative', padding: '10', shadow: { color: '#000000', opacity: 0.08, blur: 3 }\" class=\"thumbnail\"><img loading=\"lazy\" decoding=\"async\" width=\"300\" height=\"300\" src=\"https:\/\/ultimato.com.br\/sites\/serie-ultimato-50-anos\/files\/frase_sdun_04-300x300.jpg\" class=\"attachment-medium size-medium\" alt=\"\" srcset=\"https:\/\/ultimato.com.br\/sites\/serie-ultimato-50-anos\/files\/frase_sdun_04-300x300.jpg 300w, https:\/\/ultimato.com.br\/sites\/serie-ultimato-50-anos\/files\/frase_sdun_04-150x150.jpg 150w, https:\/\/ultimato.com.br\/sites\/serie-ultimato-50-anos\/files\/frase_sdun_04.jpg 700w\" sizes=\"auto, (max-width: 300px) 100vw, 300px\" \/><\/a>\n\t\t\t<\/dt><\/dl><br style=\"clear: both\" \/><dl class='gallery-item'>\n\t\t\t<dt class='gallery-icon landscape'>\n\t\t\t\t<a href='https:\/\/ultimato.com.br\/sites\/serie-ultimato-50-anos\/files\/frase_sdun_05.jpg' class=\"lightview\" data-lightview-group=\"group-224\" data-lightview-options=\"skin: 'dark', controls: 'relative', padding: '10', shadow: { color: '#000000', opacity: 0.08, blur: 3 }\" class=\"thumbnail\"><img loading=\"lazy\" decoding=\"async\" width=\"300\" height=\"300\" src=\"https:\/\/ultimato.com.br\/sites\/serie-ultimato-50-anos\/files\/frase_sdun_05-300x300.jpg\" class=\"attachment-medium size-medium\" alt=\"\" srcset=\"https:\/\/ultimato.com.br\/sites\/serie-ultimato-50-anos\/files\/frase_sdun_05-300x300.jpg 300w, https:\/\/ultimato.com.br\/sites\/serie-ultimato-50-anos\/files\/frase_sdun_05-150x150.jpg 150w, https:\/\/ultimato.com.br\/sites\/serie-ultimato-50-anos\/files\/frase_sdun_05.jpg 700w\" sizes=\"auto, (max-width: 300px) 100vw, 300px\" \/><\/a>\n\t\t\t<\/dt><\/dl><dl class='gallery-item'>\n\t\t\t<dt class='gallery-icon landscape'>\n\t\t\t\t<a href='https:\/\/ultimato.com.br\/sites\/serie-ultimato-50-anos\/files\/frase_sdun_06.jpg' class=\"lightview\" data-lightview-group=\"group-224\" data-lightview-options=\"skin: 'dark', controls: 'relative', padding: '10', shadow: { color: '#000000', opacity: 0.08, blur: 3 }\" class=\"thumbnail\"><img loading=\"lazy\" decoding=\"async\" width=\"300\" height=\"300\" src=\"https:\/\/ultimato.com.br\/sites\/serie-ultimato-50-anos\/files\/frase_sdun_06-300x300.jpg\" class=\"attachment-medium size-medium\" alt=\"\" srcset=\"https:\/\/ultimato.com.br\/sites\/serie-ultimato-50-anos\/files\/frase_sdun_06-300x300.jpg 300w, https:\/\/ultimato.com.br\/sites\/serie-ultimato-50-anos\/files\/frase_sdun_06-150x150.jpg 150w, https:\/\/ultimato.com.br\/sites\/serie-ultimato-50-anos\/files\/frase_sdun_06.jpg 700w\" sizes=\"auto, (max-width: 300px) 100vw, 300px\" \/><\/a>\n\t\t\t<\/dt><\/dl><br style=\"clear: both\" \/>\n\t\t<\/div>\n\n<p>&nbsp;<\/p>\n","protected":false},"excerpt":{"rendered":"<p>S\u00faplicas de Um Necessitado &nbsp; A experi\u00eancia do povo de Deus e a nossa pr\u00f3pria experi\u00eancia nos mostram que o fracasso, a doen\u00e7a, o distanciamento de Deus e a morte est\u00e3o mais pr\u00f3ximos de n\u00f3s do que podemos imaginar.&nbsp; Para &hellip; <a href=\"https:\/\/ultimato.com.br\/sites\/serie-ultimato-50-anos\/suplicas-de-um-necessitado\/\">Conte\u00fado<\/a><\/p>\n","protected":false},"author":24,"featured_media":0,"parent":0,"menu_order":0,"comment_status":"closed","ping_status":"closed","template":"","meta":{"ngg_post_thumbnail":0,"footnotes":""},"class_list":["post-224","page","type-page","status-publish","hentry"],"_links":{"self":[{"href":"https:\/\/ultimato.com.br\/sites\/serie-ultimato-50-anos\/wp-json\/wp\/v2\/pages\/224","targetHints":{"allow":["GET"]}}],"collection":[{"href":"https:\/\/ultimato.com.br\/sites\/serie-ultimato-50-anos\/wp-json\/wp\/v2\/pages"}],"about":[{"href":"https:\/\/ultimato.com.br\/sites\/serie-ultimato-50-anos\/wp-json\/wp\/v2\/types\/page"}],"author":[{"embeddable":true,"href":"https:\/\/ultimato.com.br\/sites\/serie-ultimato-50-anos\/wp-json\/wp\/v2\/users\/24"}],"replies":[{"embeddable":true,"href":"https:\/\/ultimato.com.br\/sites\/serie-ultimato-50-anos\/wp-json\/wp\/v2\/comments?post=224"}],"version-history":[{"count":16,"href":"https:\/\/ultimato.com.br\/sites\/serie-ultimato-50-anos\/wp-json\/wp\/v2\/pages\/224\/revisions"}],"predecessor-version":[{"id":337,"href":"https:\/\/ultimato.com.br\/sites\/serie-ultimato-50-anos\/wp-json\/wp\/v2\/pages\/224\/revisions\/337"}],"wp:attachment":[{"href":"https:\/\/ultimato.com.br\/sites\/serie-ultimato-50-anos\/wp-json\/wp\/v2\/media?parent=224"}],"curies":[{"name":"wp","href":"https:\/\/api.w.org\/{rel}","templated":true}]}}