{"id":7,"date":"2013-04-07T15:56:58","date_gmt":"2013-04-07T15:56:58","guid":{"rendered":"http:\/\/ultimato.com.br\/sites\/serie-45-anos\/?page_id=7"},"modified":"2013-04-07T13:14:44","modified_gmt":"2013-04-07T16:14:44","slug":"saiba-mais","status":"publish","type":"page","link":"https:\/\/ultimato.com.br\/sites\/serie-45-anos\/saiba-mais\/","title":{"rendered":"Saiba Mais"},"content":{"rendered":"<p><a href=\"http:\/\/www.ultimato.com.br\/loja\/produtos\/era-uma-vez-um-natal-sem-papai-noel-ebook\">Era uma Vez um Natal sem Papai Noel<\/a><i> <\/i>\u00e9<i> <\/i>um devocion\u00e1rio que tr\u00e1s \u00e0 mem\u00f3ria o verdadeiro sentido do Natal e inaugura a s\u00e9rie \u201c45 Anos\u201d. S\u00e3o 31 medita\u00e7\u00f5es di\u00e1rias sobre o primeiro e long\u00ednquo Natal, sem o excesso de luzes e cores, celebrado numa estrebaria e n\u00e3o numa catedral, para serem lidas a qualquer tempo.<\/p>\n<p><a href=\"http:\/\/www.ultimato.com.br\/loja\/produtos\/nem-tudo-e-sexta-feira-ebook\">Nem Tudo \u00e9 Sexta-Feira<\/a> \u00e9 uma colet\u00e2nea de textos, originalmente publicados pela revista Ultimato, que relembra e ajuda a igreja brasileira a celebrar e entender melhor a P\u00e1scoa crist\u00e3, a primeira Sexta-feira Santa da hist\u00f3ria e tamb\u00e9m o domingo da ressurrei\u00e7\u00e3o. Na sexta-feira, Jesus \u00e9 o Cordeiro de Deus que tira o pecado do mundo (Jo 1.29). No domingo, ele \u00e9 o Le\u00e3o da tribo de Jud\u00e1 (Ap 5.5).<\/p>\n<p><a href=\"http:\/\/www.ultimato.com.br\/loja\/produtos\/igreja-evangelica-identidade-unidade-e-servico-ebook\">Igreja Evang\u00e9lica \u2013 identidade, unidade e servi\u00e7o<\/a>, celebra o legado e a influ\u00eancia do bispo Robinson Cavalcanti, um ano ap\u00f3s a sua morte. Esta preciosa colet\u00e2nea de textos, originalmente publicados pela <a href=\"http:\/\/www.ultimato.com.br\/loja\/catalogo\">Editora Ultimato<\/a>, <a href=\"http:\/\/www.aliancaevangelica.org.br\/\">Alian\u00e7a Evang\u00e9lica Brasileira<\/a> e <a href=\"http:\/\/www.missaoalianca.org.br\/site\/\">Miss\u00e3o Alian\u00e7a<\/a>, relembra o papel e a import\u00e2ncia da identidade, da unidade e da miss\u00e3o da igreja, t\u00e3o caras ao autor.<\/p>\n","protected":false},"excerpt":{"rendered":"<p>Era uma Vez um Natal sem Papai Noel \u00e9 um devocion\u00e1rio que tr\u00e1s \u00e0 mem\u00f3ria o verdadeiro sentido do Natal e inaugura a s\u00e9rie \u201c45 Anos\u201d. S\u00e3o 31 medita\u00e7\u00f5es di\u00e1rias sobre o primeiro e long\u00ednquo Natal, sem o excesso de luzes e cores, celebrado numa estrebaria e n\u00e3o numa catedral, para serem lidas a qualquer [&hellip;]<\/p>\n","protected":false},"author":24,"featured_media":0,"parent":0,"menu_order":2,"comment_status":"open","ping_status":"open","template":"","meta":{"footnotes":""},"class_list":["post-7","page","type-page","status-publish","hentry","count-0","even alt","author-andrebt","last"],"_links":{"self":[{"href":"https:\/\/ultimato.com.br\/sites\/serie-45-anos\/wp-json\/wp\/v2\/pages\/7","targetHints":{"allow":["GET"]}}],"collection":[{"href":"https:\/\/ultimato.com.br\/sites\/serie-45-anos\/wp-json\/wp\/v2\/pages"}],"about":[{"href":"https:\/\/ultimato.com.br\/sites\/serie-45-anos\/wp-json\/wp\/v2\/types\/page"}],"author":[{"embeddable":true,"href":"https:\/\/ultimato.com.br\/sites\/serie-45-anos\/wp-json\/wp\/v2\/users\/24"}],"replies":[{"embeddable":true,"href":"https:\/\/ultimato.com.br\/sites\/serie-45-anos\/wp-json\/wp\/v2\/comments?post=7"}],"version-history":[{"count":2,"href":"https:\/\/ultimato.com.br\/sites\/serie-45-anos\/wp-json\/wp\/v2\/pages\/7\/revisions"}],"predecessor-version":[{"id":25,"href":"https:\/\/ultimato.com.br\/sites\/serie-45-anos\/wp-json\/wp\/v2\/pages\/7\/revisions\/25"}],"wp:attachment":[{"href":"https:\/\/ultimato.com.br\/sites\/serie-45-anos\/wp-json\/wp\/v2\/media?parent=7"}],"curies":[{"name":"wp","href":"https:\/\/api.w.org\/{rel}","templated":true}]}}

<p><a href="http://www.ultimato.com.br/loja/produtos/era-uma-vez-um-natal-sem-papai-noel-ebook">Era uma Vez um Natal sem Papai Noel</a><i> </i>é<i> </i>um devocionário que trás à memória o verdadeiro sentido do Natal e inaugura a série “45 Anos”. São 31 meditações diárias sobre o primeiro e longínquo Natal, sem o excesso de luzes e cores, celebrado numa estrebaria e não numa catedral, para serem lidas a qualquer tempo.</p>
<p><a href="http://www.ultimato.com.br/loja/produtos/nem-tudo-e-sexta-feira-ebook">Nem Tudo é Sexta-Feira</a> é uma coletânea de textos, originalmente publicados pela revista Ultimato, que relembra e ajuda a igreja brasileira a celebrar e entender melhor a Páscoa cristã, a primeira Sexta-feira Santa da história e também o domingo da ressurreição. Na sexta-feira, Jesus é o Cordeiro de Deus que tira o pecado do mundo (Jo 1.29). No domingo, ele é o Leão da tribo de Judá (Ap 5.5).</p>
<p><a href="http://www.ultimato.com.br/loja/produtos/igreja-evangelica-identidade-unidade-e-servico-ebook">Igreja Evangélica – identidade, unidade e serviço</a>, celebra o legado e a influência do bispo Robinson Cavalcanti, um ano após a sua morte. Esta preciosa coletânea de textos, originalmente publicados pela <a href="http://www.ultimato.com.br/loja/catalogo">Editora Ultimato</a>, <a href="http://www.aliancaevangelica.org.br/">Aliança Evangélica Brasileira</a> e <a href="http://www.missaoalianca.org.br/site/">Missão Aliança</a>, relembra o papel e a importância da identidade, da unidade e da missão da igreja, tão caras ao autor.</p>

<p>Era uma Vez um Natal sem Papai Noel é um devocionário que trás à memória o verdadeiro sentido do Natal e inaugura a série “45 Anos”. São 31 meditações diárias sobre o primeiro e longínquo Natal, sem o excesso de luzes e cores, celebrado numa estrebaria e não numa catedral, para serem lidas a qualquer [&hellip;]</p>
