{"id":23,"date":"2016-05-24T10:42:45","date_gmt":"2016-05-24T13:42:45","guid":{"rendered":"http:\/\/ultimato.com.br\/sites\/ser-evangelico-ser-brasileiro\/?page_id=23"},"modified":"2016-05-24T10:49:27","modified_gmt":"2016-05-24T13:49:27","slug":"release","status":"publish","type":"page","link":"https:\/\/ultimato.com.br\/sites\/ser-evangelico-ser-brasileiro\/extras\/release\/","title":{"rendered":"Release"},"content":{"rendered":"<p><em><a href=\"http:\/\/ultimato.com.br\/sites\/ser-evangelico-ser-brasileiro\/files\/2016\/05\/9-Ser_Evangelho_Ser_Brasileiro_Jun2016.pdf\">Aqui est\u00e1<\/a> o press<\/em>&#8211;<em>release<\/em> do livro <strong>Ser Evang\u00e9lico sem Deixar de ser Brasileiro<\/strong>\u00a0para voc\u00ea divulgar no seu site, blog, jornal ou outro meio de comunica\u00e7\u00e3o do seu acesso.<\/p>\n","protected":false},"excerpt":{"rendered":"<p>Aqui est\u00e1 o press&#8211;release do livro Ser Evang\u00e9lico sem Deixar de ser Brasileiro\u00a0para voc\u00ea divulgar no seu site, blog, jornal ou outro meio de comunica\u00e7\u00e3o do seu acesso.<\/p>\n","protected":false},"author":24,"featured_media":0,"parent":10,"menu_order":3,"comment_status":"closed","ping_status":"closed","template":"","meta":{"footnotes":""},"class_list":["post-23","page","type-page","status-publish","hentry"],"_links":{"self":[{"href":"https:\/\/ultimato.com.br\/sites\/ser-evangelico-ser-brasileiro\/wp-json\/wp\/v2\/pages\/23","targetHints":{"allow":["GET"]}}],"collection":[{"href":"https:\/\/ultimato.com.br\/sites\/ser-evangelico-ser-brasileiro\/wp-json\/wp\/v2\/pages"}],"about":[{"href":"https:\/\/ultimato.com.br\/sites\/ser-evangelico-ser-brasileiro\/wp-json\/wp\/v2\/types\/page"}],"author":[{"embeddable":true,"href":"https:\/\/ultimato.com.br\/sites\/ser-evangelico-ser-brasileiro\/wp-json\/wp\/v2\/users\/24"}],"replies":[{"embeddable":true,"href":"https:\/\/ultimato.com.br\/sites\/ser-evangelico-ser-brasileiro\/wp-json\/wp\/v2\/comments?post=23"}],"version-history":[{"count":3,"href":"https:\/\/ultimato.com.br\/sites\/ser-evangelico-ser-brasileiro\/wp-json\/wp\/v2\/pages\/23\/revisions"}],"predecessor-version":[{"id":38,"href":"https:\/\/ultimato.com.br\/sites\/ser-evangelico-ser-brasileiro\/wp-json\/wp\/v2\/pages\/23\/revisions\/38"}],"up":[{"embeddable":true,"href":"https:\/\/ultimato.com.br\/sites\/ser-evangelico-ser-brasileiro\/wp-json\/wp\/v2\/pages\/10"}],"wp:attachment":[{"href":"https:\/\/ultimato.com.br\/sites\/ser-evangelico-ser-brasileiro\/wp-json\/wp\/v2\/media?parent=23"}],"curies":[{"name":"wp","href":"https:\/\/api.w.org\/{rel}","templated":true}]}}