{"id":39,"date":"2015-12-29T10:56:59","date_gmt":"2015-12-29T10:56:59","guid":{"rendered":"http:\/\/ultimato.com.br\/sites\/seculo-i-o-resgate\/?page_id=39"},"modified":"2015-12-29T10:56:59","modified_gmt":"2015-12-29T10:56:59","slug":"release","status":"publish","type":"page","link":"https:\/\/ultimato.com.br\/sites\/seculo-i-o-resgate\/extras\/release\/","title":{"rendered":"Release"},"content":{"rendered":"<p><em><a href=\"http:\/\/ultimato.com.br\/sites\/seculo-i-o-resgate\/files\/2015\/12\/1-Release_Resgate_Jan_2016-1.pdf\">Aqui est\u00e1<\/a> o press<\/em>&#8211;<em>release<\/em> do livro <strong>S\u00e9culo I &#8211; O Resgate<\/strong>\u00a0para voc\u00ea divulgar no seu site, blog, jornal ou outro meio de comunica\u00e7\u00e3o do seu acesso.<\/p>\n","protected":false},"excerpt":{"rendered":"<p>Aqui est\u00e1 o press&#8211;release do livro S\u00e9culo I &#8211; O Resgate\u00a0para voc\u00ea divulgar no seu site, blog, jornal ou outro meio de comunica\u00e7\u00e3o do seu acesso.<\/p>\n","protected":false},"author":24,"featured_media":0,"parent":13,"menu_order":4,"comment_status":"closed","ping_status":"closed","template":"","meta":{"footnotes":""},"class_list":["post-39","page","type-page","status-publish","hentry"],"_links":{"self":[{"href":"https:\/\/ultimato.com.br\/sites\/seculo-i-o-resgate\/wp-json\/wp\/v2\/pages\/39","targetHints":{"allow":["GET"]}}],"collection":[{"href":"https:\/\/ultimato.com.br\/sites\/seculo-i-o-resgate\/wp-json\/wp\/v2\/pages"}],"about":[{"href":"https:\/\/ultimato.com.br\/sites\/seculo-i-o-resgate\/wp-json\/wp\/v2\/types\/page"}],"author":[{"embeddable":true,"href":"https:\/\/ultimato.com.br\/sites\/seculo-i-o-resgate\/wp-json\/wp\/v2\/users\/24"}],"replies":[{"embeddable":true,"href":"https:\/\/ultimato.com.br\/sites\/seculo-i-o-resgate\/wp-json\/wp\/v2\/comments?post=39"}],"version-history":[{"count":1,"href":"https:\/\/ultimato.com.br\/sites\/seculo-i-o-resgate\/wp-json\/wp\/v2\/pages\/39\/revisions"}],"predecessor-version":[{"id":41,"href":"https:\/\/ultimato.com.br\/sites\/seculo-i-o-resgate\/wp-json\/wp\/v2\/pages\/39\/revisions\/41"}],"up":[{"embeddable":true,"href":"https:\/\/ultimato.com.br\/sites\/seculo-i-o-resgate\/wp-json\/wp\/v2\/pages\/13"}],"wp:attachment":[{"href":"https:\/\/ultimato.com.br\/sites\/seculo-i-o-resgate\/wp-json\/wp\/v2\/media?parent=39"}],"curies":[{"name":"wp","href":"https:\/\/api.w.org\/{rel}","templated":true}]}}