{"id":11,"date":"2015-12-22T11:41:12","date_gmt":"2015-12-22T11:41:12","guid":{"rendered":"http:\/\/ultimato.com.br\/sites\/seculo-i-o-resgate\/?page_id=11"},"modified":"2015-12-29T10:57:56","modified_gmt":"2015-12-29T10:57:56","slug":"o-autor","status":"publish","type":"page","link":"https:\/\/ultimato.com.br\/sites\/seculo-i-o-resgate\/o-autor\/","title":{"rendered":"O autor"},"content":{"rendered":"<p><strong><a href=\"http:\/\/ultimato.com.br\/sites\/seculo-i-o-resgate\/files\/2015\/12\/foto_autor_sIor.jpg\"><img loading=\"lazy\" decoding=\"async\" class=\"alignleft size-thumbnail wp-image-31\" src=\"http:\/\/ultimato.com.br\/sites\/seculo-i-o-resgate\/files\/2015\/12\/foto_autor_sIor-150x150.jpg\" alt=\"foto_autor_sIor\" width=\"150\" height=\"150\" \/><\/a>Cayo C\u00e9sar Santos<\/strong>, casado com Jane e pai de Lucas, Felipe e Rafael, \u00e9 presb\u00edtero da Igreja Presbiteriana do Planalto e membro da diretoria do Centro Crist\u00e3o de Estudos, em Bras\u00edlia, DF. \u00c9 analista e assessor jur\u00eddico no Minist\u00e9rio P\u00fablico Federal<\/p>\n","protected":false},"excerpt":{"rendered":"<p>Cayo C\u00e9sar Santos, casado com Jane e pai de Lucas, Felipe e Rafael, \u00e9 presb\u00edtero da Igreja Presbiteriana do Planalto e membro da diretoria do Centro Crist\u00e3o de Estudos, em Bras\u00edlia, DF. \u00c9 analista e assessor jur\u00eddico no Minist\u00e9rio P\u00fablico Federal<\/p>\n","protected":false},"author":24,"featured_media":0,"parent":0,"menu_order":2,"comment_status":"closed","ping_status":"closed","template":"","meta":{"footnotes":""},"class_list":["post-11","page","type-page","status-publish","hentry"],"_links":{"self":[{"href":"https:\/\/ultimato.com.br\/sites\/seculo-i-o-resgate\/wp-json\/wp\/v2\/pages\/11","targetHints":{"allow":["GET"]}}],"collection":[{"href":"https:\/\/ultimato.com.br\/sites\/seculo-i-o-resgate\/wp-json\/wp\/v2\/pages"}],"about":[{"href":"https:\/\/ultimato.com.br\/sites\/seculo-i-o-resgate\/wp-json\/wp\/v2\/types\/page"}],"author":[{"embeddable":true,"href":"https:\/\/ultimato.com.br\/sites\/seculo-i-o-resgate\/wp-json\/wp\/v2\/users\/24"}],"replies":[{"embeddable":true,"href":"https:\/\/ultimato.com.br\/sites\/seculo-i-o-resgate\/wp-json\/wp\/v2\/comments?post=11"}],"version-history":[{"count":2,"href":"https:\/\/ultimato.com.br\/sites\/seculo-i-o-resgate\/wp-json\/wp\/v2\/pages\/11\/revisions"}],"predecessor-version":[{"id":44,"href":"https:\/\/ultimato.com.br\/sites\/seculo-i-o-resgate\/wp-json\/wp\/v2\/pages\/11\/revisions\/44"}],"wp:attachment":[{"href":"https:\/\/ultimato.com.br\/sites\/seculo-i-o-resgate\/wp-json\/wp\/v2\/media?parent=11"}],"curies":[{"name":"wp","href":"https:\/\/api.w.org\/{rel}","templated":true}]}}