{"id":29,"date":"2017-12-19T12:09:46","date_gmt":"2017-12-19T14:09:46","guid":{"rendered":"http:\/\/ultimato.com.br\/sites\/seculo-i-a-reconstrucao\/?page_id=29"},"modified":"2018-01-05T13:02:01","modified_gmt":"2018-01-05T15:02:01","slug":"release","status":"publish","type":"page","link":"https:\/\/ultimato.com.br\/sites\/seculo-i-a-reconstrucao\/extras\/release\/","title":{"rendered":"Release"},"content":{"rendered":"<p>Aqui est\u00e1 o press-release do livro <em>S\u00e9culo I &#8211; A Reconstru\u00e7\u00e3o<\/em>\u00a0para voc\u00ea divulgar no seu site, blog, jornal ou outro meio de comunica\u00e7\u00e3o do seu acesso. Ajude-nos a espalhar este conte\u00fado!<\/p>\n<p>\u2013 Arquivo em\u00a0<a href=\"http:\/\/ultimato.com.br\/sites\/seculo-i-a-reconstrucao\/files\/Release_Reconstrucao.pdf\" target=\"_blank\" rel=\"noopener\">PDF<\/a>.<\/p>\n","protected":false},"excerpt":{"rendered":"<p>Aqui est\u00e1 o press-release do livro S\u00e9culo I &#8211; A Reconstru\u00e7\u00e3o\u00a0para voc\u00ea divulgar no seu site, blog, jornal ou outro meio de comunica\u00e7\u00e3o do seu acesso. Ajude-nos a espalhar este conte\u00fado! \u2013 Arquivo em\u00a0PDF.<\/p>\n","protected":false},"author":24,"featured_media":0,"parent":19,"menu_order":3,"comment_status":"closed","ping_status":"closed","template":"","meta":{"footnotes":""},"class_list":["post-29","page","type-page","status-publish","hentry"],"_links":{"self":[{"href":"https:\/\/ultimato.com.br\/sites\/seculo-i-a-reconstrucao\/wp-json\/wp\/v2\/pages\/29","targetHints":{"allow":["GET"]}}],"collection":[{"href":"https:\/\/ultimato.com.br\/sites\/seculo-i-a-reconstrucao\/wp-json\/wp\/v2\/pages"}],"about":[{"href":"https:\/\/ultimato.com.br\/sites\/seculo-i-a-reconstrucao\/wp-json\/wp\/v2\/types\/page"}],"author":[{"embeddable":true,"href":"https:\/\/ultimato.com.br\/sites\/seculo-i-a-reconstrucao\/wp-json\/wp\/v2\/users\/24"}],"replies":[{"embeddable":true,"href":"https:\/\/ultimato.com.br\/sites\/seculo-i-a-reconstrucao\/wp-json\/wp\/v2\/comments?post=29"}],"version-history":[{"count":3,"href":"https:\/\/ultimato.com.br\/sites\/seculo-i-a-reconstrucao\/wp-json\/wp\/v2\/pages\/29\/revisions"}],"predecessor-version":[{"id":47,"href":"https:\/\/ultimato.com.br\/sites\/seculo-i-a-reconstrucao\/wp-json\/wp\/v2\/pages\/29\/revisions\/47"}],"up":[{"embeddable":true,"href":"https:\/\/ultimato.com.br\/sites\/seculo-i-a-reconstrucao\/wp-json\/wp\/v2\/pages\/19"}],"wp:attachment":[{"href":"https:\/\/ultimato.com.br\/sites\/seculo-i-a-reconstrucao\/wp-json\/wp\/v2\/media?parent=29"}],"curies":[{"name":"wp","href":"https:\/\/api.w.org\/{rel}","templated":true}]}}

<p>Aqui está o press-release do livro <em>Século I &#8211; A Reconstrução</em> para você divulgar no seu site, blog, jornal ou outro meio de comunicação do seu acesso. Ajude-nos a espalhar este conteúdo!</p>
<p>– Arquivo em <a href="http://ultimato.com.br/sites/seculo-i-a-reconstrucao/files/Release_Reconstrucao.pdf" target="_blank" rel="noopener">PDF</a>.</p>

<p>Aqui está o press-release do livro Século I &#8211; A Reconstrução para você divulgar no seu site, blog, jornal ou outro meio de comunicação do seu acesso. Ajude-nos a espalhar este conteúdo! – Arquivo em PDF.</p>
