{"id":17,"date":"2017-12-19T12:08:09","date_gmt":"2017-12-19T14:08:09","guid":{"rendered":"http:\/\/ultimato.com.br\/sites\/seculo-i-a-reconstrucao\/?page_id=17"},"modified":"2018-04-25T09:35:26","modified_gmt":"2018-04-25T12:35:26","slug":"o-autor","status":"publish","type":"page","link":"https:\/\/ultimato.com.br\/sites\/seculo-i-a-reconstrucao\/o-autor\/","title":{"rendered":"O Autor"},"content":{"rendered":"<p><strong><img loading=\"lazy\" decoding=\"async\" class=\"alignleft wp-image-8 size-thumbnail\" src=\"http:\/\/ultimato.com.br\/sites\/seculo-i-a-reconstrucao\/files\/foto_autor_sIor-150x150.jpg\" alt=\"\" width=\"150\" height=\"150\" \/><\/strong><\/p>\n<p>&nbsp;<\/p>\n<p><strong>Cayo C\u00e9sar Santos<\/strong>, casado com Jane e pai de Lucas, Felipe e Rafael, \u00e9 presb\u00edtero da Igreja Presbiteriana do Planalto, membro do Centro Crist\u00e3o de Estudos e colaborador na \u00e1rea de mentoria do Projeto Vocatio, em Bras\u00edlia, DF. Mestre em Direito, \u00e9 analista e assessor jur\u00eddico no Minist\u00e9rio P\u00fablico Federal.<\/p>\n","protected":false},"excerpt":{"rendered":"<p>&nbsp; Cayo C\u00e9sar Santos, casado com Jane e pai de Lucas, Felipe e Rafael, \u00e9 presb\u00edtero da Igreja Presbiteriana do Planalto, membro do Centro Crist\u00e3o de Estudos e colaborador na \u00e1rea de mentoria do Projeto Vocatio, em Bras\u00edlia, DF. Mestre em Direito, \u00e9 analista e assessor jur\u00eddico no Minist\u00e9rio P\u00fablico Federal.<\/p>\n","protected":false},"author":24,"featured_media":0,"parent":0,"menu_order":2,"comment_status":"closed","ping_status":"closed","template":"","meta":{"footnotes":""},"class_list":["post-17","page","type-page","status-publish","hentry"],"_links":{"self":[{"href":"https:\/\/ultimato.com.br\/sites\/seculo-i-a-reconstrucao\/wp-json\/wp\/v2\/pages\/17","targetHints":{"allow":["GET"]}}],"collection":[{"href":"https:\/\/ultimato.com.br\/sites\/seculo-i-a-reconstrucao\/wp-json\/wp\/v2\/pages"}],"about":[{"href":"https:\/\/ultimato.com.br\/sites\/seculo-i-a-reconstrucao\/wp-json\/wp\/v2\/types\/page"}],"author":[{"embeddable":true,"href":"https:\/\/ultimato.com.br\/sites\/seculo-i-a-reconstrucao\/wp-json\/wp\/v2\/users\/24"}],"replies":[{"embeddable":true,"href":"https:\/\/ultimato.com.br\/sites\/seculo-i-a-reconstrucao\/wp-json\/wp\/v2\/comments?post=17"}],"version-history":[{"count":3,"href":"https:\/\/ultimato.com.br\/sites\/seculo-i-a-reconstrucao\/wp-json\/wp\/v2\/pages\/17\/revisions"}],"predecessor-version":[{"id":37,"href":"https:\/\/ultimato.com.br\/sites\/seculo-i-a-reconstrucao\/wp-json\/wp\/v2\/pages\/17\/revisions\/37"}],"wp:attachment":[{"href":"https:\/\/ultimato.com.br\/sites\/seculo-i-a-reconstrucao\/wp-json\/wp\/v2\/media?parent=17"}],"curies":[{"name":"wp","href":"https:\/\/api.w.org\/{rel}","templated":true}]}}

<p><strong><img loading="lazy" decoding="async" class="alignleft wp-image-8 size-thumbnail" src="http://ultimato.com.br/sites/seculo-i-a-reconstrucao/files/foto_autor_sIor-150x150.jpg" alt="" width="150" height="150" /></strong></p>
<p>&nbsp;</p>
<p><strong>Cayo César Santos</strong>, casado com Jane e pai de Lucas, Felipe e Rafael, é presbítero da Igreja Presbiteriana do Planalto, membro do Centro Cristão de Estudos e colaborador na área de mentoria do Projeto Vocatio, em Brasília, DF. Mestre em Direito, é analista e assessor jurídico no Ministério Público Federal.</p>

<p>&nbsp; Cayo César Santos, casado com Jane e pai de Lucas, Felipe e Rafael, é presbítero da Igreja Presbiteriana do Planalto, membro do Centro Cristão de Estudos e colaborador na área de mentoria do Projeto Vocatio, em Brasília, DF. Mestre em Direito, é analista e assessor jurídico no Ministério Público Federal.</p>
