{"id":13,"date":"2017-12-19T12:07:34","date_gmt":"2017-12-19T14:07:34","guid":{"rendered":"http:\/\/ultimato.com.br\/sites\/seculo-i-a-reconstrucao\/?page_id=13"},"modified":"2017-12-19T12:13:33","modified_gmt":"2017-12-19T14:13:33","slug":"o-livro","status":"publish","type":"page","link":"https:\/\/ultimato.com.br\/sites\/seculo-i-a-reconstrucao\/","title":{"rendered":"O Livro"},"content":{"rendered":"<blockquote><p><span style=\"color: #333333;\">Ao ler <strong>S\u00e9culo I \u2013 A Reconstru\u00e7\u00e3o<\/strong> voc\u00ea ser\u00e1 surpreendido com a forma como o livro lan\u00e7a luz sobre nossas hist\u00f3rias, \u00e0s vezes sombrias. Somente uma grande hist\u00f3ria \u00e9 capaz de dar sentido \u00e0s nossas hist\u00f3rias pessoais.<\/span><br \/>\n<span style=\"color: #333333;\"><em>\u2013 Ricardo Barbosa<\/em><\/span><\/p><\/blockquote>\n<p><strong>S\u00e9culo I \u2013 A Reconstru\u00e7\u00e3o<\/strong> continua a saga de encontros e hist\u00f3rias dos personagens que viram Jesus. \u00c9 o segundo livro da s\u00e9rie \u201cS\u00e9culo I\u201d e fala sobre os acontecimentos e os personagens que dividiram a hist\u00f3ria antes e depois da ressurrei\u00e7\u00e3o de Cristo.<\/p>\n<p>Para os crist\u00e3os, a B\u00edblia \u00e9 Deus nos falando quem ele \u00e9. E n\u00e3o s\u00e3o narrativas sobre her\u00f3is, mas sobre pessoas comuns, vivendo vidas ordin\u00e1rias, com as quais Deus se envolve. Assim tamb\u00e9m as nossas hist\u00f3rias pessoais precisam, para fazer sentido, redescobrir onde \u00e9 que \u201ceu\u201d entro nessa hist\u00f3ria que Deus est\u00e1 fazendo. <strong>S\u00e9culo I \u2013 A Reconstru\u00e7\u00e3o<\/strong> aponta um caminho.<\/p>\n<p>UMA GRANDE HIST\u00d3RIA PODE DAR SENTIDO \u00c0 NOSSA HIST\u00d3RIA PESSOAL<\/p>\n","protected":false},"excerpt":{"rendered":"<p>Ao ler S\u00e9culo I \u2013 A Reconstru\u00e7\u00e3o voc\u00ea ser\u00e1 surpreendido com a forma como o livro lan\u00e7a luz sobre nossas hist\u00f3rias, \u00e0s vezes sombrias. Somente uma grande hist\u00f3ria \u00e9 capaz de dar sentido \u00e0s nossas hist\u00f3rias pessoais. \u2013 Ricardo Barbosa S\u00e9culo I \u2013 A Reconstru\u00e7\u00e3o continua a saga de encontros e hist\u00f3rias dos personagens que [&hellip;]<\/p>\n","protected":false},"author":24,"featured_media":0,"parent":0,"menu_order":1,"comment_status":"closed","ping_status":"closed","template":"","meta":{"footnotes":""},"class_list":["post-13","page","type-page","status-publish","hentry"],"_links":{"self":[{"href":"https:\/\/ultimato.com.br\/sites\/seculo-i-a-reconstrucao\/wp-json\/wp\/v2\/pages\/13","targetHints":{"allow":["GET"]}}],"collection":[{"href":"https:\/\/ultimato.com.br\/sites\/seculo-i-a-reconstrucao\/wp-json\/wp\/v2\/pages"}],"about":[{"href":"https:\/\/ultimato.com.br\/sites\/seculo-i-a-reconstrucao\/wp-json\/wp\/v2\/types\/page"}],"author":[{"embeddable":true,"href":"https:\/\/ultimato.com.br\/sites\/seculo-i-a-reconstrucao\/wp-json\/wp\/v2\/users\/24"}],"replies":[{"embeddable":true,"href":"https:\/\/ultimato.com.br\/sites\/seculo-i-a-reconstrucao\/wp-json\/wp\/v2\/comments?post=13"}],"version-history":[{"count":3,"href":"https:\/\/ultimato.com.br\/sites\/seculo-i-a-reconstrucao\/wp-json\/wp\/v2\/pages\/13\/revisions"}],"predecessor-version":[{"id":32,"href":"https:\/\/ultimato.com.br\/sites\/seculo-i-a-reconstrucao\/wp-json\/wp\/v2\/pages\/13\/revisions\/32"}],"wp:attachment":[{"href":"https:\/\/ultimato.com.br\/sites\/seculo-i-a-reconstrucao\/wp-json\/wp\/v2\/media?parent=13"}],"curies":[{"name":"wp","href":"https:\/\/api.w.org\/{rel}","templated":true}]}}