{"id":7,"date":"2014-10-21T02:15:10","date_gmt":"2014-10-21T02:15:10","guid":{"rendered":"http:\/\/ultimato.com.br\/sites\/sangue-sofrimento-fe\/?page_id=7"},"modified":"2014-10-21T02:24:58","modified_gmt":"2014-10-21T02:24:58","slug":"o-que-disseram","status":"publish","type":"page","link":"https:\/\/ultimato.com.br\/sites\/sangue-sofrimento-fe\/o-que-disseram\/","title":{"rendered":"O que disseram"},"content":{"rendered":"<blockquote><p>A persegui\u00e7\u00e3o religiosa tem se tornado ampla e urgente, tanto na Europa p\u00f3s-crist\u00e3 como em pa\u00edses dominados pelo islamismo e outras religi\u00f5es. Sangue, Sofrimento e F\u00e9 tem imenso valor e deve se tornar uma leitura obrigat\u00f3ria para futuros mission\u00e1rios e educadores de miss\u00f5es. A diversidade de nacionalidades, perspectivas e estilos representados \u00e9 um bom exemplo de como a missiologia crist\u00e3 est\u00e1 se tornando realmente global.<\/p><\/blockquote>\n<p><em>\u2013 Samuel Escobar, te\u00f3logo e professor da Facultad Protestante de Teolog\u00eda UEBE,<\/em><em><br \/>\nMadrid, Espanha<br \/>\n<\/em><\/p>\n<blockquote><p>Sangue, Sofrimento e F\u00e9 \u00e9 um estudo global, impactante e abrangente sobre<br \/>\na persegui\u00e7\u00e3o e o sofrimento. Todo seguidor de Cristo que queira ser bem<br \/>\ninformado e inspirado deveria ler este livro.<\/p><\/blockquote>\n<p><em>\u2013 Geoff Tunnicliffe, CEO e secret\u00e1rio-geral da Alian\u00e7a Evang\u00e9lica Mundial<\/em><\/p>\n<blockquote><p>Em Sangue, Sofrimento e F\u00e9 aprendemos n\u00e3o somente sobre o sofrimento presente, mas tamb\u00e9m sobre a necessidade de adaptarmos nossas pr\u00e1ticas mission\u00e1rias com base nos ensinos das Escrituras.<\/p><\/blockquote>\n<p><em>\u2013 Silas M. Tostes, presidente da Associa\u00e7\u00e3o de Miss\u00f5es Transculturais do Brasil e da Miss\u00e3o Antioquia<\/em><\/p>\n<blockquote><p>Sangue, Sofrimento e F\u00e9 \u00e9 uma compila\u00e7\u00e3o ampla e incompar\u00e1vel de material suficiente para qualquer discuss\u00e3o sobre o sofrimento crist\u00e3o, seja pr\u00e1tica, b\u00edblica ou teol\u00f3gica. Defensores da liberdade religiosa ficar\u00e3o mais ousados, mission\u00e1rios se tornar\u00e3o mais s\u00e1bios e os perseguidos encontrar\u00e3o uma base de apoio tang\u00edvel que tornar\u00e1 poss\u00edvel acreditar na esperan\u00e7a e sust\u00ea-la.<\/p><\/blockquote>\n<p><em>\u2013 Robert A. Seiple, primeiro embaixador geral para a Liberdade Religiosa<\/em><em><br \/>\nInternacional (Estados Unidos, 1999-2001)<\/em><\/p>\n<blockquote><p>Sangue, Sofrimento e F\u00e9 \u00e9 o melhor resultado obtido por pensadores evangelicais no esfor\u00e7o de descrever e analisar em profundidade o que o sofrimento crist\u00e3o e o mart\u00edrio significam e como se configuram nos dias de hoje.<\/p><\/blockquote>\n<p><em>\u2013 Bertil Ekstr\u00f6m, diretor executivo do Comit\u00ea de Miss\u00f5es da Alian\u00e7a Evang\u00e9lica Mundial<\/em><\/p>\n<blockquote><p>Sangue, Sofrimento e F\u00e9 mostra que n\u00e3o podemos conceber miss\u00e3o apropriadamente se a separarmos do sofrimento e da persegui\u00e7\u00e3o; seus autores consideram cada dimens\u00e3o dessa rela\u00e7\u00e3o. N\u00e3o h\u00e1 outro livro com uma discuss\u00e3o b\u00edblica e teol\u00f3gica t\u00e3o cuidadosa, combinada \u00e0 hist\u00f3ria, estudos de caso diversos e discuss\u00f5es focalizadas em pa\u00edses e tend\u00eancias no mundo moderno.<\/p><\/blockquote>\n<p><em>\u2013 Paul Marshall, professor do Centro para a Liberdade Religiosa do Instituto Hudson, em Washington, Estados Unidos<\/em><\/p>\n","protected":false},"excerpt":{"rendered":"<p>A persegui\u00e7\u00e3o religiosa tem se tornado ampla e urgente, tanto na Europa p\u00f3s-crist\u00e3 como em pa\u00edses dominados pelo islamismo e outras religi\u00f5es. Sangue, Sofrimento e F\u00e9 tem imenso valor e deve se tornar uma leitura obrigat\u00f3ria para futuros mission\u00e1rios e educadores de miss\u00f5es. A diversidade de nacionalidades, perspectivas e estilos representados \u00e9 um bom exemplo [&hellip;]<\/p>\n","protected":false},"author":24,"featured_media":0,"parent":0,"menu_order":1,"comment_status":"closed","ping_status":"open","template":"","meta":{"footnotes":""},"class_list":["post-7","page","type-page","status-publish","hentry"],"_links":{"self":[{"href":"https:\/\/ultimato.com.br\/sites\/sangue-sofrimento-fe\/wp-json\/wp\/v2\/pages\/7","targetHints":{"allow":["GET"]}}],"collection":[{"href":"https:\/\/ultimato.com.br\/sites\/sangue-sofrimento-fe\/wp-json\/wp\/v2\/pages"}],"about":[{"href":"https:\/\/ultimato.com.br\/sites\/sangue-sofrimento-fe\/wp-json\/wp\/v2\/types\/page"}],"author":[{"embeddable":true,"href":"https:\/\/ultimato.com.br\/sites\/sangue-sofrimento-fe\/wp-json\/wp\/v2\/users\/24"}],"replies":[{"embeddable":true,"href":"https:\/\/ultimato.com.br\/sites\/sangue-sofrimento-fe\/wp-json\/wp\/v2\/comments?post=7"}],"version-history":[{"count":3,"href":"https:\/\/ultimato.com.br\/sites\/sangue-sofrimento-fe\/wp-json\/wp\/v2\/pages\/7\/revisions"}],"predecessor-version":[{"id":21,"href":"https:\/\/ultimato.com.br\/sites\/sangue-sofrimento-fe\/wp-json\/wp\/v2\/pages\/7\/revisions\/21"}],"wp:attachment":[{"href":"https:\/\/ultimato.com.br\/sites\/sangue-sofrimento-fe\/wp-json\/wp\/v2\/media?parent=7"}],"curies":[{"name":"wp","href":"https:\/\/api.w.org\/{rel}","templated":true}]}}