{"id":9,"date":"2012-02-28T11:00:33","date_gmt":"2012-02-28T14:00:33","guid":{"rendered":"http:\/\/ultimato.com.br\/sites\/robinsoncavalcanti\/?page_id=9"},"modified":"2012-03-01T16:29:44","modified_gmt":"2012-03-01T19:29:44","slug":"para-ler","status":"publish","type":"page","link":"https:\/\/ultimato.com.br\/sites\/robinsoncavalcanti\/para-ler\/","title":{"rendered":"Para Ler"},"content":{"rendered":"<p><span style=\"color: #993300;\">A edi\u00e7\u00e3o 335 da revista Ultimato, impressa no \u00faltimo fim de semana, encerra 27 anos da preciosa contribui\u00e7\u00e3o do bispo Robinson Cavalcanti. Aqui, o leitor pode relembrar e novamente ser edificado e desafiado pelos seus escritos. Para conhecer os livros do autor, acesse <a href=\"http:\/\/ultimato.com.br\/sites\/robinsoncavalcanti\/vida-e-obra-2\/livros\/\">Livros<\/a>.<br \/>\n<\/span><\/p>\n<p>&nbsp;<\/p>\n<p>Ultimato, edi\u00e7\u00e3o 335: <a href=\"http:\/\/www.ultimato.com.br\/conteudo\/profetismo-item-esquecido-da-missao-integral\" target=\"_blank\">Profetismo &#8212; item esquecido da miss\u00e3o integral<\/a><\/p>\n<p>Ultimato, edi\u00e7\u00e3o 334:\u00a0<a href=\"http:\/\/www.ultimato.com.br\/revista\/artigos\/334\/conflito-de-simbolos-e-mandato-cultural\/robinson+cavalcanti\">Conflito de s\u00edmbolos e mandato cultural<\/a><\/p>\n<p>Ultimato edi\u00e7\u00e3o\u00a0333:\u00a0<a href=\"http:\/\/www.ultimato.com.br\/revista\/artigos\/333\/desafios-do-evangelicalismo-progressista\/robinson+cavalcanti\">Desafios do evangelicalismo progressista<\/a><\/p>\n<p>Ultimato edi\u00e7\u00e3o 332: \u00a0<a href=\"http:\/\/www.ultimato.com.br\/revista\/artigos\/332\/o-fim-do-consenso-evangelico\/robinson+cavalcanti\">O fim do Consenso Evang\u00e9lico<\/a><\/p>\n<p>Ultimato edi\u00e7\u00e3o 331: \u00a0<a href=\"http:\/\/www.ultimato.com.br\/revista\/artigos\/331\/os-evangelicos-e-a-pororoca-gay\/robinson+cavalcanti\">Os evang\u00e9licos e a pororoca gay<\/a><\/p>\n<p>Ultimato edi\u00e7\u00e3o 330:\u00a0<a href=\"http:\/\/www.ultimato.com.br\/revista\/artigos\/330\/cristianismo-secularismo-e-cidadania\/robinson+cavalcanti\">Cristianismo, secularismo e cidadania<\/a><\/p>\n<p>Ultimato edi\u00e7\u00e3o 329:\u00a0<a href=\"http:\/\/www.ultimato.com.br\/revista\/artigos\/329\/estado-laico-e-nacao-religiosa\/robinson+cavalcanti\">Estado laico e na\u00e7\u00e3o religiosa<\/a><\/p>\n<p>Ultimato edi\u00e7\u00e3o 328: \u00a0<a href=\"http:\/\/www.ultimato.com.br\/revista\/artigos\/328\/lausanne-o-olhar-de-um-veterano\/robinson+cavalcanti\">Lausanne: o olhar de um veterano<\/a><\/p>\n<p>Ultimato edi\u00e7\u00e3o 327:\u00a0<a href=\"http:\/\/www.ultimato.com.br\/revista\/artigos\/327\/brasil-um-protestantismo-neoanabatista\/robinson+cavalcanti\">Brasil: um protestantismo neoanabatista?<\/a><\/p>\n<p>Ultimato edi\u00e7\u00e3o 326:\u00a0<a href=\"http:\/\/www.ultimato.com.br\/revista\/artigos\/326\/pt-o-partido-que-nunca-foi-governo\/robinson+cavalcanti\">PT &#8211; o partido que nunca foi governo<\/a><\/p>\n<p>Ultimato edi\u00e7\u00e3o 325:\u00a0<a href=\"http:\/\/www.ultimato.com.br\/revista\/artigos\/325\/50-anos-de-crente-1960-2010-parte-final\/robinson+cavalcanti\">50 anos de crente (1960-2010) &#8212; parte final<\/a><\/p>\n<p>Ultimato edi\u00e7\u00e3o 324: \u00a0<a href=\"http:\/\/www.ultimato.com.br\/revista\/artigos\/324\/50-anos-de-crente-19602010-parte-2\/robinson+cavalcanti\">50 anos de crente (1960\u20132010) &#8212; parte 2<\/a><\/p>\n<p>Ultimato edi\u00e7\u00e3o 323:\u00a0<a href=\"http:\/\/www.ultimato.com.br\/revista\/artigos\/323\/50-anos-de-crente-1960-2010-parte-1\/robinson+cavalcanti\">50 anos de crente (1960-2010) &#8212; parte 1<\/a><\/p>\n<p>Ultimato edi\u00e7\u00e3o 322:\u00a0<a href=\"http:\/\/www.ultimato.com.br\/revista\/artigos\/322\/os-bispos-protestantes\/robinson+cavalcanti\">Os bispos protestantes<\/a><\/p>\n<p>Ultimato edi\u00e7\u00e3o 321:\u00a0<a href=\"http:\/\/www.ultimato.com.br\/revista\/artigos\/321\/uma-epopeia-abandonada\/robinson+cavalcanti\">Uma epopeia abandonada<\/a><\/p>\n<p>Ultimato edi\u00e7\u00e3o 320:\u00a0<a href=\"http:\/\/www.ultimato.com.br\/revista\/artigos\/320\/ateucracia-e-heterofobia\/robinson+cavalcanti\">Ateucracia e heterofobia<\/a><\/p>\n<p>Ultimato edi\u00e7\u00e3o 319:\u00a0<a href=\"http:\/\/www.ultimato.com.br\/revista\/artigos\/319\/protestantismo-vanguarda-e-atraso\/robinson+cavalcanti\">Protestantismo: vanguarda e atraso<\/a><\/p>\n<p>Ultimato edi\u00e7\u00e3o 318:\u00a0<a href=\"http:\/\/www.ultimato.com.br\/revista\/artigos\/318\/igreja-o-futuro-esta-no-resgate-do-passado\/robinson+cavalcanti\">Igreja &#8212; o futuro est\u00e1 no resgate do passado<\/a><\/p>\n<p>Ultimato edi\u00e7\u00e3o 317:\u00a0<a href=\"http:\/\/www.ultimato.com.br\/revista\/artigos\/317\/o-mais-importante-e-a-igreja\/robinson+cavalcanti\">O mais importante \u00e9 a igreja<\/a><\/p>\n<p>Ultimato edi\u00e7\u00e3o 316:\u00a0<a href=\"http:\/\/www.ultimato.com.br\/revista\/artigos\/316\/o-conteudo-do-cristianismo\/robinson+cavalcanti\">O conte\u00fado do cristianismo<\/a><\/p>\n<p>Ultimato edi\u00e7\u00e3o 315:\u00a0<a href=\"http:\/\/www.ultimato.com.br\/revista\/artigos\/315\/a-participacao-dos-evangelicos-na-politica-brasileira\/robinson+cavalcanti\">A participa\u00e7\u00e3o dos evang\u00e9licos na pol\u00edtica brasileira<\/a><\/p>\n<p>Ultimato edi\u00e7\u00e3o 314:\u00a0<a href=\"http:\/\/www.ultimato.com.br\/revista\/artigos\/314\/pseudo-pentecostais-nem-evangelicos-nem-protestantes\/robinson+cavalcanti\">Pseudo-pentecostais: nem evang\u00e9licos, nem protestantes<\/a><\/p>\n<p>Ultimato edi\u00e7\u00e3o 313:\u00a0<a href=\"http:\/\/www.ultimato.com.br\/revista\/artigos\/313\/a-mui-santa-participacao-politica\/robinson+cavalcanti\">A mui santa participa\u00e7\u00e3o pol\u00edtica<\/a><\/p>\n<p>Ultimato edi\u00e7\u00e3o 312:\u00a0<a href=\"http:\/\/www.ultimato.com.br\/revista\/artigos\/312\/a-mui-piedosa-esquerda-crista\/robinson+cavalcanti\">A mui piedosa esquerda crist\u00e3<\/a><\/p>\n<p>Ultimato edi\u00e7\u00e3o 311:\u00a0<a href=\"http:\/\/www.ultimato.com.br\/revista\/artigos\/311\/mui-biblica-missao-integral\/robinson+cavalcanti\">Mui b\u00edblica miss\u00e3o integral<\/a><\/p>\n<p>&nbsp;<\/p>\n","protected":false},"excerpt":{"rendered":"<p>A edi\u00e7\u00e3o 335 da revista Ultimato, impressa no \u00faltimo fim de semana, encerra 27 anos da preciosa contribui\u00e7\u00e3o do bispo Robinson Cavalcanti. Aqui, o leitor pode relembrar e novamente ser edificado e desafiado pelos seus escritos. Para conhecer os livros do autor, acesse Livros. &nbsp; Ultimato, edi\u00e7\u00e3o 335: Profetismo &#8212; item esquecido da miss\u00e3o integral [&hellip;]<\/p>\n","protected":false},"author":24,"featured_media":0,"parent":0,"menu_order":4,"comment_status":"open","ping_status":"closed","template":"","meta":{"ngg_post_thumbnail":0,"footnotes":""},"class_list":["post-9","page","type-page","status-publish","hentry"],"_links":{"self":[{"href":"https:\/\/ultimato.com.br\/sites\/robinsoncavalcanti\/wp-json\/wp\/v2\/pages\/9","targetHints":{"allow":["GET"]}}],"collection":[{"href":"https:\/\/ultimato.com.br\/sites\/robinsoncavalcanti\/wp-json\/wp\/v2\/pages"}],"about":[{"href":"https:\/\/ultimato.com.br\/sites\/robinsoncavalcanti\/wp-json\/wp\/v2\/types\/page"}],"author":[{"embeddable":true,"href":"https:\/\/ultimato.com.br\/sites\/robinsoncavalcanti\/wp-json\/wp\/v2\/users\/24"}],"replies":[{"embeddable":true,"href":"https:\/\/ultimato.com.br\/sites\/robinsoncavalcanti\/wp-json\/wp\/v2\/comments?post=9"}],"version-history":[{"count":17,"href":"https:\/\/ultimato.com.br\/sites\/robinsoncavalcanti\/wp-json\/wp\/v2\/pages\/9\/revisions"}],"predecessor-version":[{"id":61,"href":"https:\/\/ultimato.com.br\/sites\/robinsoncavalcanti\/wp-json\/wp\/v2\/pages\/9\/revisions\/61"}],"wp:attachment":[{"href":"https:\/\/ultimato.com.br\/sites\/robinsoncavalcanti\/wp-json\/wp\/v2\/media?parent=9"}],"curies":[{"name":"wp","href":"https:\/\/api.w.org\/{rel}","templated":true}]}}