{"id":202,"date":"2012-03-01T09:08:39","date_gmt":"2012-03-01T12:08:39","guid":{"rendered":"http:\/\/ultimato.com.br\/sites\/robinsoncavalcanti\/?page_id=202"},"modified":"2012-03-01T14:18:21","modified_gmt":"2012-03-01T17:18:21","slug":"noticias","status":"publish","type":"page","link":"https:\/\/ultimato.com.br\/sites\/robinsoncavalcanti\/noticias\/","title":{"rendered":"Not\u00edcias"},"content":{"rendered":"<p>&#8211;\u00a0<a href=\"http:\/\/www.dar.org.br\/noticias\/1-ultimas\/3254-nota-de-falecimento.html#JOSC_TOP\" target=\"_blank\">Nota de Falecimento<\/a>\u00a0[Igreja Anglicana, Diocese do Recife]<\/p>\n<p>&#8211;\u00a0<a href=\"http:\/\/pernambuco.com\/ultimas\/nota.asp?materia=20120227073634\" target=\"_blank\">Bispo Robinson Cavalcanti e esposa assassinados a facadas.<\/a>\u00a0 [Di\u00e1rio de Pernambuco]<\/p>\n<p>&#8211;\u00a0<a href=\"http:\/\/www.ultimato.com.br\/conteudo\/robinson-cavalcanti-19442012-ultimato-lamenta\" target=\"_blank\">Robinson Cavalcanti, 1944-2012. Ultimato lamenta<\/a>. [Portal Ultimato]<\/p>\n<p>&#8211;\u00a0<a href=\"http:\/\/www.ultimato.com.br\/conteudo\/\">A hist\u00f3ria e &#8220;confiss\u00e3o de f\u00e9&#8221; de Robinson Cavalcanti<\/a>. [Portal Ultimato]<\/p>\n<p>&#8211;\u00a0<a href=\"http:\/\/renas.org.br\/2012\/02\/27\/nota-de-luto-e-pesar\/\">Nota de luto e pesar<\/a>\u00a0[Rede Evang\u00e9lica Nacional de A\u00e7\u00e3o Social, RENAS]<\/p>\n<p>&#8211;\u00a0<a href=\"http:\/\/redefale.blogspot.com\/2012\/02\/nota-sobre-o-falecimento-de-robinson-e.html\">Nota de pesar pelo falecimento de Robinson e Miriam Cavalcanti<\/a> [Rede FALE]<\/p>\n<p>&#8211;<a href=\"http:\/\/www.aliancaevangelica.org.br\/luto-e-pesar\/\">\u00a0Luto e Pesar<\/a>\u00a0[Alian\u00e7a Evang\u00e9lica]<\/p>\n<p>&#8211;\u00a0<a href=\"http:\/\/www.ultimato.com.br\/conteudo\/robinson-sera-enterrado-nesta-quarta-29-de-fevereiro\">Robinson ser\u00e1 enterrado nesta quarta, 29 de fevereiro<\/a>\u00a0[Portal Ultimato]<\/p>\n<p>&#8211;\u00a0<a href=\"http:\/\/g1.globo.com\/pernambuco\/noticia\/2012\/02\/em-olinda-igreja-fica-lotada-durante-velorio-de-bispo-assassinado.html\">Em Olinda, igreja fica lotada durante vel\u00f3rio de bispo assassinado<\/a>\u00a0[G1 Pernambuco]<\/p>\n<p>&#8211;\u00a0<a href=\"http:\/\/ne10.uol.com.br\/canal\/cotidiano\/grande-recife\/noticia\/2012\/02\/29\/bispo-robinson-e-esposa-sao-enterrados-no-morada-da-paz-329457.php\">Bispo Robinson e esposa s\u00e3o enterrados no Morada da Paz<\/a> [ne10]<\/p>\n<p>&#8211;\u00a0<a href=\"http:\/\/www.koinoniaonline.net\/\">Papo na Rede, ao vivo <\/a>&#8211; Hoje, 01\/03, 16h30 &#8211; O legado de um pastor-mestre, com Ziel Machado [Koinoniaonline<wbr>.net]<\/wbr><\/p>\n","protected":false},"excerpt":{"rendered":"<p>&#8211;\u00a0Nota de Falecimento\u00a0[Igreja Anglicana, Diocese do Recife] &#8211;\u00a0Bispo Robinson Cavalcanti e esposa assassinados a facadas.\u00a0 [Di\u00e1rio de Pernambuco] &#8211;\u00a0Robinson Cavalcanti, 1944-2012. Ultimato lamenta. [Portal Ultimato] &#8211;\u00a0A hist\u00f3ria e &#8220;confiss\u00e3o de f\u00e9&#8221; de Robinson Cavalcanti. [Portal Ultimato] &#8211;\u00a0Nota de luto e pesar\u00a0[Rede Evang\u00e9lica Nacional de A\u00e7\u00e3o Social, RENAS] &#8211;\u00a0Nota de pesar pelo falecimento de Robinson e [&hellip;]<\/p>\n","protected":false},"author":24,"featured_media":0,"parent":0,"menu_order":6,"comment_status":"open","ping_status":"closed","template":"","meta":{"ngg_post_thumbnail":0,"footnotes":""},"class_list":["post-202","page","type-page","status-publish","hentry"],"_links":{"self":[{"href":"https:\/\/ultimato.com.br\/sites\/robinsoncavalcanti\/wp-json\/wp\/v2\/pages\/202","targetHints":{"allow":["GET"]}}],"collection":[{"href":"https:\/\/ultimato.com.br\/sites\/robinsoncavalcanti\/wp-json\/wp\/v2\/pages"}],"about":[{"href":"https:\/\/ultimato.com.br\/sites\/robinsoncavalcanti\/wp-json\/wp\/v2\/types\/page"}],"author":[{"embeddable":true,"href":"https:\/\/ultimato.com.br\/sites\/robinsoncavalcanti\/wp-json\/wp\/v2\/users\/24"}],"replies":[{"embeddable":true,"href":"https:\/\/ultimato.com.br\/sites\/robinsoncavalcanti\/wp-json\/wp\/v2\/comments?post=202"}],"version-history":[{"count":10,"href":"https:\/\/ultimato.com.br\/sites\/robinsoncavalcanti\/wp-json\/wp\/v2\/pages\/202\/revisions"}],"predecessor-version":[{"id":216,"href":"https:\/\/ultimato.com.br\/sites\/robinsoncavalcanti\/wp-json\/wp\/v2\/pages\/202\/revisions\/216"}],"wp:attachment":[{"href":"https:\/\/ultimato.com.br\/sites\/robinsoncavalcanti\/wp-json\/wp\/v2\/media?parent=202"}],"curies":[{"name":"wp","href":"https:\/\/api.w.org\/{rel}","templated":true}]}}