{"id":14,"date":"2015-11-04T03:09:47","date_gmt":"2015-11-04T03:09:47","guid":{"rendered":"http:\/\/ultimato.com.br\/sites\/religiao-mais-negra-brasil\/?page_id=14"},"modified":"2015-11-05T11:52:35","modified_gmt":"2015-11-05T11:52:35","slug":"o-que-disseram","status":"publish","type":"page","link":"https:\/\/ultimato.com.br\/sites\/religiao-mais-negra-brasil\/o-que-disseram\/","title":{"rendered":"O que disseram"},"content":{"rendered":"<blockquote><p><strong>A Religi\u00e3o Mais Negra do Brasil<\/strong> apresenta uma cr\u00edtica bastante oportuna \u00e0s igrejas evang\u00e9licas n\u00e3o pentecostais, que, em geral, fazem suas op\u00e7\u00f5es pastorais e eclesi\u00e1sticas pelas elites e apresentam grande dificuldade de cria\u00e7\u00e3o de linguagem, estrat\u00e9gias mission\u00e1rias e espa\u00e7os lit\u00fargicos que estejam em sintonia com a realidade de vida das pessoas negras.\u00a0Mesmo valorizando o contexto pentecostal, favor\u00e1vel \u00e0 expressiva participa\u00e7\u00e3o de negros no pa\u00eds, o autor n\u00e3o nos oferece uma interpreta\u00e7\u00e3o ing\u00eanua ou rom\u00e2ntica dessa realidade. Ao contr\u00e1rio, ele tamb\u00e9m nos mostra as contradi\u00e7\u00f5es, as formas de fundamentalismo, a manuten\u00e7\u00e3o de estigmas de inferioridade e de cultura do branqueamento presentes nesse contexto.\u00a0De fato, pensar a Igreja n\u00e3o \u00e9 tarefa das mais simples [&#8230;] H\u00e1 no interior das igrejas e nas suas fronteiras com a sociedade in\u00fameras experi\u00eancias de a\u00e7\u00f5es afirmativas que marcam o campo da negritude no pa\u00eds. Em boa parte das vezes, tais iniciativas est\u00e3o encobertas, fragmentadas e sem visibilidade. A leitura deste livro \u00e9 um bom ponto de partida para maior sensibiliza\u00e7\u00e3o humana e pol\u00edtica, para vencermos diversas formas de preconceito e discrimina\u00e7\u00e3o no Brasil.<\/p><\/blockquote>\n<p><em>&#8211; Claudio de Oliveira Ribeiro, professor de teologia e ci\u00eancias da religi\u00e3o da Universidade Metodista de S\u00e3o Paulo.<\/em><\/p>\n","protected":false},"excerpt":{"rendered":"<p>A Religi\u00e3o Mais Negra do Brasil apresenta uma cr\u00edtica bastante oportuna \u00e0s igrejas evang\u00e9licas n\u00e3o pentecostais, que, em geral, fazem suas op\u00e7\u00f5es pastorais e eclesi\u00e1sticas pelas elites e apresentam grande dificuldade de cria\u00e7\u00e3o de linguagem, estrat\u00e9gias mission\u00e1rias e espa\u00e7os lit\u00fargicos que estejam em sintonia com a realidade de vida das pessoas negras.\u00a0Mesmo valorizando o contexto [&hellip;]<\/p>\n","protected":false},"author":24,"featured_media":0,"parent":0,"menu_order":2,"comment_status":"closed","ping_status":"closed","template":"","meta":{"footnotes":""},"class_list":["post-14","page","type-page","status-publish","hentry"],"_links":{"self":[{"href":"https:\/\/ultimato.com.br\/sites\/religiao-mais-negra-brasil\/wp-json\/wp\/v2\/pages\/14","targetHints":{"allow":["GET"]}}],"collection":[{"href":"https:\/\/ultimato.com.br\/sites\/religiao-mais-negra-brasil\/wp-json\/wp\/v2\/pages"}],"about":[{"href":"https:\/\/ultimato.com.br\/sites\/religiao-mais-negra-brasil\/wp-json\/wp\/v2\/types\/page"}],"author":[{"embeddable":true,"href":"https:\/\/ultimato.com.br\/sites\/religiao-mais-negra-brasil\/wp-json\/wp\/v2\/users\/24"}],"replies":[{"embeddable":true,"href":"https:\/\/ultimato.com.br\/sites\/religiao-mais-negra-brasil\/wp-json\/wp\/v2\/comments?post=14"}],"version-history":[{"count":3,"href":"https:\/\/ultimato.com.br\/sites\/religiao-mais-negra-brasil\/wp-json\/wp\/v2\/pages\/14\/revisions"}],"predecessor-version":[{"id":41,"href":"https:\/\/ultimato.com.br\/sites\/religiao-mais-negra-brasil\/wp-json\/wp\/v2\/pages\/14\/revisions\/41"}],"wp:attachment":[{"href":"https:\/\/ultimato.com.br\/sites\/religiao-mais-negra-brasil\/wp-json\/wp\/v2\/media?parent=14"}],"curies":[{"name":"wp","href":"https:\/\/api.w.org\/{rel}","templated":true}]}}