{"id":170,"date":"2017-09-28T08:24:52","date_gmt":"2017-09-28T11:24:52","guid":{"rendered":"http:\/\/ultimato.com.br\/sites\/reformadores\/?page_id=170"},"modified":"2017-09-28T08:36:50","modified_gmt":"2017-09-28T11:36:50","slug":"estudos-biblicos","status":"publish","type":"page","link":"https:\/\/ultimato.com.br\/sites\/reformadores\/estudos-biblicos\/","title":{"rendered":"Estudos B\u00edblicos"},"content":{"rendered":"<p><strong>S\u00e9rie 5 Solas (os cinco princ\u00edpios da teologia reformada):<\/strong><\/p>\n<p><a href=\"http:\/\/ultimato.com.br\/sites\/estudos-biblicos\/assunto\/vida-crista\/sola-scriptura\/\" target=\"_blank\" rel=\"noopener\">Sola Scriptura\u00a0\u2013 A\u00a0Escritura contra a amea\u00e7a da tradi\u00e7\u00e3o e do autoritarismo<\/a><\/p>\n<p><a href=\"http:\/\/ultimato.com.br\/sites\/estudos-biblicos\/assunto\/evangelizacao\/sola-gratia-somente-a-graca\/\" target=\"_blank\" rel=\"noopener\">Sola Gratia\u00a0\u2013 A gra\u00e7a de Deus em oposi\u00e7\u00e3o \u00e0 doutrina de m\u00e9ritos e \u00e0s indulg\u00eancias<\/a><\/p>\n<p><a href=\"http:\/\/ultimato.com.br\/sites\/estudos-biblicos\/assunto\/vida-crista\/sola-fide-somente-a-fe\/\" target=\"_blank\" rel=\"noopener\">Sola Fide \u2013 A doutrina da f\u00e9 em oposi\u00e7\u00e3o \u00e0 institucionaliza\u00e7\u00e3o morta e \u00e0 salva\u00e7\u00e3o pelas obras<\/a><\/p>\n<p><a href=\"http:\/\/ultimato.com.br\/sites\/estudos-biblicos\/assunto\/igreja\/solus-christus-somente-cristo\/\" target=\"_blank\" rel=\"noopener\">Solus Christus \u2013\u00a0A sufici\u00eancia de Cristo para a salva\u00e7\u00e3o<\/a><\/p>\n<p><a href=\"http:\/\/ultimato.com.br\/sites\/estudos-biblicos\/assunto\/evangelizacao\/soli-deo-gloria\/\" target=\"_blank\" rel=\"noopener\">Soli Deo gloria \u2013 A gl\u00f3ria de Deus em oposi\u00e7\u00e3o \u00e0 nulidade dos \u00eddolos<\/a><\/p>\n<p><strong>Estudos sobre o impacto e desdobramentos da Reforma:<\/strong><\/p>\n<p><a href=\"http:\/\/ultimato.com.br\/sites\/estudos-biblicos\/assunto\/igreja\/justificacao-o-ponto-de-partida-da-reforma\/\" target=\"_blank\" rel=\"noopener\">Justifica\u00e7\u00e3o\u00a0\u2013 o ponto de partida da Reforma<\/a><\/p>\n<p><a href=\"http:\/\/ultimato.com.br\/sites\/estudos-biblicos\/assunto\/igreja\/wyclif-e-hus-a-reforma-pela-palavra\/\" target=\"_blank\" rel=\"noopener\">Wyclif e Hus: A Reforma pela Palavra<\/a><\/p>\n<p><a href=\"http:\/\/ultimato.com.br\/sites\/estudos-biblicos\/assunto\/igreja\/um-chamado-a-reforma\/\" target=\"_blank\" rel=\"noopener\">Um chamado \u00e0 Reforma<\/a><\/p>\n<p><a href=\"http:\/\/ultimato.com.br\/sites\/estudos-biblicos\/assunto\/igreja\/cosmovisao-reformada-na-familia\/\" target=\"_blank\" rel=\"noopener\">Cosmovis\u00e3o Reformada na Fam\u00edlia<\/a><\/p>\n<p><a href=\"http:\/\/ultimato.com.br\/sites\/estudos-biblicos\/assunto\/igreja\/a-reforma-e-a-educacao-calvino-knox-e-comenio\/\" target=\"_blank\" rel=\"noopener\">A Reforma e a educa\u00e7\u00e3o: Calvino, Knox e Com\u00eanio<\/a><\/p>\n<p><a href=\"http:\/\/ultimato.com.br\/sites\/estudos-biblicos\/assunto\/igreja\/a-reforma-a-vida-e-a-arte\/\" target=\"_blank\" rel=\"noopener\">A Reforma, a vida e a arte<\/a><\/p>\n<p>&nbsp;<\/p>\n","protected":false},"excerpt":{"rendered":"<p>S\u00e9rie 5 Solas (os cinco princ\u00edpios da teologia reformada): Sola Scriptura\u00a0\u2013 A\u00a0Escritura contra a amea\u00e7a da tradi\u00e7\u00e3o e do autoritarismo Sola Gratia\u00a0\u2013 A gra\u00e7a de Deus em oposi\u00e7\u00e3o \u00e0 doutrina de m\u00e9ritos e \u00e0s indulg\u00eancias Sola Fide \u2013 A doutrina da f\u00e9 em oposi\u00e7\u00e3o \u00e0 institucionaliza\u00e7\u00e3o morta e \u00e0 salva\u00e7\u00e3o pelas obras Solus Christus \u2013\u00a0A [&hellip;]<\/p>\n","protected":false},"author":24,"featured_media":0,"parent":0,"menu_order":4,"comment_status":"closed","ping_status":"closed","template":"","meta":{"ngg_post_thumbnail":0,"footnotes":""},"class_list":["post-170","page","type-page","status-publish","hentry"],"_links":{"self":[{"href":"https:\/\/ultimato.com.br\/sites\/reformadores\/wp-json\/wp\/v2\/pages\/170","targetHints":{"allow":["GET"]}}],"collection":[{"href":"https:\/\/ultimato.com.br\/sites\/reformadores\/wp-json\/wp\/v2\/pages"}],"about":[{"href":"https:\/\/ultimato.com.br\/sites\/reformadores\/wp-json\/wp\/v2\/types\/page"}],"author":[{"embeddable":true,"href":"https:\/\/ultimato.com.br\/sites\/reformadores\/wp-json\/wp\/v2\/users\/24"}],"replies":[{"embeddable":true,"href":"https:\/\/ultimato.com.br\/sites\/reformadores\/wp-json\/wp\/v2\/comments?post=170"}],"version-history":[{"count":3,"href":"https:\/\/ultimato.com.br\/sites\/reformadores\/wp-json\/wp\/v2\/pages\/170\/revisions"}],"predecessor-version":[{"id":175,"href":"https:\/\/ultimato.com.br\/sites\/reformadores\/wp-json\/wp\/v2\/pages\/170\/revisions\/175"}],"wp:attachment":[{"href":"https:\/\/ultimato.com.br\/sites\/reformadores\/wp-json\/wp\/v2\/media?parent=170"}],"curies":[{"name":"wp","href":"https:\/\/api.w.org\/{rel}","templated":true}]}}