{"id":153,"date":"2017-09-27T11:25:43","date_gmt":"2017-09-27T14:25:43","guid":{"rendered":"http:\/\/ultimato.com.br\/sites\/reformadores\/?page_id=153"},"modified":"2017-09-27T11:25:43","modified_gmt":"2017-09-27T14:25:43","slug":"slides","status":"publish","type":"page","link":"https:\/\/ultimato.com.br\/sites\/reformadores\/multimidia\/slides\/","title":{"rendered":"Slides"},"content":{"rendered":"<h5>N\u00e3o havia blogueiro de plant\u00e3o, Twitter e nem Facebook.<br \/>\nNo entanto, Lutero fez muito barulho e, em 2017, vamos celebrar 500 anos da Reforma.<br \/>\nClaro, voc\u00ea n\u00e3o viu nada. Por isso, Ultimato d\u00e1 uma ajuda. Basta um clique.<\/h5>\n<p>&nbsp;<\/p>\n<div class=\"prezi-player\">\n<div class=\"prezi-player-links\">\n<div>\n<div class=\"prezi-player\">\n<p><object id=\"prezi_hc69qvkp-_qr\" name=\"prezi_hc69qvkp-_qr\" width=\"560\" height=\"446\" classid=\"clsid:d27cdb6e-ae6d-11cf-96b8-444553540000\" codebase=\"http:\/\/download.macromedia.com\/pub\/shockwave\/cabs\/flash\/swflash.cab#version=6,0,40,0\" data-mce-fragment=\"1\"><param name=\"allowfullscreen\" value=\"true\" \/><param name=\"allowFullScreenInteractive\" value=\"true\" \/><param name=\"allowscriptaccess\" value=\"always\" \/><param name=\"wmode\" value=\"direct\" \/><param name=\"flashvars\" value=\"prezi_id=hc69qvkp-_qr&amp;lock_to_path=0&amp;color=ffffff&amp;autoplay=no&amp;autohide_ctrls=0\" \/><param name=\"src\" value=\"http:\/\/prezi.com\/bin\/preziloader.swf\" \/><param name=\"allowfullscreeninteractive\" value=\"true\" \/><embed id=\"prezi_hc69qvkp-_qr\" width=\"560\" height=\"446\" type=\"application\/x-shockwave-flash\" src=\"http:\/\/prezi.com\/bin\/preziloader.swf\" allowfullscreen=\"allowfullscreen\" allowfullscreeninteractive=\"true\" allowscriptaccess=\"always\" wmode=\"direct\" flashvars=\"prezi_id=hc69qvkp-_qr&amp;lock_to_path=0&amp;color=ffffff&amp;autoplay=no&amp;autohide_ctrls=0\" name=\"prezi_hc69qvkp-_qr\" bgcolor=\"#ffffff\" \/><\/object><\/p>\n<div><\/div>\n<\/div>\n<\/div>\n<p><iframe loading=\"lazy\" src=\"\/\/www.slideshare.net\/slideshow\/embed_code\/key\/gUGpsALohkNSyb\" width=\"560\" height=\"485\" frameborder=\"0\" marginwidth=\"0\" marginheight=\"0\" scrolling=\"no\" allowfullscreen=\"allowfullscreen\" data-mce-fragment=\"1\"> <\/iframe><\/p>\n<\/div>\n<\/div>\n","protected":false},"excerpt":{"rendered":"<p>N\u00e3o havia blogueiro de plant\u00e3o, Twitter e nem Facebook. No entanto, Lutero fez muito barulho e, em 2017, vamos celebrar 500 anos da Reforma. Claro, voc\u00ea n\u00e3o viu nada. Por isso, Ultimato d\u00e1 uma ajuda. Basta um clique. &nbsp;<\/p>\n","protected":false},"author":24,"featured_media":0,"parent":11,"menu_order":3,"comment_status":"closed","ping_status":"closed","template":"","meta":{"ngg_post_thumbnail":0,"footnotes":""},"class_list":["post-153","page","type-page","status-publish","hentry"],"_links":{"self":[{"href":"https:\/\/ultimato.com.br\/sites\/reformadores\/wp-json\/wp\/v2\/pages\/153","targetHints":{"allow":["GET"]}}],"collection":[{"href":"https:\/\/ultimato.com.br\/sites\/reformadores\/wp-json\/wp\/v2\/pages"}],"about":[{"href":"https:\/\/ultimato.com.br\/sites\/reformadores\/wp-json\/wp\/v2\/types\/page"}],"author":[{"embeddable":true,"href":"https:\/\/ultimato.com.br\/sites\/reformadores\/wp-json\/wp\/v2\/users\/24"}],"replies":[{"embeddable":true,"href":"https:\/\/ultimato.com.br\/sites\/reformadores\/wp-json\/wp\/v2\/comments?post=153"}],"version-history":[{"count":10,"href":"https:\/\/ultimato.com.br\/sites\/reformadores\/wp-json\/wp\/v2\/pages\/153\/revisions"}],"predecessor-version":[{"id":221,"href":"https:\/\/ultimato.com.br\/sites\/reformadores\/wp-json\/wp\/v2\/pages\/153\/revisions\/221"}],"up":[{"embeddable":true,"href":"https:\/\/ultimato.com.br\/sites\/reformadores\/wp-json\/wp\/v2\/pages\/11"}],"wp:attachment":[{"href":"https:\/\/ultimato.com.br\/sites\/reformadores\/wp-json\/wp\/v2\/media?parent=153"}],"curies":[{"name":"wp","href":"https:\/\/api.w.org\/{rel}","templated":true}]}}