{"id":33,"date":"2013-10-30T20:40:19","date_gmt":"2013-10-30T20:40:19","guid":{"rendered":"http:\/\/ultimato.com.br\/sites\/refeicoes-diarias-com-os-discipulos\/?page_id=33"},"modified":"2013-10-30T20:48:43","modified_gmt":"2013-10-30T20:48:43","slug":"o-autor","status":"publish","type":"page","link":"https:\/\/ultimato.com.br\/sites\/refeicoes-diarias-com-os-discipulos\/o-autor\/","title":{"rendered":"O autor"},"content":{"rendered":"<p><strong><a href=\"http:\/\/ultimato.com.br\/sites\/refeicoes-diarias-com-os-discipulos\/files\/2013\/10\/foto_hs_rdd.jpg\"><img loading=\"lazy\" decoding=\"async\" class=\"alignright size-thumbnail wp-image-12\" alt=\"foto_hs_rdd\" src=\"http:\/\/ultimato.com.br\/sites\/refeicoes-diarias-com-os-discipulos\/files\/2013\/10\/foto_hs_rdd-150x150.jpg\" width=\"150\" height=\"150\" \/><\/a>Elben M. Lenz C\u00e9sar<\/strong> \u00e9 diretor da revista<em> Ultimato<\/em>. \u00c9 autor de, entre outros, <em>Pr\u00e1ticas Devocionais, Hist\u00f3ria da Evangeliza\u00e7\u00e3o do Brasil, Refei\u00e7\u00f5es Di\u00e1rias com o Sabor dos Salmos <\/em>e<em> Refei\u00e7\u00f5es Di\u00e1rias com Jesus,<\/em> todos publicados pela Editora Ultimato.<\/p>\n","protected":false},"excerpt":{"rendered":"<p>Elben M. Lenz C\u00e9sar \u00e9 diretor da revista Ultimato. \u00c9 autor de, entre outros, Pr\u00e1ticas Devocionais, Hist\u00f3ria da Evangeliza\u00e7\u00e3o do Brasil, Refei\u00e7\u00f5es Di\u00e1rias com o Sabor dos Salmos e Refei\u00e7\u00f5es Di\u00e1rias com Jesus, todos publicados pela Editora Ultimato.<\/p>\n","protected":false},"author":24,"featured_media":0,"parent":0,"menu_order":2,"comment_status":"open","ping_status":"open","template":"","meta":{"footnotes":""},"class_list":["post-33","page","type-page","status-publish","hentry"],"_links":{"self":[{"href":"https:\/\/ultimato.com.br\/sites\/refeicoes-diarias-com-os-discipulos\/wp-json\/wp\/v2\/pages\/33","targetHints":{"allow":["GET"]}}],"collection":[{"href":"https:\/\/ultimato.com.br\/sites\/refeicoes-diarias-com-os-discipulos\/wp-json\/wp\/v2\/pages"}],"about":[{"href":"https:\/\/ultimato.com.br\/sites\/refeicoes-diarias-com-os-discipulos\/wp-json\/wp\/v2\/types\/page"}],"author":[{"embeddable":true,"href":"https:\/\/ultimato.com.br\/sites\/refeicoes-diarias-com-os-discipulos\/wp-json\/wp\/v2\/users\/24"}],"replies":[{"embeddable":true,"href":"https:\/\/ultimato.com.br\/sites\/refeicoes-diarias-com-os-discipulos\/wp-json\/wp\/v2\/comments?post=33"}],"version-history":[{"count":3,"href":"https:\/\/ultimato.com.br\/sites\/refeicoes-diarias-com-os-discipulos\/wp-json\/wp\/v2\/pages\/33\/revisions"}],"predecessor-version":[{"id":44,"href":"https:\/\/ultimato.com.br\/sites\/refeicoes-diarias-com-os-discipulos\/wp-json\/wp\/v2\/pages\/33\/revisions\/44"}],"wp:attachment":[{"href":"https:\/\/ultimato.com.br\/sites\/refeicoes-diarias-com-os-discipulos\/wp-json\/wp\/v2\/media?parent=33"}],"curies":[{"name":"wp","href":"https:\/\/api.w.org\/{rel}","templated":true}]}}

<p><strong><a href="http://ultimato.com.br/sites/refeicoes-diarias-com-os-discipulos/files/2013/10/foto_hs_rdd.jpg"><img loading="lazy" decoding="async" class="alignright size-thumbnail wp-image-12" alt="foto_hs_rdd" src="http://ultimato.com.br/sites/refeicoes-diarias-com-os-discipulos/files/2013/10/foto_hs_rdd-150x150.jpg" width="150" height="150" /></a>Elben M. Lenz César</strong> é diretor da revista<em> Ultimato</em>. É autor de, entre outros, <em>Práticas Devocionais, História da Evangelização do Brasil, Refeições Diárias com o Sabor dos Salmos </em>e<em> Refeições Diárias com Jesus,</em> todos publicados pela Editora Ultimato.</p>

<p>Elben M. Lenz César é diretor da revista Ultimato. É autor de, entre outros, Práticas Devocionais, História da Evangelização do Brasil, Refeições Diárias com o Sabor dos Salmos e Refeições Diárias com Jesus, todos publicados pela Editora Ultimato.</p>
