{"id":16,"date":"2013-10-30T20:33:27","date_gmt":"2013-10-30T20:33:27","guid":{"rendered":"http:\/\/ultimato.com.br\/sites\/refeicoes-diarias-com-os-discipulos\/?page_id=16"},"modified":"2013-10-30T20:46:55","modified_gmt":"2013-10-30T20:46:55","slug":"o-que-disseram","status":"publish","type":"page","link":"https:\/\/ultimato.com.br\/sites\/refeicoes-diarias-com-os-discipulos\/o-que-disseram\/","title":{"rendered":"O que disseram"},"content":{"rendered":"<blockquote>\n<p dir=\"ltr\"><strong>Refei\u00e7\u00f5es Di\u00e1rias com os Disc\u00edpulos <\/strong>\u00e9 uma mesa farta e repleta de terna identifica\u00e7\u00e3o. Elben C\u00e9sar nos convida a tomarmos lugar ao lado de quatro amigos que ele tem em comum com Jesus Cristo: Tiago, Pedro, Jo\u00e3o e Judas. Os quatro disc\u00edpulos viram, ouviram e contemplaram o Senhor. Proclamaram e testemunharam a f\u00e9 com a vida e com o santo texto b\u00edblico e hoje nos fortalecem com o sabor da Palavra, que o autor distribui como quem parte o p\u00e3o em uma mesa de irm\u00e3os.<\/p>\n<\/blockquote>\n<p dir=\"ltr\"><em>Maria In\u00eas Carniato<\/em>, diretora da revista <em>Di\u00e1logo,<\/em> publica\u00e7\u00e3o de ensino religioso da Paulinas Editora<\/p>\n<p>&nbsp;<\/p>\n<blockquote><p>Como b\u00e1lsamo para o cora\u00e7\u00e3o e mel para ado\u00e7ar a vida s\u00e3o as medita\u00e7\u00f5es do pastor Elben C\u00e9sar. <strong>Refei\u00e7\u00f5es Di\u00e1rias com os Disc\u00edpulos<\/strong> \u00e9 sustan\u00e7a para nossas vidas.<\/p><\/blockquote>\n<p dir=\"ltr\"><em>Jeremias Pereira<\/em>, escritor e conferencista, pastor da Oitava Igreja Presbiteriana de Belo Horizonte, MG<\/p>\n<p>&nbsp;<\/p>\n<blockquote>\n<p dir=\"ltr\">Que convite irresist\u00edvel, sentar-nos \u00e0 mesa com os companheiros de caminhada de Jesus, que no dia a dia aprenderam coisas maravilhosas com esse ser sublime e humilde, t\u00e3o humano e t\u00e3o divino, transbordante de gra\u00e7a e de verdade.<\/p>\n<\/blockquote>\n<p><em>Antonia Leonora van der Meer<\/em>, professora de miss\u00f5es e membro da equipe de lideran\u00e7a do CIM \u2013 Cuidado Integral do Mission\u00e1rio<\/p>\n","protected":false},"excerpt":{"rendered":"<p>Refei\u00e7\u00f5es Di\u00e1rias com os Disc\u00edpulos \u00e9 uma mesa farta e repleta de terna identifica\u00e7\u00e3o. Elben C\u00e9sar nos convida a tomarmos lugar ao lado de quatro amigos que ele tem em comum com Jesus Cristo: Tiago, Pedro, Jo\u00e3o e Judas. Os quatro disc\u00edpulos viram, ouviram e contemplaram o Senhor. Proclamaram e testemunharam a f\u00e9 com a [&hellip;]<\/p>\n","protected":false},"author":24,"featured_media":0,"parent":0,"menu_order":1,"comment_status":"open","ping_status":"open","template":"","meta":{"footnotes":""},"class_list":["post-16","page","type-page","status-publish","hentry"],"_links":{"self":[{"href":"https:\/\/ultimato.com.br\/sites\/refeicoes-diarias-com-os-discipulos\/wp-json\/wp\/v2\/pages\/16","targetHints":{"allow":["GET"]}}],"collection":[{"href":"https:\/\/ultimato.com.br\/sites\/refeicoes-diarias-com-os-discipulos\/wp-json\/wp\/v2\/pages"}],"about":[{"href":"https:\/\/ultimato.com.br\/sites\/refeicoes-diarias-com-os-discipulos\/wp-json\/wp\/v2\/types\/page"}],"author":[{"embeddable":true,"href":"https:\/\/ultimato.com.br\/sites\/refeicoes-diarias-com-os-discipulos\/wp-json\/wp\/v2\/users\/24"}],"replies":[{"embeddable":true,"href":"https:\/\/ultimato.com.br\/sites\/refeicoes-diarias-com-os-discipulos\/wp-json\/wp\/v2\/comments?post=16"}],"version-history":[{"count":3,"href":"https:\/\/ultimato.com.br\/sites\/refeicoes-diarias-com-os-discipulos\/wp-json\/wp\/v2\/pages\/16\/revisions"}],"predecessor-version":[{"id":42,"href":"https:\/\/ultimato.com.br\/sites\/refeicoes-diarias-com-os-discipulos\/wp-json\/wp\/v2\/pages\/16\/revisions\/42"}],"wp:attachment":[{"href":"https:\/\/ultimato.com.br\/sites\/refeicoes-diarias-com-os-discipulos\/wp-json\/wp\/v2\/media?parent=16"}],"curies":[{"name":"wp","href":"https:\/\/api.w.org\/{rel}","templated":true}]}}

<blockquote>
<p dir="ltr"><strong>Refeições Diárias com os Discípulos </strong>é uma mesa farta e repleta de terna identificação. Elben César nos convida a tomarmos lugar ao lado de quatro amigos que ele tem em comum com Jesus Cristo: Tiago, Pedro, João e Judas. Os quatro discípulos viram, ouviram e contemplaram o Senhor. Proclamaram e testemunharam a fé com a vida e com o santo texto bíblico e hoje nos fortalecem com o sabor da Palavra, que o autor distribui como quem parte o pão em uma mesa de irmãos.</p>
</blockquote>
<p dir="ltr"><em>Maria Inês Carniato</em>, diretora da revista <em>Diálogo,</em> publicação de ensino religioso da Paulinas Editora</p>
<p>&nbsp;</p>
<blockquote><p>Como bálsamo para o coração e mel para adoçar a vida são as meditações do pastor Elben César. <strong>Refeições Diárias com os Discípulos</strong> é sustança para nossas vidas.</p></blockquote>
<p dir="ltr"><em>Jeremias Pereira</em>, escritor e conferencista, pastor da Oitava Igreja Presbiteriana de Belo Horizonte, MG</p>
<p>&nbsp;</p>
<blockquote>
<p dir="ltr">Que convite irresistível, sentar-nos à mesa com os companheiros de caminhada de Jesus, que no dia a dia aprenderam coisas maravilhosas com esse ser sublime e humilde, tão humano e tão divino, transbordante de graça e de verdade.</p>
</blockquote>
<p><em>Antonia Leonora van der Meer</em>, professora de missões e membro da equipe de liderança do CIM – Cuidado Integral do Missionário</p>

<p>Refeições Diárias com os Discípulos é uma mesa farta e repleta de terna identificação. Elben César nos convida a tomarmos lugar ao lado de quatro amigos que ele tem em comum com Jesus Cristo: Tiago, Pedro, João e Judas. Os quatro discípulos viram, ouviram e contemplaram o Senhor. Proclamaram e testemunharam a fé com a [&hellip;]</p>
