{"id":30,"date":"2011-09-09T16:11:51","date_gmt":"2011-09-09T19:11:51","guid":{"rendered":"http:\/\/ultimato.com.br\/sites\/refeicoes-diarias-2012\/?page_id=30"},"modified":"2011-09-09T16:26:47","modified_gmt":"2011-09-09T19:26:47","slug":"papel-de-parede","status":"publish","type":"page","link":"https:\/\/ultimato.com.br\/sites\/refeicoes-diarias-2012\/extras\/papel-de-parede\/","title":{"rendered":"Papel de parede"},"content":{"rendered":"<p>Disponibilizamos\u00a0abaixo papeis de parede para o seu micro do livro <strong>Refei\u00e7\u00f5es Di\u00e1rias &#8211; no partir do p\u00e3o e nas ora\u00e7\u00f5es<\/strong>.<\/p>\n<p><a href=\"http:\/\/www.ultimato.com.br\/boletim\/downloads\/devoc2012\/wallpaper_devoc2012_800x600.jpg\" class=\"lightview\" data-lightview-group=\"group-30\" data-lightview-options=\"skin: 'dark', controls: 'relative', padding: '10', shadow: { color: '#000000', opacity: 0.08, blur: 3 }\" data-lightview-title=\"Papel de Parede Refei\u00e7\u00f5es Di\u00e1rias\"><img loading=\"lazy\" decoding=\"async\" class=\"aligncenter size-medium wp-image-53\" title=\"Papel de Parede Refei\u00e7\u00f5es Di\u00e1rias\" src=\"http:\/\/www.ultimato.com.br\/boletim\/downloads\/devoc2012\/wallpaper_devoc2012_800x600.jpg\" alt=\"\" width=\"300\" height=\"225\" \/><\/a><\/p>\n<p>Papel de parede 1 &#8211;\u00a0800&#215;600 &#8211;\u00a0para baixar clique\u00a0<a href=\"http:\/\/www.ultimato.com.br\/boletim\/downloads\/devoc2012\/800x600.rar\" target=\"_blank\">aqui<\/a>.<\/p>\n<p>Papel de parede 2 &#8211;\u00a01024&#215;768 &#8211;\u00a0para baixar clique\u00a0<a href=\"http:\/\/www.ultimato.com.br\/boletim\/downloads\/devoc2012\/1024x768.rar\" target=\"_blank\">aqui<\/a>.<\/p>\n<p>Papel de parede 3 &#8211;\u00a01600&#215;900 &#8211;\u00a0para baixar clique\u00a0<a href=\"http:\/\/www.ultimato.com.br\/boletim\/downloads\/devoc2012\/1900x600.rar\" target=\"_blank\">aqui<\/a>.<\/p>\n<p>Papel de parede 4 &#8211;\u00a01920&#215;1080 &#8211;\u00a0para baixar clique\u00a0<a href=\"http:\/\/www.ultimato.com.br\/boletim\/downloads\/devoc2012\/1900x1080.rar\" target=\"_blank\">aqui<\/a>.<\/p>\n","protected":false},"excerpt":{"rendered":"<p>Disponibilizamos\u00a0abaixo papeis de parede para o seu micro do livro Refei\u00e7\u00f5es Di\u00e1rias &#8211; no partir do p\u00e3o e nas ora\u00e7\u00f5es. Papel de parede 1 &#8211;\u00a0800&#215;600 &#8211;\u00a0para baixar clique\u00a0aqui. Papel de parede 2 &#8211;\u00a01024&#215;768 &#8211;\u00a0para baixar clique\u00a0aqui. Papel de parede 3 &#8211;\u00a01600&#215;900 &#8211;\u00a0para baixar clique\u00a0aqui. Papel de parede 4 &#8211;\u00a01920&#215;1080 &#8211;\u00a0para baixar clique\u00a0aqui.<\/p>\n","protected":false},"author":8,"featured_media":0,"parent":17,"menu_order":2,"comment_status":"open","ping_status":"open","template":"","meta":{"footnotes":""},"class_list":["post-30","page","type-page","status-publish","hentry"],"_links":{"self":[{"href":"https:\/\/ultimato.com.br\/sites\/refeicoes-diarias-2012\/wp-json\/wp\/v2\/pages\/30","targetHints":{"allow":["GET"]}}],"collection":[{"href":"https:\/\/ultimato.com.br\/sites\/refeicoes-diarias-2012\/wp-json\/wp\/v2\/pages"}],"about":[{"href":"https:\/\/ultimato.com.br\/sites\/refeicoes-diarias-2012\/wp-json\/wp\/v2\/types\/page"}],"author":[{"embeddable":true,"href":"https:\/\/ultimato.com.br\/sites\/refeicoes-diarias-2012\/wp-json\/wp\/v2\/users\/8"}],"replies":[{"embeddable":true,"href":"https:\/\/ultimato.com.br\/sites\/refeicoes-diarias-2012\/wp-json\/wp\/v2\/comments?post=30"}],"version-history":[{"count":5,"href":"https:\/\/ultimato.com.br\/sites\/refeicoes-diarias-2012\/wp-json\/wp\/v2\/pages\/30\/revisions"}],"predecessor-version":[{"id":34,"href":"https:\/\/ultimato.com.br\/sites\/refeicoes-diarias-2012\/wp-json\/wp\/v2\/pages\/30\/revisions\/34"}],"up":[{"embeddable":true,"href":"https:\/\/ultimato.com.br\/sites\/refeicoes-diarias-2012\/wp-json\/wp\/v2\/pages\/17"}],"wp:attachment":[{"href":"https:\/\/ultimato.com.br\/sites\/refeicoes-diarias-2012\/wp-json\/wp\/v2\/media?parent=30"}],"curies":[{"name":"wp","href":"https:\/\/api.w.org\/{rel}","templated":true}]}}