{"id":13,"date":"2011-09-09T09:43:03","date_gmt":"2011-09-09T12:43:03","guid":{"rendered":"http:\/\/ultimato.com.br\/sites\/refeicoes-diarias-2012\/?page_id=13"},"modified":"2011-09-09T14:38:26","modified_gmt":"2011-09-09T17:38:26","slug":"o-autor","status":"publish","type":"page","link":"https:\/\/ultimato.com.br\/sites\/refeicoes-diarias-2012\/o-autor\/","title":{"rendered":"O autor"},"content":{"rendered":"<p><img loading=\"lazy\" decoding=\"async\" class=\"alignright\" src=\"http:\/\/ultimato.com.br\/sites\/por-que-faco\/files\/2011\/05\/foto_hs.jpg\" alt=\"\" width=\"200\" height=\"241\" \/>Elben M. Lenz C\u00e9sar \u00e9 diretor-fundador da revista\u00a0<strong>Ultimato<\/strong>. \u00c9 autor de, entre outros,\u00a0<em>Pr\u00e1ticas Devocionais<\/em>,\u00a0<em>Hist\u00f3ria da Evangeliza\u00e7\u00e3o do Brasil<\/em> e\u00a0<em>Mochila nas Costas e Di\u00e1rio na M\u00e3o<\/em>, todos publicados pela Editora Ultimato.<\/p>\n<p><strong><em>Refei\u00e7\u00f5es Di\u00e1rias &#8211; no partir do p\u00e3o e na ora\u00e7\u00e3o<\/em><\/strong> \u00e9 seu 5\u00ba devocion\u00e1rio. Antes deste a Editora Ultimato publicou:<\/p>\n<p>&#8211; <a href=\"http:\/\/www.ultimato.com.br\/loja\/produtos\/refeicoes-diarias-com-jesus\">Refei\u00e7\u00f5es Di\u00e1rias com Jesus<\/a><\/p>\n<p>&#8211; <a href=\"http:\/\/www.ultimato.com.br\/loja\/produtos\/refeicoes-diarias-com-o-sabor-dos-salmos-2-edicao\">Refei\u00e7\u00f5es Di\u00e1rias com Salmos<\/a><\/p>\n<p>&#8211; <a href=\"http:\/\/www.ultimato.com.br\/loja\/produtos\/refeicoes-diarias-com-os-profetas-menores\">Refei\u00e7\u00f5es Di\u00e1rias com os Profetas Menores<\/a><\/p>\n<p>&#8211; <a href=\"http:\/\/www.ultimato.com.br\/loja\/produtos\/devocionais-para-todas-as-estacoes-edicao-de-bolso\">Devocionais para Todas as Esta\u00e7\u00f5es<\/a><\/p>\n","protected":false},"excerpt":{"rendered":"<p>Elben M. Lenz C\u00e9sar \u00e9 diretor-fundador da revista\u00a0Ultimato. \u00c9 autor de, entre outros,\u00a0Pr\u00e1ticas Devocionais,\u00a0Hist\u00f3ria da Evangeliza\u00e7\u00e3o do Brasil e\u00a0Mochila nas Costas e Di\u00e1rio na M\u00e3o, todos publicados pela Editora Ultimato. Refei\u00e7\u00f5es Di\u00e1rias &#8211; no partir do p\u00e3o e na ora\u00e7\u00e3o \u00e9 seu 5\u00ba devocion\u00e1rio. Antes deste a Editora Ultimato publicou: &#8211; Refei\u00e7\u00f5es Di\u00e1rias com Jesus [&hellip;]<\/p>\n","protected":false},"author":8,"featured_media":0,"parent":0,"menu_order":2,"comment_status":"open","ping_status":"open","template":"","meta":{"footnotes":""},"class_list":["post-13","page","type-page","status-publish","hentry"],"_links":{"self":[{"href":"https:\/\/ultimato.com.br\/sites\/refeicoes-diarias-2012\/wp-json\/wp\/v2\/pages\/13","targetHints":{"allow":["GET"]}}],"collection":[{"href":"https:\/\/ultimato.com.br\/sites\/refeicoes-diarias-2012\/wp-json\/wp\/v2\/pages"}],"about":[{"href":"https:\/\/ultimato.com.br\/sites\/refeicoes-diarias-2012\/wp-json\/wp\/v2\/types\/page"}],"author":[{"embeddable":true,"href":"https:\/\/ultimato.com.br\/sites\/refeicoes-diarias-2012\/wp-json\/wp\/v2\/users\/8"}],"replies":[{"embeddable":true,"href":"https:\/\/ultimato.com.br\/sites\/refeicoes-diarias-2012\/wp-json\/wp\/v2\/comments?post=13"}],"version-history":[{"count":3,"href":"https:\/\/ultimato.com.br\/sites\/refeicoes-diarias-2012\/wp-json\/wp\/v2\/pages\/13\/revisions"}],"predecessor-version":[{"id":22,"href":"https:\/\/ultimato.com.br\/sites\/refeicoes-diarias-2012\/wp-json\/wp\/v2\/pages\/13\/revisions\/22"}],"wp:attachment":[{"href":"https:\/\/ultimato.com.br\/sites\/refeicoes-diarias-2012\/wp-json\/wp\/v2\/media?parent=13"}],"curies":[{"name":"wp","href":"https:\/\/api.w.org\/{rel}","templated":true}]}}