{"id":5,"date":"2014-06-26T02:24:37","date_gmt":"2014-06-26T02:24:37","guid":{"rendered":"http:\/\/ultimato.com.br\/sites\/preciso-saber-envelhecer\/?page_id=5"},"modified":"2014-06-26T18:14:18","modified_gmt":"2014-06-26T18:14:18","slug":"o-livro","status":"publish","type":"page","link":"https:\/\/ultimato.com.br\/sites\/preciso-saber-envelhecer\/","title":{"rendered":"O livro"},"content":{"rendered":"<blockquote><p>Um livro t\u00e3o importante como este deveria ser lido por aqueles que est\u00e3o na casa dos vinte, e para aqueles que est\u00e3o chegando aos quarenta deveria ser leitura obrigat\u00f3ria.<\/p><\/blockquote>\n<p><i>\u2013 The Christian <\/i><i>Century<\/i><\/p>\n<p>&nbsp;<\/p>\n<p>Envelhecer com significado, com projetos e novos interesses, \u00e9 uma arte.<\/p>\n<p>Bem, e quando come\u00e7amos a envelhecer? Ou melhor: \u201cQuando devo pensar nisso?\u201d<\/p>\n<p>Para o conhecido m\u00e9dico e psiquiatra crist\u00e3o Paul Tournier, a resposta \u00e9: \u201cO mais cedo poss\u00edvel\u201d. E, mais importante, \u00e9 poss\u00edvel aprender a envelhecer.<\/p>\n<p><b>\u00c9 Preciso Saber Envelhecer<\/b> \u00e9 um livro urgente para a ainda jovem igreja brasileira. Para o autor, o processo de envelhecimento, que pode come\u00e7ar bem mais cedo do que pensamos, pode ser a oportunidade para um novo come\u00e7o e, quem sabe, o in\u00edcio de uma nova carreira. Combinando conhecimento b\u00edblico e psicologia, Paul Tournier aborda importantes quest\u00f5es, como t\u00e9dio, solid\u00e3o, sa\u00fade, aposentadoria, aceita\u00e7\u00e3o e a morte.<\/p>\n<p>Com uma variedade de sugest\u00f5es e com criatividade, <b>\u00c9 Preciso Saber Envelhecer<\/b> \u00e9 uma leitura profunda e agrad\u00e1vel.<\/p>\n","protected":false},"excerpt":{"rendered":"<p>Um livro t\u00e3o importante como este deveria ser lido por aqueles que est\u00e3o na casa dos vinte, e para aqueles que est\u00e3o chegando aos quarenta deveria ser leitura obrigat\u00f3ria. \u2013 The Christian Century &nbsp; Envelhecer com significado, com projetos e novos interesses, \u00e9 uma arte. Bem, e quando come\u00e7amos a envelhecer? Ou melhor: \u201cQuando devo [&hellip;]<\/p>\n","protected":false},"author":24,"featured_media":0,"parent":0,"menu_order":0,"comment_status":"open","ping_status":"open","template":"","meta":{"footnotes":""},"class_list":["post-5","page","type-page","status-publish","hentry"],"_links":{"self":[{"href":"https:\/\/ultimato.com.br\/sites\/preciso-saber-envelhecer\/wp-json\/wp\/v2\/pages\/5","targetHints":{"allow":["GET"]}}],"collection":[{"href":"https:\/\/ultimato.com.br\/sites\/preciso-saber-envelhecer\/wp-json\/wp\/v2\/pages"}],"about":[{"href":"https:\/\/ultimato.com.br\/sites\/preciso-saber-envelhecer\/wp-json\/wp\/v2\/types\/page"}],"author":[{"embeddable":true,"href":"https:\/\/ultimato.com.br\/sites\/preciso-saber-envelhecer\/wp-json\/wp\/v2\/users\/24"}],"replies":[{"embeddable":true,"href":"https:\/\/ultimato.com.br\/sites\/preciso-saber-envelhecer\/wp-json\/wp\/v2\/comments?post=5"}],"version-history":[{"count":3,"href":"https:\/\/ultimato.com.br\/sites\/preciso-saber-envelhecer\/wp-json\/wp\/v2\/pages\/5\/revisions"}],"predecessor-version":[{"id":48,"href":"https:\/\/ultimato.com.br\/sites\/preciso-saber-envelhecer\/wp-json\/wp\/v2\/pages\/5\/revisions\/48"}],"wp:attachment":[{"href":"https:\/\/ultimato.com.br\/sites\/preciso-saber-envelhecer\/wp-json\/wp\/v2\/media?parent=5"}],"curies":[{"name":"wp","href":"https:\/\/api.w.org\/{rel}","templated":true}]}}