{"id":4,"date":"2012-05-08T12:33:55","date_gmt":"2012-05-08T12:33:55","guid":{"rendered":"http:\/\/ultimato.com.br\/sites\/ponto-final\/?page_id=4"},"modified":"2012-05-08T10:42:50","modified_gmt":"2012-05-08T13:42:50","slug":"o-livro","status":"publish","type":"page","link":"https:\/\/ultimato.com.br\/sites\/ponto-final\/","title":{"rendered":"O Livro"},"content":{"rendered":"<blockquote><p>Para enxergar longe, precisamos subir nos ombros de um gigante. <strong>Ponto Final \u2014 a vida crist\u00e3 como ela \u00e9<\/strong> n\u00e3o faz outra coisa. Sobe nos ombros dos gigantes da B\u00edblia e, com um olhar sobre este \u201cs\u00e9culo\u201d, aponta caminhos para a renova\u00e7\u00e3o e transforma\u00e7\u00e3o da nossa mente.<\/p><\/blockquote>\n<p><img src=\"https:\/\/ultimato.com.br\/sites\/ponto-final\/wp-content\/plugins\/lightview-plus\/img\/novideo.png\" width=\"300\" height=\"168\" alt=\"Video not available\" \/><br \/><\/p>\n<p>&nbsp;<\/p>\n<p><strong>Ponto Final <\/strong>apresenta ao leitor um olhar sobre a vida di\u00e1ria dos crist\u00e3os, que come\u00e7a no <em>quarto<\/em>, quando ningu\u00e9m est\u00e1 olhando; passa pela <em>igreja<\/em>, onde vestimos as melhores roupas e ao mesmo tempo nos escondemos; caminha para a <em>rua<\/em>, onde as escolhas e as esquinas mostram quem de fato somos; e sobre a <em>m\u00eddia<\/em>, onde chamamos bens de b\u00ean\u00e7\u00e3os e muitas vezes entregamos nossa alma e mente como sacrif\u00edcio vivo.<\/p>\n","protected":false},"excerpt":{"rendered":"<p>Para enxergar longe, precisamos subir nos ombros de um gigante. Ponto Final \u2014 a vida crist\u00e3 como ela \u00e9 n\u00e3o faz outra coisa. Sobe nos ombros dos gigantes da B\u00edblia e, com um olhar sobre este \u201cs\u00e9culo\u201d, aponta caminhos para a renova\u00e7\u00e3o e transforma\u00e7\u00e3o da nossa mente. &nbsp; Ponto Final apresenta ao leitor um olhar [&hellip;]<\/p>\n","protected":false},"author":24,"featured_media":0,"parent":0,"menu_order":1,"comment_status":"open","ping_status":"open","template":"","meta":{"footnotes":""},"class_list":["post-4","page","type-page","status-publish","hentry"],"_links":{"self":[{"href":"https:\/\/ultimato.com.br\/sites\/ponto-final\/wp-json\/wp\/v2\/pages\/4","targetHints":{"allow":["GET"]}}],"collection":[{"href":"https:\/\/ultimato.com.br\/sites\/ponto-final\/wp-json\/wp\/v2\/pages"}],"about":[{"href":"https:\/\/ultimato.com.br\/sites\/ponto-final\/wp-json\/wp\/v2\/types\/page"}],"author":[{"embeddable":true,"href":"https:\/\/ultimato.com.br\/sites\/ponto-final\/wp-json\/wp\/v2\/users\/24"}],"replies":[{"embeddable":true,"href":"https:\/\/ultimato.com.br\/sites\/ponto-final\/wp-json\/wp\/v2\/comments?post=4"}],"version-history":[{"count":3,"href":"https:\/\/ultimato.com.br\/sites\/ponto-final\/wp-json\/wp\/v2\/pages\/4\/revisions"}],"predecessor-version":[{"id":22,"href":"https:\/\/ultimato.com.br\/sites\/ponto-final\/wp-json\/wp\/v2\/pages\/4\/revisions\/22"}],"wp:attachment":[{"href":"https:\/\/ultimato.com.br\/sites\/ponto-final\/wp-json\/wp\/v2\/media?parent=4"}],"curies":[{"name":"wp","href":"https:\/\/api.w.org\/{rel}","templated":true}]}}