{"id":9,"date":"2018-06-27T11:02:41","date_gmt":"2018-06-27T14:02:41","guid":{"rendered":"http:\/\/ultimato.com.br\/sites\/penultima-curiosidade\/?page_id=9"},"modified":"2018-07-02T14:59:02","modified_gmt":"2018-07-02T17:59:02","slug":"o-livro","status":"publish","type":"page","link":"https:\/\/ultimato.com.br\/sites\/penultima-curiosidade\/","title":{"rendered":"O Livro"},"content":{"rendered":"<blockquote><p><span style=\"color: #333333;\"><em>Esta fascinante obra de hist\u00f3ria e de refer\u00eancia merece ser lida pelos dois lados da linha que divide ci\u00eancia e arte. Sem defenderem uma f\u00e9 ou grupo espec\u00edfico, os autores oferecem um ant\u00eddoto necess\u00e1rio contra a promo\u00e7\u00e3o da ci\u00eancia por novos ate\u00edstas \u00e0s custas da espiritualidade \u2013 uma campanha que tem contribu\u00eddo muito para vulgarizar e desinformar a compreens\u00e3o p\u00fablica de ambos.<\/em><\/span><br \/>\n&nbsp;<br \/>\n<span style=\"color: #333333;\"><em>\u2013<\/em>\u00a0Financial Times<\/span><\/p><\/blockquote>\n<blockquote><p><span style=\"color: #333333;\">O panorama hist\u00f3rico geral apresentado por\u00a0<strong>A Pen\u00faltima Curiosidade<\/strong>\u00a0\u00e9 suficiente para tirar o f\u00f4lego do leitor. Com belas ilustra\u00e7\u00f5es, este livro n\u00e3o \u00e9 um mero objeto decorativo, mas est\u00e1 em um patamar muito mais elevado.<\/span><br \/>\n&nbsp;<br \/>\n<span style=\"color: #333333;\"><em>\u2013 Science &amp; Education<\/em>\u00a0<\/span><\/p><\/blockquote>\n<p><strong>POR QU\u00ca?\u00a0\u00a0 MAS POR QU\u00ca?<\/strong><strong>\u00a0<\/strong><\/p>\n<p>Quando as crian\u00e7as come\u00e7am a perguntar &#8220;por qu\u00ea?&#8221;, elas embarcam em uma viagem sem destino final. A necessidade de compreender e dar sentido ao mundo \u00e9 o que podemos chamar de \u201ccuriosidade \u00faltima\u201d, que est\u00e1 na raiz de todas as religi\u00f5es. Em muitas culturas, ela moldou e motivou o interesse cient\u00edfico, que poderia, portanto, ser descrito como a \u201cpen\u00faltima curiosidade\u201d.<strong>\u00a0<\/strong><\/p>\n<p><strong>A Pen\u00faltima Curiosidade<\/strong>\u00a0apresenta, por meio do texto e de ilustra\u00e7\u00f5es \u2013 das pinturas em cavernas, passando pelos grandes pensadores, at\u00e9 os gigantes da tecnologia \u2013, como a curiosidade humana tem lutado para entender o universo e as rela\u00e7\u00f5es entre ci\u00eancia e religi\u00e3o ao longo dos s\u00e9culos: a \u00faltima e a pen\u00faltima curiosidades.<strong>\u00a0<\/strong><\/p>\n<p><span style=\"color: #808000;\"><strong>\u00bb A Pen\u00faltima Curiosidade<\/strong> vem acompanhado de um bel\u00edssimo document\u00e1rio (DVD), apresentado pelos autores, em uma verdadeira viagem pelo tempo, mostrando lugares, ilustrando e apontando fatos que moldaram a civiliza\u00e7\u00e3o, da pr\u00e9-hist\u00f3ria \u00e0 revolu\u00e7\u00e3o cient\u00edfica dos dias atuais.\u00a0Confira o teaser do filme:<br \/>\n<\/span><\/p>\n<p><iframe loading=\"lazy\" src=\"https:\/\/www.youtube.com\/embed\/cE3JGMKWAKg\" width=\"560\" height=\"315\" frameborder=\"0\" allowfullscreen=\"allowfullscreen\"><\/iframe><\/p>\n","protected":false},"excerpt":{"rendered":"<p>Esta fascinante obra de hist\u00f3ria e de refer\u00eancia merece ser lida pelos dois lados da linha que divide ci\u00eancia e arte. Sem defenderem uma f\u00e9 ou grupo espec\u00edfico, os autores oferecem um ant\u00eddoto necess\u00e1rio contra a promo\u00e7\u00e3o da ci\u00eancia por novos ate\u00edstas \u00e0s custas da espiritualidade \u2013 uma campanha que tem contribu\u00eddo muito para vulgarizar [&hellip;]<\/p>\n","protected":false},"author":24,"featured_media":0,"parent":0,"menu_order":1,"comment_status":"closed","ping_status":"closed","template":"","meta":{"footnotes":""},"class_list":["post-9","page","type-page","status-publish","hentry"],"_links":{"self":[{"href":"https:\/\/ultimato.com.br\/sites\/penultima-curiosidade\/wp-json\/wp\/v2\/pages\/9","targetHints":{"allow":["GET"]}}],"collection":[{"href":"https:\/\/ultimato.com.br\/sites\/penultima-curiosidade\/wp-json\/wp\/v2\/pages"}],"about":[{"href":"https:\/\/ultimato.com.br\/sites\/penultima-curiosidade\/wp-json\/wp\/v2\/types\/page"}],"author":[{"embeddable":true,"href":"https:\/\/ultimato.com.br\/sites\/penultima-curiosidade\/wp-json\/wp\/v2\/users\/24"}],"replies":[{"embeddable":true,"href":"https:\/\/ultimato.com.br\/sites\/penultima-curiosidade\/wp-json\/wp\/v2\/comments?post=9"}],"version-history":[{"count":10,"href":"https:\/\/ultimato.com.br\/sites\/penultima-curiosidade\/wp-json\/wp\/v2\/pages\/9\/revisions"}],"predecessor-version":[{"id":53,"href":"https:\/\/ultimato.com.br\/sites\/penultima-curiosidade\/wp-json\/wp\/v2\/pages\/9\/revisions\/53"}],"wp:attachment":[{"href":"https:\/\/ultimato.com.br\/sites\/penultima-curiosidade\/wp-json\/wp\/v2\/media?parent=9"}],"curies":[{"name":"wp","href":"https:\/\/api.w.org\/{rel}","templated":true}]}}