{"id":11,"date":"2018-06-27T11:03:05","date_gmt":"2018-06-27T14:03:05","guid":{"rendered":"http:\/\/ultimato.com.br\/sites\/penultima-curiosidade\/?page_id=11"},"modified":"2018-06-27T11:11:55","modified_gmt":"2018-06-27T14:11:55","slug":"os-autores","status":"publish","type":"page","link":"https:\/\/ultimato.com.br\/sites\/penultima-curiosidade\/os-autores\/","title":{"rendered":"Os Autores"},"content":{"rendered":"<p><strong><img loading=\"lazy\" decoding=\"async\" class=\"alignleft wp-image-6\" src=\"http:\/\/ultimato.com.br\/sites\/penultima-curiosidade\/files\/wagner-150x150.jpg\" alt=\"\" width=\"165\" height=\"165\" srcset=\"https:\/\/ultimato.com.br\/sites\/penultima-curiosidade\/files\/wagner-150x150.jpg 150w, https:\/\/ultimato.com.br\/sites\/penultima-curiosidade\/files\/wagner.jpg 195w\" sizes=\"auto, (max-width: 165px) 100vw, 165px\" \/>Roger Wagner<\/strong>, artista e poeta ingl\u00eas, foi descrito como o &#8220;melhor pintor religioso da Gr\u00e3-Bretanha&#8221;. Graduado em literatura inglesa em Oxford, com a mais alta classifica\u00e7\u00e3o (first class honours), tamb\u00e9m estudou na Royal Academy School of Art. Tanto o Ashmolean Museum em Oxford, quanto o The Fitzwilliam Museum em Cambridge contam com sua obra em suas cole\u00e7\u00f5es permanentes. Em 2014, foi laureado com o pr\u00eamio ACE (Art and Christianity) de arte em contexto sagrado. Produziu v\u00e1rios livros de poemas ilustrados e tradu\u00e7\u00f5es dos Salmos, e \u00e9 professor na Escola de Arte Ruskin, em Oxford.<\/p>\n<p>&nbsp;<\/p>\n<p><strong><img loading=\"lazy\" decoding=\"async\" class=\"alignleft wp-image-5\" src=\"http:\/\/ultimato.com.br\/sites\/penultima-curiosidade\/files\/briggs-150x150.jpg\" alt=\"\" width=\"165\" height=\"165\" srcset=\"https:\/\/ultimato.com.br\/sites\/penultima-curiosidade\/files\/briggs-150x150.jpg 150w, https:\/\/ultimato.com.br\/sites\/penultima-curiosidade\/files\/briggs.jpg 195w\" sizes=\"auto, (max-width: 165px) 100vw, 165px\" \/>Andrew Briggs\u00a0<\/strong>foi eleito em 2002 como o primeiro titular da c\u00e1tedra de nanomateriais da Universidade de Oxford. Coordenou v\u00e1rios projetos interdisciplinares, com apoio de empresas como a BNFL, Toppan, Hitachi e Hewlett-Packard. Tem mais de 540 publica\u00e7\u00f5es, a maioria em revistas indexadas internacionalmente, com mais de 7 mil cita\u00e7\u00f5es. \u00c9 tamb\u00e9m professor no Col\u00e9gio de St Anne, membro em\u00e9rito da Wolfson College, membro honor\u00e1rio da Sociedade Real de Microscopia e membro do Instituto de F\u00edsica. \u00c9 licenciado em teologia pela Universidade de Cambridge e ganhador do Pr\u00eamio Chase para o grego. Atua no Conselho de Administra\u00e7\u00e3o da Ian Ramsey Centre e como membro do Conselho Internacional de Consultores da Funda\u00e7\u00e3o John Templeton.<\/p>\n","protected":false},"excerpt":{"rendered":"<p>Roger Wagner, artista e poeta ingl\u00eas, foi descrito como o &#8220;melhor pintor religioso da Gr\u00e3-Bretanha&#8221;. Graduado em literatura inglesa em Oxford, com a mais alta classifica\u00e7\u00e3o (first class honours), tamb\u00e9m estudou na Royal Academy School of Art. Tanto o Ashmolean Museum em Oxford, quanto o The Fitzwilliam Museum em Cambridge contam com sua obra em [&hellip;]<\/p>\n","protected":false},"author":24,"featured_media":0,"parent":0,"menu_order":2,"comment_status":"closed","ping_status":"closed","template":"","meta":{"footnotes":""},"class_list":["post-11","page","type-page","status-publish","hentry"],"_links":{"self":[{"href":"https:\/\/ultimato.com.br\/sites\/penultima-curiosidade\/wp-json\/wp\/v2\/pages\/11","targetHints":{"allow":["GET"]}}],"collection":[{"href":"https:\/\/ultimato.com.br\/sites\/penultima-curiosidade\/wp-json\/wp\/v2\/pages"}],"about":[{"href":"https:\/\/ultimato.com.br\/sites\/penultima-curiosidade\/wp-json\/wp\/v2\/types\/page"}],"author":[{"embeddable":true,"href":"https:\/\/ultimato.com.br\/sites\/penultima-curiosidade\/wp-json\/wp\/v2\/users\/24"}],"replies":[{"embeddable":true,"href":"https:\/\/ultimato.com.br\/sites\/penultima-curiosidade\/wp-json\/wp\/v2\/comments?post=11"}],"version-history":[{"count":3,"href":"https:\/\/ultimato.com.br\/sites\/penultima-curiosidade\/wp-json\/wp\/v2\/pages\/11\/revisions"}],"predecessor-version":[{"id":28,"href":"https:\/\/ultimato.com.br\/sites\/penultima-curiosidade\/wp-json\/wp\/v2\/pages\/11\/revisions\/28"}],"wp:attachment":[{"href":"https:\/\/ultimato.com.br\/sites\/penultima-curiosidade\/wp-json\/wp\/v2\/media?parent=11"}],"curies":[{"name":"wp","href":"https:\/\/api.w.org\/{rel}","templated":true}]}}