{"id":7,"date":"2016-03-31T05:36:00","date_gmt":"2016-03-31T05:36:00","guid":{"rendered":"http:\/\/ultimato.com.br\/sites\/pensamentos-transformados-emocoes-redimidas\/?page_id=7"},"modified":"2016-03-31T05:36:08","modified_gmt":"2016-03-31T05:36:08","slug":"o-autor","status":"publish","type":"page","link":"https:\/\/ultimato.com.br\/sites\/pensamentos-transformados-emocoes-redimidas\/o-autor\/","title":{"rendered":"O autor"},"content":{"rendered":"<p><img loading=\"lazy\" decoding=\"async\" class=\"alignleft wp-image-15 size-full\" src=\"http:\/\/ultimato.com.br\/sites\/pensamentos-transformados-emocoes-redimidas\/files\/2016\/03\/foto_autor_pter-e1459402465791.jpg\" alt=\"foto_autor_pter\" width=\"150\" height=\"175\" \/>Ricardo Barbosa de Sousa \u00e9 pastor da Igreja Presbiteriana do Planalto e coordenador do Centro Crist\u00e3o de Estudos, em Bras\u00edlia, DF. Estudou no Regent College, em Vancouver, no Canad\u00e1, e atuou na Fraternidade Teol\u00f3gica Latino-Americana. \u00c9 colunista da revista\u00a0<em>Ultimato<\/em>\u00a0e autor de, entre outros,\u00a0<em>O Caminho do Cora\u00e7\u00e3o<\/em>\u00a0e\u00a0<em><a href=\"http:\/\/www.ultimato.com.br\/loja\/produtos\/a-espiritualidade-o-evangelho-e-a-igreja\">A Espiritualidade, o Evangelho e a Igreja<\/a>.<\/em><\/p>\n","protected":false},"excerpt":{"rendered":"<p>Ricardo Barbosa de Sousa \u00e9 pastor da Igreja Presbiteriana do Planalto e coordenador do Centro Crist\u00e3o de Estudos, em Bras\u00edlia, DF. Estudou no Regent College, em Vancouver, no Canad\u00e1, e atuou na Fraternidade Teol\u00f3gica Latino-Americana. \u00c9 colunista da revista\u00a0Ultimato\u00a0e autor de, entre outros,\u00a0O Caminho do Cora\u00e7\u00e3o\u00a0e\u00a0A Espiritualidade, o Evangelho e a Igreja.<\/p>\n","protected":false},"author":24,"featured_media":0,"parent":0,"menu_order":2,"comment_status":"closed","ping_status":"closed","template":"","meta":{"footnotes":""},"class_list":["post-7","page","type-page","status-publish","hentry"],"_links":{"self":[{"href":"https:\/\/ultimato.com.br\/sites\/pensamentos-transformados-emocoes-redimidas\/wp-json\/wp\/v2\/pages\/7","targetHints":{"allow":["GET"]}}],"collection":[{"href":"https:\/\/ultimato.com.br\/sites\/pensamentos-transformados-emocoes-redimidas\/wp-json\/wp\/v2\/pages"}],"about":[{"href":"https:\/\/ultimato.com.br\/sites\/pensamentos-transformados-emocoes-redimidas\/wp-json\/wp\/v2\/types\/page"}],"author":[{"embeddable":true,"href":"https:\/\/ultimato.com.br\/sites\/pensamentos-transformados-emocoes-redimidas\/wp-json\/wp\/v2\/users\/24"}],"replies":[{"embeddable":true,"href":"https:\/\/ultimato.com.br\/sites\/pensamentos-transformados-emocoes-redimidas\/wp-json\/wp\/v2\/comments?post=7"}],"version-history":[{"count":2,"href":"https:\/\/ultimato.com.br\/sites\/pensamentos-transformados-emocoes-redimidas\/wp-json\/wp\/v2\/pages\/7\/revisions"}],"predecessor-version":[{"id":17,"href":"https:\/\/ultimato.com.br\/sites\/pensamentos-transformados-emocoes-redimidas\/wp-json\/wp\/v2\/pages\/7\/revisions\/17"}],"wp:attachment":[{"href":"https:\/\/ultimato.com.br\/sites\/pensamentos-transformados-emocoes-redimidas\/wp-json\/wp\/v2\/media?parent=7"}],"curies":[{"name":"wp","href":"https:\/\/api.w.org\/{rel}","templated":true}]}}

<p><img loading="lazy" decoding="async" class="alignleft wp-image-15 size-full" src="http://ultimato.com.br/sites/pensamentos-transformados-emocoes-redimidas/files/2016/03/foto_autor_pter-e1459402465791.jpg" alt="foto_autor_pter" width="150" height="175" />Ricardo Barbosa de Sousa é pastor da Igreja Presbiteriana do Planalto e coordenador do Centro Cristão de Estudos, em Brasília, DF. Estudou no Regent College, em Vancouver, no Canadá, e atuou na Fraternidade Teológica Latino-Americana. É colunista da revista <em>Ultimato</em> e autor de, entre outros, <em>O Caminho do Coração</em> e <em><a href="http://www.ultimato.com.br/loja/produtos/a-espiritualidade-o-evangelho-e-a-igreja">A Espiritualidade, o Evangelho e a Igreja</a>.</em></p>

<p>Ricardo Barbosa de Sousa é pastor da Igreja Presbiteriana do Planalto e coordenador do Centro Cristão de Estudos, em Brasília, DF. Estudou no Regent College, em Vancouver, no Canadá, e atuou na Fraternidade Teológica Latino-Americana. É colunista da revista Ultimato e autor de, entre outros, O Caminho do Coração e A Espiritualidade, o Evangelho e a Igreja.</p>
