{"id":6,"date":"2016-03-31T05:32:40","date_gmt":"2016-03-31T05:32:40","guid":{"rendered":"http:\/\/ultimato.com.br\/sites\/pensamentos-transformados-emocoes-redimidas\/?page_id=6"},"modified":"2016-03-31T05:32:40","modified_gmt":"2016-03-31T05:32:40","slug":"o-que-disseram","status":"publish","type":"page","link":"https:\/\/ultimato.com.br\/sites\/pensamentos-transformados-emocoes-redimidas\/o-que-disseram\/","title":{"rendered":"O que disseram"},"content":{"rendered":"<blockquote><p>Nossas convic\u00e7\u00f5es crist\u00e3s precisam ser claras, mas n\u00e3o devem ser uma esp\u00e9cie de mantra para serem recitadas em momentos de adversidades. Elas devem ser compreendidas com profundidade e consist\u00eancia de forma a transformarem nossa maneira de sentir e agir diante das circunst\u00e2ncias que surgem ao longo de nossa jornada como disc\u00edpulos. <strong>Pensamentos Transformados, Emo\u00e7\u00f5es Redimidas<\/strong> nos ajuda a cumprir esse desafio.\u201d<\/p><\/blockquote>\n<p><em>\u2013 Ricardo Agreste<\/em><\/p>\n<p>&nbsp;<\/p>\n<blockquote><p>\u201cImagino que voc\u00ea, assim como eu, nunca se deparou com as quatro perguntas que s\u00e3o o esqueleto deste livro. Elas s\u00e3o perguntas vindas da carta de Paulo aos Romanos e nos convidam a colocar a nossa cren\u00e7a, as nossas a\u00e7\u00f5es e as nossas emo\u00e7\u00f5es numa mesma moldura \u2013 a moldura da maturidade da f\u00e9 a ser vivida em nosso dia a dia. O autor nos convida a mergulhar no sentido destas perguntas e, como resultado, afirmar juntos que \u201cnada nos separar\u00e1 do amor de Deus\u201d.\u201d<\/p><\/blockquote>\n<p><em>\u2013 Valdir Steuernagel<\/em><\/p>\n<p>&nbsp;<\/p>\n<blockquote><p><strong>\u201cPensamentos Transformados, Emo\u00e7\u00f5es Redimidas<\/strong> nos ajuda a aterrizar \u2013 na vida \u2013 os conceitos crist\u00e3os que teimamos em manter na caixinha das ideias. Afinal, a f\u00e9 que apenas informa, mas n\u00e3o transforma, apenas deforma. Encorajo, com entusiasmo, a leitura deste livro, e me alegro na esperan\u00e7a dos resultados. Que o Senhor nos conduza no caminho da transforma\u00e7\u00e3o!\u201d<\/p><\/blockquote>\n<p>\u2013<em> Ziel J.O. Machado<\/em><\/p>\n<p>&nbsp;<\/p>\n<blockquote><p>\u201cS\u00e3o poucos que podemos chamar de mestres e diretores espirituais. Ricardo Barbosa \u00e9 um deles. Suas palavras ecoam de uma profunda experi\u00eancia espiritual, teol\u00f3gica e pastoral. Nesta obra ele aborda a dificuldade em conciliar nossos discursos e convic\u00e7\u00f5es b\u00edblicas com a vida no quotidiano. E nos ajuda a nos tornar homens e mulheres cuja f\u00e9 se expresse com maturidade espiritual, sa\u00fade emocional e significado existencial.\u201d<\/p><\/blockquote>\n<p>\u2013 <em>Osmar Ludovico da Silva<\/em><\/p>\n","protected":false},"excerpt":{"rendered":"<p>Nossas convic\u00e7\u00f5es crist\u00e3s precisam ser claras, mas n\u00e3o devem ser uma esp\u00e9cie de mantra para serem recitadas em momentos de adversidades. Elas devem ser compreendidas com profundidade e consist\u00eancia de forma a transformarem nossa maneira de sentir e agir diante das circunst\u00e2ncias que surgem ao longo de nossa jornada como disc\u00edpulos. Pensamentos Transformados, Emo\u00e7\u00f5es Redimidas [&hellip;]<\/p>\n","protected":false},"author":24,"featured_media":0,"parent":0,"menu_order":1,"comment_status":"closed","ping_status":"closed","template":"","meta":{"footnotes":""},"class_list":["post-6","page","type-page","status-publish","hentry"],"_links":{"self":[{"href":"https:\/\/ultimato.com.br\/sites\/pensamentos-transformados-emocoes-redimidas\/wp-json\/wp\/v2\/pages\/6","targetHints":{"allow":["GET"]}}],"collection":[{"href":"https:\/\/ultimato.com.br\/sites\/pensamentos-transformados-emocoes-redimidas\/wp-json\/wp\/v2\/pages"}],"about":[{"href":"https:\/\/ultimato.com.br\/sites\/pensamentos-transformados-emocoes-redimidas\/wp-json\/wp\/v2\/types\/page"}],"author":[{"embeddable":true,"href":"https:\/\/ultimato.com.br\/sites\/pensamentos-transformados-emocoes-redimidas\/wp-json\/wp\/v2\/users\/24"}],"replies":[{"embeddable":true,"href":"https:\/\/ultimato.com.br\/sites\/pensamentos-transformados-emocoes-redimidas\/wp-json\/wp\/v2\/comments?post=6"}],"version-history":[{"count":1,"href":"https:\/\/ultimato.com.br\/sites\/pensamentos-transformados-emocoes-redimidas\/wp-json\/wp\/v2\/pages\/6\/revisions"}],"predecessor-version":[{"id":14,"href":"https:\/\/ultimato.com.br\/sites\/pensamentos-transformados-emocoes-redimidas\/wp-json\/wp\/v2\/pages\/6\/revisions\/14"}],"wp:attachment":[{"href":"https:\/\/ultimato.com.br\/sites\/pensamentos-transformados-emocoes-redimidas\/wp-json\/wp\/v2\/media?parent=6"}],"curies":[{"name":"wp","href":"https:\/\/api.w.org\/{rel}","templated":true}]}}

<blockquote><p>Nossas convicções cristãs precisam ser claras, mas não devem ser uma espécie de mantra para serem recitadas em momentos de adversidades. Elas devem ser compreendidas com profundidade e consistência de forma a transformarem nossa maneira de sentir e agir diante das circunstâncias que surgem ao longo de nossa jornada como discípulos. <strong>Pensamentos Transformados, Emoções Redimidas</strong> nos ajuda a cumprir esse desafio.”</p></blockquote>
<p><em>– Ricardo Agreste</em></p>
<p>&nbsp;</p>
<blockquote><p>“Imagino que você, assim como eu, nunca se deparou com as quatro perguntas que são o esqueleto deste livro. Elas são perguntas vindas da carta de Paulo aos Romanos e nos convidam a colocar a nossa crença, as nossas ações e as nossas emoções numa mesma moldura – a moldura da maturidade da fé a ser vivida em nosso dia a dia. O autor nos convida a mergulhar no sentido destas perguntas e, como resultado, afirmar juntos que “nada nos separará do amor de Deus”.”</p></blockquote>
<p><em>– Valdir Steuernagel</em></p>
<p>&nbsp;</p>
<blockquote><p><strong>“Pensamentos Transformados, Emoções Redimidas</strong> nos ajuda a aterrizar – na vida – os conceitos cristãos que teimamos em manter na caixinha das ideias. Afinal, a fé que apenas informa, mas não transforma, apenas deforma. Encorajo, com entusiasmo, a leitura deste livro, e me alegro na esperança dos resultados. Que o Senhor nos conduza no caminho da transformação!”</p></blockquote>
<p>–<em> Ziel J.O. Machado</em></p>
<p>&nbsp;</p>
<blockquote><p>“São poucos que podemos chamar de mestres e diretores espirituais. Ricardo Barbosa é um deles. Suas palavras ecoam de uma profunda experiência espiritual, teológica e pastoral. Nesta obra ele aborda a dificuldade em conciliar nossos discursos e convicções bíblicas com a vida no quotidiano. E nos ajuda a nos tornar homens e mulheres cuja fé se expresse com maturidade espiritual, saúde emocional e significado existencial.”</p></blockquote>
<p>– <em>Osmar Ludovico da Silva</em></p>

<p>Nossas convicções cristãs precisam ser claras, mas não devem ser uma espécie de mantra para serem recitadas em momentos de adversidades. Elas devem ser compreendidas com profundidade e consistência de forma a transformarem nossa maneira de sentir e agir diante das circunstâncias que surgem ao longo de nossa jornada como discípulos. Pensamentos Transformados, Emoções Redimidas [&hellip;]</p>
