{"id":5,"date":"2016-03-31T05:32:01","date_gmt":"2016-03-31T05:32:01","guid":{"rendered":"http:\/\/ultimato.com.br\/sites\/pensamentos-transformados-emocoes-redimidas\/?page_id=5"},"modified":"2016-03-31T05:32:01","modified_gmt":"2016-03-31T05:32:01","slug":"o-livro","status":"publish","type":"page","link":"https:\/\/ultimato.com.br\/sites\/pensamentos-transformados-emocoes-redimidas\/","title":{"rendered":"O livro"},"content":{"rendered":"<p>N\u00c3O S\u00c3O OS ACONTECIMENTOS QUE DETERMINAM NOSSOS SENTIMENTOS E EMO\u00c7\u00d5ES<\/p>\n<p>Para o pastor Ricardo Barbosa, nem sempre o que acreditamos combina com o que sentimos porque n\u00e3o percebemos Deus no meio dos acontecimentos.<\/p>\n<p><strong>Pensamentos Transformados, Emo\u00e7\u00f5es Redimidas<\/strong> mostra que nossos sentimentos e emo\u00e7\u00f5es, em grande parte, seguem nossos pensamentos e convic\u00e7\u00f5es. E, mais importante, a maturidade crist\u00e3 s\u00f3 pode ser alcan\u00e7ada quando integramos essas duas realidades de maneira harmoniosa e transformadora.<\/p>\n<p>Uma leitura cheia de sabedoria que vai ajudar o leitor a aprofundar suas convic\u00e7\u00f5es e amadurecer suas emo\u00e7\u00f5es.<\/p>\n","protected":false},"excerpt":{"rendered":"<p>N\u00c3O S\u00c3O OS ACONTECIMENTOS QUE DETERMINAM NOSSOS SENTIMENTOS E EMO\u00c7\u00d5ES Para o pastor Ricardo Barbosa, nem sempre o que acreditamos combina com o que sentimos porque n\u00e3o percebemos Deus no meio dos acontecimentos. Pensamentos Transformados, Emo\u00e7\u00f5es Redimidas mostra que nossos sentimentos e emo\u00e7\u00f5es, em grande parte, seguem nossos pensamentos e convic\u00e7\u00f5es. E, mais importante, a [&hellip;]<\/p>\n","protected":false},"author":24,"featured_media":0,"parent":0,"menu_order":0,"comment_status":"closed","ping_status":"closed","template":"","meta":{"footnotes":""},"class_list":["post-5","page","type-page","status-publish","hentry"],"_links":{"self":[{"href":"https:\/\/ultimato.com.br\/sites\/pensamentos-transformados-emocoes-redimidas\/wp-json\/wp\/v2\/pages\/5","targetHints":{"allow":["GET"]}}],"collection":[{"href":"https:\/\/ultimato.com.br\/sites\/pensamentos-transformados-emocoes-redimidas\/wp-json\/wp\/v2\/pages"}],"about":[{"href":"https:\/\/ultimato.com.br\/sites\/pensamentos-transformados-emocoes-redimidas\/wp-json\/wp\/v2\/types\/page"}],"author":[{"embeddable":true,"href":"https:\/\/ultimato.com.br\/sites\/pensamentos-transformados-emocoes-redimidas\/wp-json\/wp\/v2\/users\/24"}],"replies":[{"embeddable":true,"href":"https:\/\/ultimato.com.br\/sites\/pensamentos-transformados-emocoes-redimidas\/wp-json\/wp\/v2\/comments?post=5"}],"version-history":[{"count":1,"href":"https:\/\/ultimato.com.br\/sites\/pensamentos-transformados-emocoes-redimidas\/wp-json\/wp\/v2\/pages\/5\/revisions"}],"predecessor-version":[{"id":13,"href":"https:\/\/ultimato.com.br\/sites\/pensamentos-transformados-emocoes-redimidas\/wp-json\/wp\/v2\/pages\/5\/revisions\/13"}],"wp:attachment":[{"href":"https:\/\/ultimato.com.br\/sites\/pensamentos-transformados-emocoes-redimidas\/wp-json\/wp\/v2\/media?parent=5"}],"curies":[{"name":"wp","href":"https:\/\/api.w.org\/{rel}","templated":true}]}}