{"id":1452,"date":"2011-05-02T14:48:00","date_gmt":"2011-05-02T17:48:00","guid":{"rendered":"http:\/\/ultimato.com.br\/sites\/paralelo10\/"},"modified":"2011-05-02T15:09:58","modified_gmt":"2011-05-02T18:09:58","slug":"divulgue","status":"publish","type":"page","link":"https:\/\/ultimato.com.br\/sites\/paralelo10\/divulgue\/","title":{"rendered":"Divulgue"},"content":{"rendered":"<p>Ajude-nos a divulgar o Paralelo 10 no seu site ou blog. Fa\u00e7a o download dos nossos banners.<\/p>\n<table border=\"0\" cellspacing=\"0\" cellpadding=\"0\" width=\"100%\">\n<tbody>\n<tr>\n<td style=\"text-align: center;\"><a href=\"http:\/\/www.ultimato.com.br\/image\/banners\/2011\/download\/bannerE_p10.gif\" class=\"lightview\" data-lightview-group=\"group-1452\" data-lightview-options=\"skin: 'dark', controls: 'relative', padding: '10', shadow: { color: '#000000', opacity: 0.08, blur: 3 }\" target=\"_blank\" data-lightview-title=\"Papel de parede 1\"><img loading=\"lazy\" decoding=\"async\" class=\"alignnone size-thumbnail wp-image-120\" style=\"border: 0px initial initial;\" title=\"Papel de parede 1\" src=\"http:\/\/www.ultimato.com.br\/image\/banners\/2011\/download\/bannerE_p10.gif\" alt=\"\" width=\"120\" height=\"60\" \/><\/a><\/td>\n<\/tr>\n<tr>\n<td style=\"text-align: center;\"><a href=\"http:\/\/www.ultimato.com.br\/image\/banners\/2011\/download\/bannerE_p10.gif\" class=\"lightview\" data-lightview-group=\"group-1452\" data-lightview-options=\"skin: 'dark', controls: 'relative', padding: '10', shadow: { color: '#000000', opacity: 0.08, blur: 3 }\" target=\"_blank\">[120&#215;60]<\/a><\/td>\n<\/tr>\n<\/tbody>\n<\/table>\n<p style=\"padding-left: 30px;\"><em>C\u00f3digo de incorpora\u00e7\u00e3o: &lt;img style=&#8221;border: 0px initial initial;&#8221; title=&#8221;Banner Paralelo 10&#8243; src=&#8221;http:\/\/www.ultimato.com.br\/image\/banners\/2011\/download\/bannerE_p10.gif&#8221; alt=&#8221;&#8221; width=&#8221;120&#8243; height=&#8221;60&#8243; \/&gt;<\/em><\/p>\n<table border=\"0\" cellspacing=\"0\" cellpadding=\"0\" width=\"100%\">\n<tbody>\n<tr>\n<td style=\"text-align: center;\"><a href=\"http:\/\/www.ultimato.com.br\/image\/banners\/2011\/download\/bannerD_p10.gif\u201d \" target=\"_blank\"><img loading=\"lazy\" decoding=\"async\" class=\"alignnone size-thumbnail wp-image-120\" style=\"border: 0px initial initial;\" title=\"Papel de parede 1\" src=\"http:\/\/www.ultimato.com.br\/image\/banners\/2011\/download\/bannerD_p10.gif\" alt=\"\" width=\"120\" height=\"240\" \/><\/a><\/td>\n<\/tr>\n<tr>\n<td style=\"text-align: center;\"><a href=\"http:\/\/www.ultimato.com.br\/image\/banners\/2011\/download\/bannerD_p10.gif\u201d \" target=\"_blank\">[120&#215;240]<\/a><\/td>\n<\/tr>\n<\/tbody>\n<\/table>\n<p style=\"padding-left: 30px;\"><em>C\u00f3digo de incorpora\u00e7\u00e3o: &lt;img style=&#8221;border: 0px initial initial;&#8221; title=&#8221;Banner Paralelo 10&#8243; src=&#8221;http:\/\/www.ultimato.com.br\/image\/banners\/2011\/download\/bannerD_p10.gif&#8221; alt=&#8221;&#8221; width=&#8221;120&#8243; height=&#8221;240&#8243; \/&gt;<\/em><\/p>\n","protected":false},"excerpt":{"rendered":"<p>Ajude-nos a divulgar o Paralelo 10 no seu site ou blog. Fa\u00e7a o download dos nossos banners. [120&#215;60] C\u00f3digo de incorpora\u00e7\u00e3o: &lt;img style=&#8221;border: 0px initial initial;&#8221; title=&#8221;Banner Paralelo 10&#8243; src=&#8221;http:\/\/www.ultimato.com.br\/image\/banners\/2011\/download\/bannerE_p10.gif&#8221; alt=&#8221;&#8221; width=&#8221;120&#8243; height=&#8221;60&#8243; \/&gt; [120&#215;240] C\u00f3digo de incorpora\u00e7\u00e3o: &lt;img style=&#8221;border: 0px initial initial;&#8221; title=&#8221;Banner Paralelo 10&#8243; src=&#8221;http:\/\/www.ultimato.com.br\/image\/banners\/2011\/download\/bannerD_p10.gif&#8221; alt=&#8221;&#8221; width=&#8221;120&#8243; height=&#8221;240&#8243; \/&gt;<\/p>\n","protected":false},"author":2,"featured_media":0,"parent":0,"menu_order":0,"comment_status":"open","ping_status":"open","template":"","meta":{"ngg_post_thumbnail":0,"footnotes":""},"class_list":["post-1452","page","type-page","status-publish","hentry"],"_links":{"self":[{"href":"https:\/\/ultimato.com.br\/sites\/paralelo10\/wp-json\/wp\/v2\/pages\/1452","targetHints":{"allow":["GET"]}}],"collection":[{"href":"https:\/\/ultimato.com.br\/sites\/paralelo10\/wp-json\/wp\/v2\/pages"}],"about":[{"href":"https:\/\/ultimato.com.br\/sites\/paralelo10\/wp-json\/wp\/v2\/types\/page"}],"author":[{"embeddable":true,"href":"https:\/\/ultimato.com.br\/sites\/paralelo10\/wp-json\/wp\/v2\/users\/2"}],"replies":[{"embeddable":true,"href":"https:\/\/ultimato.com.br\/sites\/paralelo10\/wp-json\/wp\/v2\/comments?post=1452"}],"version-history":[{"count":7,"href":"https:\/\/ultimato.com.br\/sites\/paralelo10\/wp-json\/wp\/v2\/pages\/1452\/revisions"}],"predecessor-version":[{"id":1462,"href":"https:\/\/ultimato.com.br\/sites\/paralelo10\/wp-json\/wp\/v2\/pages\/1452\/revisions\/1462"}],"wp:attachment":[{"href":"https:\/\/ultimato.com.br\/sites\/paralelo10\/wp-json\/wp\/v2\/media?parent=1452"}],"curies":[{"name":"wp","href":"https:\/\/api.w.org\/{rel}","templated":true}]}}