{"id":26,"date":"2018-04-05T09:10:50","date_gmt":"2018-04-05T12:10:50","guid":{"rendered":"http:\/\/ultimato.com.br\/sites\/o-reino-de-deus-e-a-transformacao-social\/?page_id=26"},"modified":"2018-04-05T11:04:56","modified_gmt":"2018-04-05T14:04:56","slug":"release","status":"publish","type":"page","link":"https:\/\/ultimato.com.br\/sites\/o-reino-de-deus-e-a-transformacao-social\/extras\/release\/","title":{"rendered":"Release"},"content":{"rendered":"<p>Aqui est\u00e1 o press-release do livro <strong>O Reino de Deus e a Transforma\u00e7\u00e3o Social<\/strong>\u00a0para voc\u00ea divulgar no seu site, blog, jornal ou outro meio de comunica\u00e7\u00e3o do seu acesso. Ajude-nos a espalhar este conte\u00fado!<\/p>\n<p>\u2013 Arquivo em\u00a0<a href=\"http:\/\/ultimato.com.br\/sites\/o-reino-de-deus-e-a-transformacao-social\/files\/Release_Reino_Transforma\u00e7\u00e3o.pdf\" target=\"_blank\" rel=\"noopener\">PDF<\/a>.<\/p>\n","protected":false},"excerpt":{"rendered":"<p>Aqui est\u00e1 o press-release do livro O Reino de Deus e a Transforma\u00e7\u00e3o Social\u00a0para voc\u00ea divulgar no seu site, blog, jornal ou outro meio de comunica\u00e7\u00e3o do seu acesso. Ajude-nos a espalhar este conte\u00fado! \u2013 Arquivo em\u00a0PDF.<\/p>\n","protected":false},"author":21,"featured_media":0,"parent":18,"menu_order":2,"comment_status":"closed","ping_status":"closed","template":"","meta":{"footnotes":""},"class_list":["post-26","page","type-page","status-publish","hentry"],"_links":{"self":[{"href":"https:\/\/ultimato.com.br\/sites\/o-reino-de-deus-e-a-transformacao-social\/wp-json\/wp\/v2\/pages\/26","targetHints":{"allow":["GET"]}}],"collection":[{"href":"https:\/\/ultimato.com.br\/sites\/o-reino-de-deus-e-a-transformacao-social\/wp-json\/wp\/v2\/pages"}],"about":[{"href":"https:\/\/ultimato.com.br\/sites\/o-reino-de-deus-e-a-transformacao-social\/wp-json\/wp\/v2\/types\/page"}],"author":[{"embeddable":true,"href":"https:\/\/ultimato.com.br\/sites\/o-reino-de-deus-e-a-transformacao-social\/wp-json\/wp\/v2\/users\/21"}],"replies":[{"embeddable":true,"href":"https:\/\/ultimato.com.br\/sites\/o-reino-de-deus-e-a-transformacao-social\/wp-json\/wp\/v2\/comments?post=26"}],"version-history":[{"count":3,"href":"https:\/\/ultimato.com.br\/sites\/o-reino-de-deus-e-a-transformacao-social\/wp-json\/wp\/v2\/pages\/26\/revisions"}],"predecessor-version":[{"id":48,"href":"https:\/\/ultimato.com.br\/sites\/o-reino-de-deus-e-a-transformacao-social\/wp-json\/wp\/v2\/pages\/26\/revisions\/48"}],"up":[{"embeddable":true,"href":"https:\/\/ultimato.com.br\/sites\/o-reino-de-deus-e-a-transformacao-social\/wp-json\/wp\/v2\/pages\/18"}],"wp:attachment":[{"href":"https:\/\/ultimato.com.br\/sites\/o-reino-de-deus-e-a-transformacao-social\/wp-json\/wp\/v2\/media?parent=26"}],"curies":[{"name":"wp","href":"https:\/\/api.w.org\/{rel}","templated":true}]}}