{"id":16,"date":"2018-04-05T09:09:59","date_gmt":"2018-04-05T12:09:59","guid":{"rendered":"http:\/\/ultimato.com.br\/sites\/o-reino-de-deus-e-a-transformacao-social\/?page_id=16"},"modified":"2018-05-29T20:05:23","modified_gmt":"2018-05-29T23:05:23","slug":"o-autor","status":"publish","type":"page","link":"https:\/\/ultimato.com.br\/sites\/o-reino-de-deus-e-a-transformacao-social\/o-autor\/","title":{"rendered":"O Autor"},"content":{"rendered":"<p><img loading=\"lazy\" decoding=\"async\" class=\"wp-image-5 alignleft\" src=\"http:\/\/ultimato.com.br\/sites\/o-reino-de-deus-e-a-transformacao-social\/files\/ultimato_mauricio_cunha.jpg\" alt=\"\" width=\"158\" height=\"211\" srcset=\"https:\/\/ultimato.com.br\/sites\/o-reino-de-deus-e-a-transformacao-social\/files\/ultimato_mauricio_cunha.jpg 300w, https:\/\/ultimato.com.br\/sites\/o-reino-de-deus-e-a-transformacao-social\/files\/ultimato_mauricio_cunha-225x300.jpg 225w\" sizes=\"auto, (max-width: 158px) 100vw, 158px\" \/><\/p>\n<p>&nbsp;<\/p>\n<p><strong>Mauricio Cunha<\/strong> \u00e9 engenheiro agr\u00f4nomo, administrador de empresas, mestre em antropologia social e coach de empreendedores sociais. Atuou como mission\u00e1rio em diversos pa\u00edses e \u00e9 autor dos livros\u00a0<strong><a href=\"http:\/\/www.ultimato.com.br\/loja\/produtos\/o-reino-de-deus-e-a-transformacao-social\" target=\"_blank\" rel=\"noopener\">O Reino de Deus e a Transforma\u00e7\u00e3o Social<\/a><\/strong>,\u00a0<strong><a href=\"http:\/\/www.ultimato.com.br\/loja\/produtos\/o-reino-entre-nos\" target=\"_blank\" rel=\"noopener\">O Reino entre N\u00f3s \u2013 Transforma\u00e7\u00e3o de comunidades pelo evangelho integral<\/a><\/strong>\u00a0e\u00a0<strong><a href=\"http:\/\/www.ultimato.com.br\/loja\/produtos\/cosmovisao-crista-e-transformacao\" target=\"_blank\" rel=\"noopener\">Cosmovis\u00e3o Crist\u00e3 e Transforma\u00e7\u00e3o,<\/a><\/strong>\u00a0ambos pela Editora Ultimato. \u00c9 fundador e presidente do CADI \u2013 Centro de Assist\u00eancia e Desenvolvimento Integral, coaliz\u00e3o de onze organiza\u00e7\u00f5es que atuam em oito estados brasileiros. \u00c9 assessor da Alian\u00e7a Evang\u00e9lica Brasileira para o tema \u201cIgreja e Pol\u00edticas P\u00fablicas\u201d e conselheiro nacional de assist\u00eancia social.<\/p>\n","protected":false},"excerpt":{"rendered":"<p>&nbsp; Mauricio Cunha \u00e9 engenheiro agr\u00f4nomo, administrador de empresas, mestre em antropologia social e coach de empreendedores sociais. Atuou como mission\u00e1rio em diversos pa\u00edses e \u00e9 autor dos livros\u00a0O Reino de Deus e a Transforma\u00e7\u00e3o Social,\u00a0O Reino entre N\u00f3s \u2013 Transforma\u00e7\u00e3o de comunidades pelo evangelho integral\u00a0e\u00a0Cosmovis\u00e3o Crist\u00e3 e Transforma\u00e7\u00e3o,\u00a0ambos pela Editora Ultimato. \u00c9 fundador e [&hellip;]<\/p>\n","protected":false},"author":21,"featured_media":0,"parent":0,"menu_order":2,"comment_status":"closed","ping_status":"closed","template":"","meta":{"footnotes":""},"class_list":["post-16","page","type-page","status-publish","hentry"],"_links":{"self":[{"href":"https:\/\/ultimato.com.br\/sites\/o-reino-de-deus-e-a-transformacao-social\/wp-json\/wp\/v2\/pages\/16","targetHints":{"allow":["GET"]}}],"collection":[{"href":"https:\/\/ultimato.com.br\/sites\/o-reino-de-deus-e-a-transformacao-social\/wp-json\/wp\/v2\/pages"}],"about":[{"href":"https:\/\/ultimato.com.br\/sites\/o-reino-de-deus-e-a-transformacao-social\/wp-json\/wp\/v2\/types\/page"}],"author":[{"embeddable":true,"href":"https:\/\/ultimato.com.br\/sites\/o-reino-de-deus-e-a-transformacao-social\/wp-json\/wp\/v2\/users\/21"}],"replies":[{"embeddable":true,"href":"https:\/\/ultimato.com.br\/sites\/o-reino-de-deus-e-a-transformacao-social\/wp-json\/wp\/v2\/comments?post=16"}],"version-history":[{"count":6,"href":"https:\/\/ultimato.com.br\/sites\/o-reino-de-deus-e-a-transformacao-social\/wp-json\/wp\/v2\/pages\/16\/revisions"}],"predecessor-version":[{"id":43,"href":"https:\/\/ultimato.com.br\/sites\/o-reino-de-deus-e-a-transformacao-social\/wp-json\/wp\/v2\/pages\/16\/revisions\/43"}],"wp:attachment":[{"href":"https:\/\/ultimato.com.br\/sites\/o-reino-de-deus-e-a-transformacao-social\/wp-json\/wp\/v2\/media?parent=16"}],"curies":[{"name":"wp","href":"https:\/\/api.w.org\/{rel}","templated":true}]}}