{"id":6,"date":"2016-06-23T10:02:53","date_gmt":"2016-06-23T13:02:53","guid":{"rendered":"http:\/\/ultimato.com.br\/sites\/o-que-voce-quer\/?page_id=6"},"modified":"2016-06-23T10:06:14","modified_gmt":"2016-06-23T13:06:14","slug":"a-autora","status":"publish","type":"page","link":"https:\/\/ultimato.com.br\/sites\/o-que-voce-quer\/a-autora\/","title":{"rendered":"A autora"},"content":{"rendered":"<p><strong><img loading=\"lazy\" decoding=\"async\" class=\"alignleft size-thumbnail wp-image-31\" src=\"http:\/\/ultimato.com.br\/sites\/o-que-voce-quer\/files\/2016\/06\/autora_oqvq-150x150.jpg\" alt=\"autora_oqvq\" width=\"150\" height=\"150\" srcset=\"https:\/\/ultimato.com.br\/sites\/o-que-voce-quer\/files\/2016\/06\/autora_oqvq-150x150.jpg 150w, https:\/\/ultimato.com.br\/sites\/o-que-voce-quer\/files\/2016\/06\/autora_oqvq-300x300.jpg 300w, https:\/\/ultimato.com.br\/sites\/o-que-voce-quer\/files\/2016\/06\/autora_oqvq.jpg 307w\" sizes=\"auto, (max-width: 150px) 100vw, 150px\" \/>Jen Pollock Michel<\/strong> \u00e9 escritora e colunista do Her.meneutics.com (<em>Christiantity Today<\/em>). Graduada em franc\u00eas e mestre em literatura pela Universidade Northwestern, Estados Unidos, \u00e9 casada e m\u00e3e de cinco filhos e vive no Canad\u00e1.<\/p>\n","protected":false},"excerpt":{"rendered":"<p>Jen Pollock Michel \u00e9 escritora e colunista do Her.meneutics.com (Christiantity Today). Graduada em franc\u00eas e mestre em literatura pela Universidade Northwestern, Estados Unidos, \u00e9 casada e m\u00e3e de cinco filhos e vive no Canad\u00e1.<\/p>\n","protected":false},"author":24,"featured_media":0,"parent":0,"menu_order":2,"comment_status":"closed","ping_status":"closed","template":"","meta":{"ngg_post_thumbnail":0,"footnotes":""},"class_list":["post-6","page","type-page","status-publish","hentry"],"_links":{"self":[{"href":"https:\/\/ultimato.com.br\/sites\/o-que-voce-quer\/wp-json\/wp\/v2\/pages\/6","targetHints":{"allow":["GET"]}}],"collection":[{"href":"https:\/\/ultimato.com.br\/sites\/o-que-voce-quer\/wp-json\/wp\/v2\/pages"}],"about":[{"href":"https:\/\/ultimato.com.br\/sites\/o-que-voce-quer\/wp-json\/wp\/v2\/types\/page"}],"author":[{"embeddable":true,"href":"https:\/\/ultimato.com.br\/sites\/o-que-voce-quer\/wp-json\/wp\/v2\/users\/24"}],"replies":[{"embeddable":true,"href":"https:\/\/ultimato.com.br\/sites\/o-que-voce-quer\/wp-json\/wp\/v2\/comments?post=6"}],"version-history":[{"count":3,"href":"https:\/\/ultimato.com.br\/sites\/o-que-voce-quer\/wp-json\/wp\/v2\/pages\/6\/revisions"}],"predecessor-version":[{"id":33,"href":"https:\/\/ultimato.com.br\/sites\/o-que-voce-quer\/wp-json\/wp\/v2\/pages\/6\/revisions\/33"}],"wp:attachment":[{"href":"https:\/\/ultimato.com.br\/sites\/o-que-voce-quer\/wp-json\/wp\/v2\/media?parent=6"}],"curies":[{"name":"wp","href":"https:\/\/api.w.org\/{rel}","templated":true}]}}