{"id":5,"date":"2016-06-23T10:02:44","date_gmt":"2016-06-23T13:02:44","guid":{"rendered":"http:\/\/ultimato.com.br\/sites\/o-que-voce-quer\/?page_id=5"},"modified":"2016-06-23T10:05:45","modified_gmt":"2016-06-23T13:05:45","slug":"o-que-disseram","status":"publish","type":"page","link":"https:\/\/ultimato.com.br\/sites\/o-que-voce-quer\/o-que-disseram\/","title":{"rendered":"O que disseram"},"content":{"rendered":"<blockquote><p><strong>O Que Voc\u00ea Quer? <\/strong>desafia as tradi\u00e7\u00f5es crist\u00e3s sobre como lidar com o desejo. Para Jen Pollock Michel, em vez de ser nossos inimigos, nossos desejos podem ser uma das mais poderosas ferramentas de Deus para nos moldar.<\/p><\/blockquote>\n<p>\u2013 Laura Turner, <em>Christianity Today<\/em><\/p>\n<p>&nbsp;<\/p>\n<blockquote><p><strong>O Que Voc\u00ea Quer?<\/strong> \u00e9 um lindo \u201cmemorando\u201d espiritual. Um livro Inteligente, puro e inspirador, que nos convida a entender a nossa pr\u00f3pria hist\u00f3ria de perdas e de amar de forma errada, mostrando nossos medos e insatisfa\u00e7\u00f5es.<\/p><\/blockquote>\n<p>\u2013 Jennifer Grant, autora de <em>Wholehearted Living<\/em><\/p>\n<p>&nbsp;<\/p>\n<blockquote><p>Quem n\u00e3o luta contra as tens\u00f5es entre o que queremos e o que pensamos que Deus quer pra n\u00f3s? Jen Pollock Michel nos ajuda a caminhar por trilhas cheias de espinhos e escurid\u00e3o. Eu esperei este livro por muito tempo.<\/p><\/blockquote>\n<p>\u2013 Leslie Leyland Fields, autora de <em>Forgiving our Fathers and Mothers<\/em><\/p>\n<p>&nbsp;<\/p>\n<blockquote><p><strong>O Que Voc\u00ea Quer?<\/strong> n\u00e3o \u00e9 um guia crist\u00e3o sobre o sucesso nem uma condena\u00e7\u00e3o b\u00edblica do desejo. \u00c9 um livro que redefine os nossos desejos no contexto das boas novas de Jesus Cristo.<\/p><\/blockquote>\n<p>\u2013 Kathy Khang, co-autora de <em>More Than Serving Tea<\/em><\/p>\n<p>&nbsp;<\/p>\n<blockquote><p>Como mulheres, muitas vezes nos sentimos \u00e0 vontade para esconder nossos anseios, principalmente na igreja. Por meio da sua pr\u00f3pria hist\u00f3ria recheada de perdas, medo e da bondade de Deus, Jen Michel nos desperta para recuperar e remodelar nossos desejos \u00e0 luz do reino de Deus.<\/p><\/blockquote>\n<p>\u2013 Rebekah Lyons, autora de <em>Freefall to Fly<\/em><\/p>\n<p>&nbsp;<\/p>\n<blockquote><p>Como reagir \u00e0s emo\u00e7\u00f5es provocadas pelo desejo e pela espera? <strong>O Que Voc\u00ea Quer? <\/strong>apresenta uma abordagem b\u00edblica sobre o lugar dos nossos desejos na caminhada crist\u00e3.<\/p><\/blockquote>\n<p><em>\u2013 <\/em>Courtney Reissig<em>, Christianity Today<\/em><\/p>\n","protected":false},"excerpt":{"rendered":"<p>O Que Voc\u00ea Quer? desafia as tradi\u00e7\u00f5es crist\u00e3s sobre como lidar com o desejo. Para Jen Pollock Michel, em vez de ser nossos inimigos, nossos desejos podem ser uma das mais poderosas ferramentas de Deus para nos moldar. \u2013 Laura Turner, Christianity Today &nbsp; O Que Voc\u00ea Quer? \u00e9 um lindo \u201cmemorando\u201d espiritual. Um livro [&hellip;]<\/p>\n","protected":false},"author":24,"featured_media":0,"parent":0,"menu_order":1,"comment_status":"closed","ping_status":"closed","template":"","meta":{"ngg_post_thumbnail":0,"footnotes":""},"class_list":["post-5","page","type-page","status-publish","hentry"],"_links":{"self":[{"href":"https:\/\/ultimato.com.br\/sites\/o-que-voce-quer\/wp-json\/wp\/v2\/pages\/5","targetHints":{"allow":["GET"]}}],"collection":[{"href":"https:\/\/ultimato.com.br\/sites\/o-que-voce-quer\/wp-json\/wp\/v2\/pages"}],"about":[{"href":"https:\/\/ultimato.com.br\/sites\/o-que-voce-quer\/wp-json\/wp\/v2\/types\/page"}],"author":[{"embeddable":true,"href":"https:\/\/ultimato.com.br\/sites\/o-que-voce-quer\/wp-json\/wp\/v2\/users\/24"}],"replies":[{"embeddable":true,"href":"https:\/\/ultimato.com.br\/sites\/o-que-voce-quer\/wp-json\/wp\/v2\/comments?post=5"}],"version-history":[{"count":3,"href":"https:\/\/ultimato.com.br\/sites\/o-que-voce-quer\/wp-json\/wp\/v2\/pages\/5\/revisions"}],"predecessor-version":[{"id":30,"href":"https:\/\/ultimato.com.br\/sites\/o-que-voce-quer\/wp-json\/wp\/v2\/pages\/5\/revisions\/30"}],"wp:attachment":[{"href":"https:\/\/ultimato.com.br\/sites\/o-que-voce-quer\/wp-json\/wp\/v2\/media?parent=5"}],"curies":[{"name":"wp","href":"https:\/\/api.w.org\/{rel}","templated":true}]}}