{"id":11,"date":"2014-05-14T15:04:37","date_gmt":"2014-05-14T15:04:37","guid":{"rendered":"http:\/\/ultimato.com.br\/sites\/missao-invertida\/?page_id=11"},"modified":"2014-10-20T22:34:18","modified_gmt":"2014-10-20T22:34:18","slug":"o-livro","status":"publish","type":"page","link":"https:\/\/ultimato.com.br\/sites\/missao-invertida\/","title":{"rendered":"O livro"},"content":{"rendered":"<p><iframe loading=\"lazy\" src=\"\/\/www.youtube.com\/embed\/Xa5sEtPK5xk\" height=\"480\" width=\"640\" allowfullscreen=\"\" frameborder=\"0\"><\/iframe><\/p>\n<p>Os n\u00fameros e o contexto do cristianismo mundial mudaram. O \u201cide\u201d n\u00e3o \u00e9 a \u00fanica linguagem de mobiliza\u00e7\u00e3o e motiva\u00e7\u00e3o para miss\u00e3o. Na verdade, \u00e9 cada vez mais fora da realidade atual.<\/p>\n<p>O foco n\u00e3o \u00e9 mais na pessoa que vai ou nos obreiros internacionais, mas, especialmente, no fortalecimento das igrejas locais.<\/p>\n<p>Ent\u00e3o, quem vai responder aos desafios atuais e como motivar pessoas para isso? Qual o papel das ag\u00eancias mission\u00e1rias? Como lidar com valores \u00e9tnicos, de g\u00eanero e com as parcerias com a igreja local? S\u00e3o estas algumas das quest\u00f5es que tornam <b>A Miss\u00e3o Invertida <\/b>um livro raro e urgente para a igreja brasileira.<\/p>\n<p>Enfim, as estruturas das organiza\u00e7\u00f5es mission\u00e1rias, as estrat\u00e9gias, prioridades e, especialmente, a participa\u00e7\u00e3o global em miss\u00f5es est\u00e3o de ponta-cabe\u00e7a. <b>A Miss\u00e3o Invertida <\/b>mostra b\u00edblica e teologicamente as implica\u00e7\u00f5es dessas mudan\u00e7as.<\/p>\n","protected":false},"excerpt":{"rendered":"<p>Os n\u00fameros e o contexto do cristianismo mundial mudaram. O \u201cide\u201d n\u00e3o \u00e9 a \u00fanica linguagem de mobiliza\u00e7\u00e3o e motiva\u00e7\u00e3o para miss\u00e3o. Na verdade, \u00e9 cada vez mais fora da realidade atual. O foco n\u00e3o \u00e9 mais na pessoa que vai ou nos obreiros internacionais, mas, especialmente, no fortalecimento das igrejas locais. Ent\u00e3o, quem vai [&hellip;]<\/p>\n","protected":false},"author":24,"featured_media":0,"parent":0,"menu_order":0,"comment_status":"closed","ping_status":"open","template":"","meta":{"footnotes":""},"class_list":["post-11","page","type-page","status-publish","hentry"],"_links":{"self":[{"href":"https:\/\/ultimato.com.br\/sites\/missao-invertida\/wp-json\/wp\/v2\/pages\/11","targetHints":{"allow":["GET"]}}],"collection":[{"href":"https:\/\/ultimato.com.br\/sites\/missao-invertida\/wp-json\/wp\/v2\/pages"}],"about":[{"href":"https:\/\/ultimato.com.br\/sites\/missao-invertida\/wp-json\/wp\/v2\/types\/page"}],"author":[{"embeddable":true,"href":"https:\/\/ultimato.com.br\/sites\/missao-invertida\/wp-json\/wp\/v2\/users\/24"}],"replies":[{"embeddable":true,"href":"https:\/\/ultimato.com.br\/sites\/missao-invertida\/wp-json\/wp\/v2\/comments?post=11"}],"version-history":[{"count":2,"href":"https:\/\/ultimato.com.br\/sites\/missao-invertida\/wp-json\/wp\/v2\/pages\/11\/revisions"}],"predecessor-version":[{"id":57,"href":"https:\/\/ultimato.com.br\/sites\/missao-invertida\/wp-json\/wp\/v2\/pages\/11\/revisions\/57"}],"wp:attachment":[{"href":"https:\/\/ultimato.com.br\/sites\/missao-invertida\/wp-json\/wp\/v2\/media?parent=11"}],"curies":[{"name":"wp","href":"https:\/\/api.w.org\/{rel}","templated":true}]}}