{"id":12,"date":"2014-07-30T16:00:06","date_gmt":"2014-07-30T16:00:06","guid":{"rendered":"http:\/\/ultimato.com.br\/sites\/missao-integral\/?page_id=12"},"modified":"2014-07-30T19:46:59","modified_gmt":"2014-07-30T19:46:59","slug":"o-que-disseram","status":"publish","type":"page","link":"https:\/\/ultimato.com.br\/sites\/missao-integral\/o-que-disseram\/","title":{"rendered":"O que disseram"},"content":{"rendered":"<blockquote><p><em>Miss\u00e3o Integral<\/em> \u00e9 um cl\u00e1ssico da missiologia contempor\u00e2nea. Excelente como livro texto e como guia para os que querem avaliar a sua pr\u00e1tica mission\u00e1ria \u00e0 luz da Palavra de Deus.<\/p><\/blockquote>\n<p>\u2013 Samuel Escobar<\/p>\n<blockquote><p>Eu me lembro bem de ter sido desafiado e encorajado por este livro quando ganhei meu primeiro exemplar em 1985. \u00c9 com alegria que vejo agora esta edi\u00e7\u00e3o ampliada.<\/p><\/blockquote>\n<p>\u2013 Christopher Wright<\/p>\n<blockquote><p>A miss\u00e3o integral da igreja quer expressar duas coisas b\u00e1sicas. A primeira \u00e9 o compromisso com todo o Conselho de Deus. Na miss\u00e3o n\u00e3o se deveria fazer da B\u00edblia um picadinho, como quando se trabalha com ela com um crit\u00e9rio de sele\u00e7\u00e3o limitante. A B\u00edblia precisa ser considerada na sua totalidade. A segunda \u00e9 que a miss\u00e3o da igreja leva em conta a pessoa na sua totalidade, bem como o contexto no qual ela vive. A miss\u00e3o veste a roupa da encarna\u00e7\u00e3o.<br \/>\nRen\u00e9 Padilla pode ser considerado um dos pais, na Am\u00e9rica Latina contempor\u00e2nea, da busca por uma miss\u00e3o da igreja que seja, ao mesmo tempo, b\u00edblica e contextual. Tornou-se, tamb\u00e9m, um arauto desta mensagem pelo mundo crist\u00e3o afora.<\/p><\/blockquote>\n<p>\u2013 Valdir Steuernagel<\/p>\n","protected":false},"excerpt":{"rendered":"<p>Miss\u00e3o Integral \u00e9 um cl\u00e1ssico da missiologia contempor\u00e2nea. Excelente como livro texto e como guia para os que querem avaliar a sua pr\u00e1tica mission\u00e1ria \u00e0 luz da Palavra de Deus. \u2013 Samuel Escobar Eu me lembro bem de ter sido desafiado e encorajado por este livro quando ganhei meu primeiro exemplar em 1985. \u00c9 com [&hellip;]<\/p>\n","protected":false},"author":24,"featured_media":0,"parent":0,"menu_order":1,"comment_status":"closed","ping_status":"open","template":"","meta":{"footnotes":""},"class_list":["post-12","page","type-page","status-publish","hentry"],"_links":{"self":[{"href":"https:\/\/ultimato.com.br\/sites\/missao-integral\/wp-json\/wp\/v2\/pages\/12","targetHints":{"allow":["GET"]}}],"collection":[{"href":"https:\/\/ultimato.com.br\/sites\/missao-integral\/wp-json\/wp\/v2\/pages"}],"about":[{"href":"https:\/\/ultimato.com.br\/sites\/missao-integral\/wp-json\/wp\/v2\/types\/page"}],"author":[{"embeddable":true,"href":"https:\/\/ultimato.com.br\/sites\/missao-integral\/wp-json\/wp\/v2\/users\/24"}],"replies":[{"embeddable":true,"href":"https:\/\/ultimato.com.br\/sites\/missao-integral\/wp-json\/wp\/v2\/comments?post=12"}],"version-history":[{"count":5,"href":"https:\/\/ultimato.com.br\/sites\/missao-integral\/wp-json\/wp\/v2\/pages\/12\/revisions"}],"predecessor-version":[{"id":36,"href":"https:\/\/ultimato.com.br\/sites\/missao-integral\/wp-json\/wp\/v2\/pages\/12\/revisions\/36"}],"wp:attachment":[{"href":"https:\/\/ultimato.com.br\/sites\/missao-integral\/wp-json\/wp\/v2\/media?parent=12"}],"curies":[{"name":"wp","href":"https:\/\/api.w.org\/{rel}","templated":true}]}}