{"id":15,"date":"2012-02-15T08:06:21","date_gmt":"2012-02-15T11:06:21","guid":{"rendered":"http:\/\/ultimato.com.br\/sites\/minha-familia-pode-ser-feliz\/?page_id=15"},"modified":"2012-03-01T09:40:06","modified_gmt":"2012-03-01T12:40:06","slug":"forum","status":"publish","type":"page","link":"https:\/\/ultimato.com.br\/sites\/minha-familia-pode-ser-feliz\/forum\/","title":{"rendered":"Forum"},"content":{"rendered":"<p><strong>Voc\u00ea acha que \u00e9 poss\u00edvel ter uma fam\u00edlia feliz? Tem d\u00favidas?\u00a0<\/strong><strong>Escreva para o autor<\/strong>\u00a0e a resposta \u00e0 sua pergunta pode ser tamb\u00e9m a resposta \u00e0 pergunta de muitos leitores.<\/p>\n<p>Fique \u00e0 vontade para participar anonimamente.\u00a0Use o espa\u00e7o do coment\u00e1rio.<\/p>\n","protected":false},"excerpt":{"rendered":"<p>Voc\u00ea acha que \u00e9 poss\u00edvel ter uma fam\u00edlia feliz? Tem d\u00favidas?\u00a0Escreva para o autor\u00a0e a resposta \u00e0 sua pergunta pode ser tamb\u00e9m a resposta \u00e0 pergunta de muitos leitores. Fique \u00e0 vontade para participar anonimamente.\u00a0Use o espa\u00e7o do coment\u00e1rio.<\/p>\n","protected":false},"author":24,"featured_media":0,"parent":0,"menu_order":5,"comment_status":"open","ping_status":"closed","template":"","meta":{"footnotes":""},"class_list":["post-15","page","type-page","status-publish","hentry"],"_links":{"self":[{"href":"https:\/\/ultimato.com.br\/sites\/minha-familia-pode-ser-feliz\/wp-json\/wp\/v2\/pages\/15","targetHints":{"allow":["GET"]}}],"collection":[{"href":"https:\/\/ultimato.com.br\/sites\/minha-familia-pode-ser-feliz\/wp-json\/wp\/v2\/pages"}],"about":[{"href":"https:\/\/ultimato.com.br\/sites\/minha-familia-pode-ser-feliz\/wp-json\/wp\/v2\/types\/page"}],"author":[{"embeddable":true,"href":"https:\/\/ultimato.com.br\/sites\/minha-familia-pode-ser-feliz\/wp-json\/wp\/v2\/users\/24"}],"replies":[{"embeddable":true,"href":"https:\/\/ultimato.com.br\/sites\/minha-familia-pode-ser-feliz\/wp-json\/wp\/v2\/comments?post=15"}],"version-history":[{"count":9,"href":"https:\/\/ultimato.com.br\/sites\/minha-familia-pode-ser-feliz\/wp-json\/wp\/v2\/pages\/15\/revisions"}],"predecessor-version":[{"id":119,"href":"https:\/\/ultimato.com.br\/sites\/minha-familia-pode-ser-feliz\/wp-json\/wp\/v2\/pages\/15\/revisions\/119"}],"wp:attachment":[{"href":"https:\/\/ultimato.com.br\/sites\/minha-familia-pode-ser-feliz\/wp-json\/wp\/v2\/media?parent=15"}],"curies":[{"name":"wp","href":"https:\/\/api.w.org\/{rel}","templated":true}]}}