{"id":7,"date":"2013-06-20T17:42:29","date_gmt":"2013-06-20T17:42:29","guid":{"rendered":"http:\/\/ultimato.com.br\/sites\/macho-femea-os-criou\/?page_id=7"},"modified":"2013-06-20T17:51:57","modified_gmt":"2013-06-20T17:51:57","slug":"o-autor","status":"publish","type":"page","link":"https:\/\/ultimato.com.br\/sites\/macho-femea-os-criou\/o-autor\/","title":{"rendered":"O autor"},"content":{"rendered":"<p><b><a href=\"http:\/\/ultimato.com.br\/sites\/macho-femea-os-criou\/files\/2013\/06\/foto_mef.jpg\"><img loading=\"lazy\" decoding=\"async\" class=\"alignright size-thumbnail wp-image-34\" alt=\"foto_mef\" src=\"http:\/\/ultimato.com.br\/sites\/macho-femea-os-criou\/files\/2013\/06\/foto_mef-150x150.jpg\" width=\"150\" height=\"150\" srcset=\"https:\/\/ultimato.com.br\/sites\/macho-femea-os-criou\/files\/2013\/06\/foto_mef-150x150.jpg 150w, https:\/\/ultimato.com.br\/sites\/macho-femea-os-criou\/files\/2013\/06\/foto_mef-300x300.jpg 300w, https:\/\/ultimato.com.br\/sites\/macho-femea-os-criou\/files\/2013\/06\/foto_mef.jpg 400w\" sizes=\"auto, (max-width: 150px) 100vw, 150px\" \/><\/a>Carlos \u201cCatito\u201d Grzybowski<\/b> \u00e9 psic\u00f3logo e terapeuta de casais e de fam\u00edlia. \u00c9 coordenador do minist\u00e9rio de EIRENE do Brasil e autor de <i>Como se Livrar de um Mau Casamento<\/i> e <i>Pais Santos, Filhos Nem Tanto<\/i>.<\/p>\n","protected":false},"excerpt":{"rendered":"<p>Carlos \u201cCatito\u201d Grzybowski \u00e9 psic\u00f3logo e terapeuta de casais e de fam\u00edlia. \u00c9 coordenador do minist\u00e9rio de EIRENE do Brasil e autor de Como se Livrar de um Mau Casamento e Pais Santos, Filhos Nem Tanto.<\/p>\n","protected":false},"author":24,"featured_media":0,"parent":0,"menu_order":2,"comment_status":"open","ping_status":"open","template":"","meta":{"footnotes":""},"class_list":["post-7","page","type-page","status-publish","hentry"],"_links":{"self":[{"href":"https:\/\/ultimato.com.br\/sites\/macho-femea-os-criou\/wp-json\/wp\/v2\/pages\/7","targetHints":{"allow":["GET"]}}],"collection":[{"href":"https:\/\/ultimato.com.br\/sites\/macho-femea-os-criou\/wp-json\/wp\/v2\/pages"}],"about":[{"href":"https:\/\/ultimato.com.br\/sites\/macho-femea-os-criou\/wp-json\/wp\/v2\/types\/page"}],"author":[{"embeddable":true,"href":"https:\/\/ultimato.com.br\/sites\/macho-femea-os-criou\/wp-json\/wp\/v2\/users\/24"}],"replies":[{"embeddable":true,"href":"https:\/\/ultimato.com.br\/sites\/macho-femea-os-criou\/wp-json\/wp\/v2\/comments?post=7"}],"version-history":[{"count":4,"href":"https:\/\/ultimato.com.br\/sites\/macho-femea-os-criou\/wp-json\/wp\/v2\/pages\/7\/revisions"}],"predecessor-version":[{"id":33,"href":"https:\/\/ultimato.com.br\/sites\/macho-femea-os-criou\/wp-json\/wp\/v2\/pages\/7\/revisions\/33"}],"wp:attachment":[{"href":"https:\/\/ultimato.com.br\/sites\/macho-femea-os-criou\/wp-json\/wp\/v2\/media?parent=7"}],"curies":[{"name":"wp","href":"https:\/\/api.w.org\/{rel}","templated":true}]}}