{"id":60,"date":"2011-07-18T09:04:45","date_gmt":"2011-07-18T12:04:45","guid":{"rendered":"http:\/\/ultimato.com.br\/sites\/livres-tirania\/?page_id=60"},"modified":"2011-07-21T10:17:23","modified_gmt":"2011-07-21T13:17:23","slug":"desafio","status":"publish","type":"page","link":"https:\/\/ultimato.com.br\/sites\/livres-tirania\/desafio\/","title":{"rendered":"Desafio"},"content":{"rendered":"<p><strong>Voc\u00ea tem coragem de enfrentar o tempo?<\/strong><\/p>\n<p><strong><\/strong>Lan\u00e7amos um desafio: enfrentar, de verdade, seus problemas relacionados ao tempo. Voc\u00ea tem 6 dias para levar a s\u00e9rio sua forma de lidar com tempo. Aceita o desafio? Ap\u00f3s 6 dias, compartilhe conosco como foi. Abaixo sugerimos algumas ideias para voc\u00ea vencer o desafio.<\/p>\n<p style=\"padding-left: 30px;\">1. Dedique meia hora por dia para uma medita\u00e7\u00e3o b\u00edblica sobre tempo. Clique <a title=\"Meditando Sobre o Tempo\" href=\"http:\/\/www.ultimato.com.br\/boletim\/downloads\/ltu\/meditando_sobre_tempo.pdf\" target=\"_blank\">aqui<\/a> e baixe o roteiro.<\/p>\n<p style=\"padding-left: 30px;\">2. Contabilize seu tempo gasto por dia na TV e na internet (fora do hor\u00e1rio de trabalho). Crie ent\u00e3o metas saud\u00e1veis para us\u00e1-los.<\/p>\n<p style=\"padding-left: 30px;\">3. Revise suas prioridades. Observe durante os 6 dias o que, de fato, voc\u00ea tem colocado em primeiro lugar. Clique <a title=\"Tabela - Importante x Urgente\" href=\"http:\/\/www.ultimato.com.br\/boletim\/downloads\/ltu\/tabela1_importante_urgente.pdf\" target=\"_blank\">aqui<\/a> e baixe uma tabela que ir\u00e1 ajudar voc\u00ea a distinguir o que \u00e9 importante daquilo que \u00e9 urgente.<\/p>\n<p>N\u00e3o se esque\u00e7a de nos enviar seu testemunho\/relato ap\u00f3s os 6 dias.\u00a0Use o espa\u00e7o de coment\u00e1rios abaixo ou envie-nos um e-mail: ultimatoonline@ultimato.com.br.\u00a0Voc\u00ea pode ganhar o livro\u00a0<em><a title=\"A B\u00edblia Toda, o Ano Todo\" href=\"http:\/\/www.ultimato.com.br\/loja\/produtos\/a-biblia-toda-o-ano-todo\" target=\"_blank\">A B\u00edblia Toda, O Ano Todo<\/a><\/em>, de John Stott!<\/p>\n","protected":false},"excerpt":{"rendered":"<p>Voc\u00ea tem coragem de enfrentar o tempo? Lan\u00e7amos um desafio: enfrentar, de verdade, seus problemas relacionados ao tempo. Voc\u00ea tem 6 dias para levar a s\u00e9rio sua forma de lidar com tempo. Aceita o desafio? Ap\u00f3s 6 dias, compartilhe conosco como foi. Abaixo sugerimos algumas ideias para voc\u00ea vencer o desafio. 1. Dedique meia hora [&hellip;]<\/p>\n","protected":false},"author":8,"featured_media":0,"parent":0,"menu_order":5,"comment_status":"open","ping_status":"open","template":"","meta":{"footnotes":""},"class_list":["post-60","page","type-page","status-publish","hentry"],"_links":{"self":[{"href":"https:\/\/ultimato.com.br\/sites\/livres-tirania\/wp-json\/wp\/v2\/pages\/60","targetHints":{"allow":["GET"]}}],"collection":[{"href":"https:\/\/ultimato.com.br\/sites\/livres-tirania\/wp-json\/wp\/v2\/pages"}],"about":[{"href":"https:\/\/ultimato.com.br\/sites\/livres-tirania\/wp-json\/wp\/v2\/types\/page"}],"author":[{"embeddable":true,"href":"https:\/\/ultimato.com.br\/sites\/livres-tirania\/wp-json\/wp\/v2\/users\/8"}],"replies":[{"embeddable":true,"href":"https:\/\/ultimato.com.br\/sites\/livres-tirania\/wp-json\/wp\/v2\/comments?post=60"}],"version-history":[{"count":5,"href":"https:\/\/ultimato.com.br\/sites\/livres-tirania\/wp-json\/wp\/v2\/pages\/60\/revisions"}],"predecessor-version":[{"id":62,"href":"https:\/\/ultimato.com.br\/sites\/livres-tirania\/wp-json\/wp\/v2\/pages\/60\/revisions\/62"}],"wp:attachment":[{"href":"https:\/\/ultimato.com.br\/sites\/livres-tirania\/wp-json\/wp\/v2\/media?parent=60"}],"curies":[{"name":"wp","href":"https:\/\/api.w.org\/{rel}","templated":true}]}}