{"id":8,"date":"2018-04-25T08:46:18","date_gmt":"2018-04-25T11:46:18","guid":{"rendered":"http:\/\/ultimato.com.br\/sites\/lendo-sermao-monte\/?page_id=8"},"modified":"2018-04-25T10:01:36","modified_gmt":"2018-04-25T13:01:36","slug":"o-que-disseram","status":"publish","type":"page","link":"https:\/\/ultimato.com.br\/sites\/lendo-sermao-monte\/o-que-disseram\/","title":{"rendered":"O que disseram"},"content":{"rendered":"<blockquote><p><span style=\"color: #333333;\">N\u00e3o conhe\u00e7o ningu\u00e9m que tenha sido mais feliz em apresentar a vis\u00e3o b\u00edblica para tantas pessoas do que John Stott.<\/span><br \/>\n&nbsp;<br \/>\n<span style=\"color: #333333;\"><em>\u2013 Billy Graham<\/em><\/span><\/p><\/blockquote>\n<blockquote><p><span style=\"color: #333333;\">Nada teria sido mais importante para John Stott do que colocar as palavras do t\u00edtulo na ordem correta: estamos lendo a B\u00edblia com John Stott, n\u00e3o apenas suas palavras sobre a B\u00edblia. Ali\u00e1s, o seu maior presente foi ajudar as pessoas a verem e ouvirem claramente o que a pr\u00f3pria B\u00edblia diz e, assim, desafiar-nos a responder a ela. A s\u00e9rie&nbsp;<strong>\u201cLendo a B\u00edblia com John Stott\u201d&nbsp;<\/strong>apresenta aos novos leitores n\u00e3o apenas as riquezas de sua exposi\u00e7\u00e3o b\u00edblica, mas certamente tamb\u00e9m as riquezas da Palavra de Deus que eles ainda n\u00e3o conhecem.<\/span><br \/>\n&nbsp;<br \/>\n<span style=\"color: #333333;\"><em>\u2013 Christopher J. H. Wright<\/em><\/span><\/p><\/blockquote>\n<blockquote><p><span style=\"color: #333333;\">\u201cNingu\u00e9m que conhe\u00e7o amou, ensinou e viveu a B\u00edblia mais do que John Stott. Ele citava com frequ\u00eancia o coment\u00e1rio de Spurgeon de que devemos procurar que nosso pr\u00f3prio sangue se torne \u2018b\u00edblico\u2019; de que devemos mergulhar t\u00e3o seriamente na Escritura a fim de conhec\u00ea-la e viv\u00ea-la.<\/span><br \/>\n&nbsp;<br \/>\n<span style=\"color: #333333;\"><em>\u2013 Mark Labberton, Semin\u00e1rio Teol\u00f3gico Fuller<\/em><\/span><\/p><\/blockquote>\n","protected":false},"excerpt":{"rendered":"<p>N\u00e3o conhe\u00e7o ningu\u00e9m que tenha sido mais feliz em apresentar a vis\u00e3o b\u00edblica para tantas pessoas do que John Stott. &nbsp; \u2013 Billy Graham Nada teria sido mais importante para John Stott do que colocar as palavras do t\u00edtulo na ordem correta: estamos lendo a B\u00edblia com John Stott, n\u00e3o apenas suas palavras sobre a [&hellip;]<\/p>\n","protected":false},"author":24,"featured_media":0,"parent":0,"menu_order":3,"comment_status":"closed","ping_status":"closed","template":"","meta":{"ngg_post_thumbnail":0,"footnotes":""},"class_list":["post-8","page","type-page","status-publish","hentry"],"_links":{"self":[{"href":"https:\/\/ultimato.com.br\/sites\/lendo-sermao-monte\/wp-json\/wp\/v2\/pages\/8","targetHints":{"allow":["GET"]}}],"collection":[{"href":"https:\/\/ultimato.com.br\/sites\/lendo-sermao-monte\/wp-json\/wp\/v2\/pages"}],"about":[{"href":"https:\/\/ultimato.com.br\/sites\/lendo-sermao-monte\/wp-json\/wp\/v2\/types\/page"}],"author":[{"embeddable":true,"href":"https:\/\/ultimato.com.br\/sites\/lendo-sermao-monte\/wp-json\/wp\/v2\/users\/24"}],"replies":[{"embeddable":true,"href":"https:\/\/ultimato.com.br\/sites\/lendo-sermao-monte\/wp-json\/wp\/v2\/comments?post=8"}],"version-history":[{"count":4,"href":"https:\/\/ultimato.com.br\/sites\/lendo-sermao-monte\/wp-json\/wp\/v2\/pages\/8\/revisions"}],"predecessor-version":[{"id":63,"href":"https:\/\/ultimato.com.br\/sites\/lendo-sermao-monte\/wp-json\/wp\/v2\/pages\/8\/revisions\/63"}],"wp:attachment":[{"href":"https:\/\/ultimato.com.br\/sites\/lendo-sermao-monte\/wp-json\/wp\/v2\/media?parent=8"}],"curies":[{"name":"wp","href":"https:\/\/api.w.org\/{rel}","templated":true}]}}