{"id":21,"date":"2018-04-25T08:48:12","date_gmt":"2018-04-25T11:48:12","guid":{"rendered":"http:\/\/ultimato.com.br\/sites\/lendo-sermao-monte\/?page_id=21"},"modified":"2018-04-25T12:25:26","modified_gmt":"2018-04-25T15:25:26","slug":"release","status":"publish","type":"page","link":"https:\/\/ultimato.com.br\/sites\/lendo-sermao-monte\/extras\/release\/","title":{"rendered":"Release"},"content":{"rendered":"<p>Aqui est\u00e1 o press-release do livro <strong>Lendo o Serm\u00e3o do Monte com John Stott<\/strong>&nbsp;para voc\u00ea divulgar no seu site, blog, jornal ou outro meio de comunica\u00e7\u00e3o do seu acesso. Ajude-nos a espalhar este conte\u00fado!<\/p>\n<p>\u2013 Arquivo em&nbsp;<a href=\"http:\/\/ultimato.com.br\/sites\/lendo-sermao-monte\/files\/Release_Sermao_Stott.pdf\" target=\"_blank\" rel=\"noopener\">PDF<\/a>.<\/p>\n","protected":false},"excerpt":{"rendered":"<p>Aqui est\u00e1 o press-release do livro Lendo o Serm\u00e3o do Monte com John Stott&nbsp;para voc\u00ea divulgar no seu site, blog, jornal ou outro meio de comunica\u00e7\u00e3o do seu acesso. Ajude-nos a espalhar este conte\u00fado! \u2013 Arquivo em&nbsp;PDF.<\/p>\n","protected":false},"author":24,"featured_media":0,"parent":12,"menu_order":2,"comment_status":"closed","ping_status":"closed","template":"","meta":{"ngg_post_thumbnail":0,"footnotes":""},"class_list":["post-21","page","type-page","status-publish","hentry"],"_links":{"self":[{"href":"https:\/\/ultimato.com.br\/sites\/lendo-sermao-monte\/wp-json\/wp\/v2\/pages\/21","targetHints":{"allow":["GET"]}}],"collection":[{"href":"https:\/\/ultimato.com.br\/sites\/lendo-sermao-monte\/wp-json\/wp\/v2\/pages"}],"about":[{"href":"https:\/\/ultimato.com.br\/sites\/lendo-sermao-monte\/wp-json\/wp\/v2\/types\/page"}],"author":[{"embeddable":true,"href":"https:\/\/ultimato.com.br\/sites\/lendo-sermao-monte\/wp-json\/wp\/v2\/users\/24"}],"replies":[{"embeddable":true,"href":"https:\/\/ultimato.com.br\/sites\/lendo-sermao-monte\/wp-json\/wp\/v2\/comments?post=21"}],"version-history":[{"count":4,"href":"https:\/\/ultimato.com.br\/sites\/lendo-sermao-monte\/wp-json\/wp\/v2\/pages\/21\/revisions"}],"predecessor-version":[{"id":77,"href":"https:\/\/ultimato.com.br\/sites\/lendo-sermao-monte\/wp-json\/wp\/v2\/pages\/21\/revisions\/77"}],"up":[{"embeddable":true,"href":"https:\/\/ultimato.com.br\/sites\/lendo-sermao-monte\/wp-json\/wp\/v2\/pages\/12"}],"wp:attachment":[{"href":"https:\/\/ultimato.com.br\/sites\/lendo-sermao-monte\/wp-json\/wp\/v2\/media?parent=21"}],"curies":[{"name":"wp","href":"https:\/\/api.w.org\/{rel}","templated":true}]}}