{"id":7,"date":"2015-12-03T04:09:18","date_gmt":"2015-12-03T04:09:18","guid":{"rendered":"http:\/\/ultimato.com.br\/sites\/lendo-os-salmos\/?page_id=7"},"modified":"2015-12-03T04:11:52","modified_gmt":"2015-12-03T04:11:52","slug":"o-que-disseram","status":"publish","type":"page","link":"https:\/\/ultimato.com.br\/sites\/lendo-os-salmos\/o-que-disseram\/","title":{"rendered":"O que disseram"},"content":{"rendered":"<blockquote><p>\u201cC. S. Lewis revela neste livro a mesma percep\u00e7\u00e3o agu\u00e7ada e modo de falar talentoso que o transformaram em um dos ensa\u00edstas mais respeitados da l\u00edngua inglesa.\u201d<\/p><\/blockquote>\n<p><em>\u2013 Chicago Sunday Tribune<\/em><\/p>\n<p>&nbsp;<\/p>\n<blockquote><p>\u201cRepleto de observa\u00e7\u00f5es esclarecedoras.\u201d<\/p><\/blockquote>\n<p>\u2013 <em>New York Times<\/em><\/p>\n<p>&nbsp;<\/p>\n<blockquote><p>\u201cEsta n\u00e3o \u00e9 o que se poderia chamar uma obra \u201capolog\u00e9tica\u201d. Em nenhum momento tento convencer n\u00e3o crist\u00e3os de que o cristianismo \u00e9 verdadeiro. Estou me dirigindo a pessoas que j\u00e1 creem no cristianismo ou a todos os que est\u00e3o preparados para, durante a leitura, \u201cabdicar de sua incredulidade\u201d. Um homem n\u00e3o pode defender a verdade o tempo todo; \u00e9 preciso que tamb\u00e9m haja um tempo para que possa alimentar-se dela.\u201d<\/p><\/blockquote>\n<p><em>\u2013<\/em><em> C. S. Lewis<\/em><\/p>\n<p>&nbsp;<\/p>\n<blockquote><p>Lutero, no s\u00e9culo 16, dizia que os Salmos s\u00e3o \u201cuma Minib\u00edblia\u201d e Jo\u00e3o Calvino, escrevendo em 1557, afirma que os Salmos s\u00e3o \u201ca anatomia de todas as partes da alma\u201d. Para o reformador franc\u00eas, no livro dos Salmos, \u201co Esp\u00edrito extirpa da vida todas as tristezas, as dores, os temores, as d\u00favidas, as expectativas, as preocupa\u00e7\u00f5es, as perplexidades, enfim todas as emo\u00e7\u00f5es perturbadoras com que a mente humana se agita\u201d.<\/p><\/blockquote>\n<p><em>\u2013 Elben C\u00e9sar<\/em><\/p>\n","protected":false},"excerpt":{"rendered":"<p>\u201cC. S. Lewis revela neste livro a mesma percep\u00e7\u00e3o agu\u00e7ada e modo de falar talentoso que o transformaram em um dos ensa\u00edstas mais respeitados da l\u00edngua inglesa.\u201d \u2013 Chicago Sunday Tribune &nbsp; \u201cRepleto de observa\u00e7\u00f5es esclarecedoras.\u201d \u2013 New York Times &nbsp; \u201cEsta n\u00e3o \u00e9 o que se poderia chamar uma obra \u201capolog\u00e9tica\u201d. Em nenhum momento [&hellip;]<\/p>\n","protected":false},"author":24,"featured_media":0,"parent":0,"menu_order":2,"comment_status":"closed","ping_status":"closed","template":"","meta":{"footnotes":""},"class_list":["post-7","page","type-page","status-publish","hentry"],"_links":{"self":[{"href":"https:\/\/ultimato.com.br\/sites\/lendo-os-salmos\/wp-json\/wp\/v2\/pages\/7","targetHints":{"allow":["GET"]}}],"collection":[{"href":"https:\/\/ultimato.com.br\/sites\/lendo-os-salmos\/wp-json\/wp\/v2\/pages"}],"about":[{"href":"https:\/\/ultimato.com.br\/sites\/lendo-os-salmos\/wp-json\/wp\/v2\/types\/page"}],"author":[{"embeddable":true,"href":"https:\/\/ultimato.com.br\/sites\/lendo-os-salmos\/wp-json\/wp\/v2\/users\/24"}],"replies":[{"embeddable":true,"href":"https:\/\/ultimato.com.br\/sites\/lendo-os-salmos\/wp-json\/wp\/v2\/comments?post=7"}],"version-history":[{"count":2,"href":"https:\/\/ultimato.com.br\/sites\/lendo-os-salmos\/wp-json\/wp\/v2\/pages\/7\/revisions"}],"predecessor-version":[{"id":24,"href":"https:\/\/ultimato.com.br\/sites\/lendo-os-salmos\/wp-json\/wp\/v2\/pages\/7\/revisions\/24"}],"wp:attachment":[{"href":"https:\/\/ultimato.com.br\/sites\/lendo-os-salmos\/wp-json\/wp\/v2\/media?parent=7"}],"curies":[{"name":"wp","href":"https:\/\/api.w.org\/{rel}","templated":true}]}}