{"id":5,"date":"2015-12-03T04:09:05","date_gmt":"2015-12-03T04:09:05","guid":{"rendered":"http:\/\/ultimato.com.br\/sites\/lendo-os-salmos\/?page_id=5"},"modified":"2015-12-03T04:11:29","modified_gmt":"2015-12-03T04:11:29","slug":"o-livro","status":"publish","type":"page","link":"https:\/\/ultimato.com.br\/sites\/lendo-os-salmos\/","title":{"rendered":"O Livro"},"content":{"rendered":"<blockquote><p><strong>Lendo os Salmos<\/strong> n\u00e3o dir\u00e1 ao leitor tudo o que ele gostaria de saber sobre os Salmos, mas lhe dir\u00e1 muita coisa que ele n\u00e3o vai gostar de saber sobre si mesmo.<\/p><\/blockquote>\n<p><em>\u2013 Times Literary Supplement<\/em><\/p>\n<p>&nbsp;<\/p>\n<p>O livro dos Salmos \u00e9 o mais querido e mais lido pelos crist\u00e3os. Lutero, no s\u00e9culo 16, dizia que os Salmos s\u00e3o \u201cuma Minib\u00edblia\u201d e Jo\u00e3o Calvino, escrevendo em 1557, afirma que os Salmos s\u00e3o \u201ca anatomia de todas as partes da alma\u201d. Em <strong>Lendo os Salmos<\/strong>, somos guiados por C. S. Lewis e envolvidos pela sabedoria e mist\u00e9rio, pela poesia e significado dos textos b\u00edblicos aplicados \u00e0 vida di\u00e1ria.<\/p>\n","protected":false},"excerpt":{"rendered":"<p>Lendo os Salmos n\u00e3o dir\u00e1 ao leitor tudo o que ele gostaria de saber sobre os Salmos, mas lhe dir\u00e1 muita coisa que ele n\u00e3o vai gostar de saber sobre si mesmo. \u2013 Times Literary Supplement &nbsp; O livro dos Salmos \u00e9 o mais querido e mais lido pelos crist\u00e3os. Lutero, no s\u00e9culo 16, dizia [&hellip;]<\/p>\n","protected":false},"author":24,"featured_media":0,"parent":0,"menu_order":1,"comment_status":"closed","ping_status":"closed","template":"","meta":{"footnotes":""},"class_list":["post-5","page","type-page","status-publish","hentry"],"_links":{"self":[{"href":"https:\/\/ultimato.com.br\/sites\/lendo-os-salmos\/wp-json\/wp\/v2\/pages\/5","targetHints":{"allow":["GET"]}}],"collection":[{"href":"https:\/\/ultimato.com.br\/sites\/lendo-os-salmos\/wp-json\/wp\/v2\/pages"}],"about":[{"href":"https:\/\/ultimato.com.br\/sites\/lendo-os-salmos\/wp-json\/wp\/v2\/types\/page"}],"author":[{"embeddable":true,"href":"https:\/\/ultimato.com.br\/sites\/lendo-os-salmos\/wp-json\/wp\/v2\/users\/24"}],"replies":[{"embeddable":true,"href":"https:\/\/ultimato.com.br\/sites\/lendo-os-salmos\/wp-json\/wp\/v2\/comments?post=5"}],"version-history":[{"count":2,"href":"https:\/\/ultimato.com.br\/sites\/lendo-os-salmos\/wp-json\/wp\/v2\/pages\/5\/revisions"}],"predecessor-version":[{"id":23,"href":"https:\/\/ultimato.com.br\/sites\/lendo-os-salmos\/wp-json\/wp\/v2\/pages\/5\/revisions\/23"}],"wp:attachment":[{"href":"https:\/\/ultimato.com.br\/sites\/lendo-os-salmos\/wp-json\/wp\/v2\/media?parent=5"}],"curies":[{"name":"wp","href":"https:\/\/api.w.org\/{rel}","templated":true}]}}